{"id":3523,"date":"2020-07-13T15:09:27","date_gmt":"2020-07-13T15:09:27","guid":{"rendered":"http:\/\/apacame.org.br\/site\/?post_type=tribe_events&#038;p=3523"},"modified":"2020-07-13T15:16:04","modified_gmt":"2020-07-13T15:16:04","slug":"forum-internacional-de-abelhas-em-tempos-de-pandemia","status":"publish","type":"tribe_events","link":"https:\/\/apacame.org.br\/site\/event\/forum-internacional-de-abelhas-em-tempos-de-pandemia\/","title":{"rendered":"F\u00f3rum Internacional de Abelhas em Tempos de Pandemia"},"content":{"rendered":"<h1 style=\"text-align: center;\">I F\u00d3RUM INTERNACIONAL DE ABELHAS EM TEMPOS DE PANDEMIA<\/h1>\n<p><span style=\"font-size: large;\">Trata-se de uma Iniciativa da Comiss\u00e3o T\u00e9cnico-Cient\u00edfica da Confedera\u00e7\u00e3o Brasileira de Apicultura (CTC-CBA). F\u00f3rum de Abelhas em Tempos de Pandemia-FIA 2020. \u00a0\u00a0O evento ir\u00e1 reunir grandes nomes na \u00e1rea, de diversos pa\u00edses:\u00a0 Cientistas, Apicultores Profissionais, grandes Empresas de Poliniza\u00e7\u00e3o, Apiterapeuta. Certamente Reunir nossos criadores de abelhas em tempos de Pandemia ser\u00e1 um momento muito especial, de muita troca de experi\u00eancia e crescimento e uni\u00e3o, entre os produtores, pesquisadores e todos envolvidos na Cadeia Produtiva.<\/span><\/p>\n<blockquote><p>Inscri\u00e7\u00f5es:<br \/>\n\u00daNICA<br \/>\nR$ 53,00<br \/>\nAt\u00e9 28\/08\/2020<br \/>\n<a href=\"https:\/\/www.even3.com.br\/fia2020\/\" rel=\"noopener\" target=\"_blank\">https:\/\/www.even3.com.br\/fia2020\/<\/a><\/p><\/blockquote>\n","protected":false},"excerpt":{"rendered":"<p>I F\u00d3RUM INTERNACIONAL DE ABELHAS EM TEMPOS DE PANDEMIA Trata-se de uma Iniciativa da Comiss\u00e3o T\u00e9cnico-Cient\u00edfica da Confedera\u00e7\u00e3o Brasileira de Apicultura (CTC-CBA). F\u00f3rum de Abelhas em Tempos de Pandemia-FIA 2020. [&hellip;]<\/p>\n","protected":false},"author":20,"featured_media":0,"template":"","meta":{"pmpro_default_level":"","_price":"","_stock":"","_tribe_ticket_header":"","_tribe_default_ticket_provider":"","_tribe_ticket_capacity":"0","_ticket_start_date":"","_ticket_end_date":"","_tribe_ticket_show_description":"","_tribe_ticket_show_not_going":false,"_tribe_ticket_use_global_stock":"","_tribe_ticket_global_stock_level":"","_global_stock_mode":"","_global_stock_cap":"","_tribe_rsvp_for_event":"","_tribe_ticket_going_count":"","_tribe_ticket_not_going_count":"","_tribe_tickets_list":"[]","_tribe_ticket_has_attendee_info_fields":false,"cybocfi_hide_featured_image":"","_tribe_events_status":"","_tribe_events_status_reason":"","footnotes":""},"tags":[38,42,39],"tribe_events_cat":[65],"class_list":["post-3523","tribe_events","type-tribe_events","status-publish","hentry","tag-apicultura","tag-apis-melifica","tag-cba","tribe_events_cat-eventos","pmpro-has-access","cat_eventos"],"_links":{"self":[{"href":"https:\/\/apacame.org.br\/site\/wp-json\/wp\/v2\/tribe_events\/3523"}],"collection":[{"href":"https:\/\/apacame.org.br\/site\/wp-json\/wp\/v2\/tribe_events"}],"about":[{"href":"https:\/\/apacame.org.br\/site\/wp-json\/wp\/v2\/types\/tribe_events"}],"author":[{"embeddable":true,"href":"https:\/\/apacame.org.br\/site\/wp-json\/wp\/v2\/users\/20"}],"version-history":[{"count":1,"href":"https:\/\/apacame.org.br\/site\/wp-json\/wp\/v2\/tribe_events\/3523\/revisions"}],"predecessor-version":[{"id":3525,"href":"https:\/\/apacame.org.br\/site\/wp-json\/wp\/v2\/tribe_events\/3523\/revisions\/3525"}],"wp:attachment":[{"href":"https:\/\/apacame.org.br\/site\/wp-json\/wp\/v2\/media?parent=3523"}],"wp:term":[{"taxonomy":"post_tag","embeddable":true,"href":"https:\/\/apacame.org.br\/site\/wp-json\/wp\/v2\/tags?post=3523"},{"taxonomy":"tribe_events_cat","embeddable":true,"href":"https:\/\/apacame.org.br\/site\/wp-json\/wp\/v2\/tribe_events_cat?post=3523"}],"curies":[{"name":"wp","href":"https:\/\/api.w.org\/{rel}","templated":true}]}}

Fórum Internacional de Abelhas em Tempos de Pandemia

<h1 style="text-align: center;">I FÓRUM INTERNACIONAL DE ABELHAS EM TEMPOS DE PANDEMIA</h1>
<p><span style="font-size: large;">Trata-se de uma Iniciativa da Comissão Técnico-Científica da Confederação Brasileira de Apicultura (CTC-CBA). Fórum de Abelhas em Tempos de Pandemia-FIA 2020.   O evento irá reunir grandes nomes na área, de diversos países:  Cientistas, Apicultores Profissionais, grandes Empresas de Polinização, Apiterapeuta. Certamente Reunir nossos criadores de abelhas em tempos de Pandemia será um momento muito especial, de muita troca de experiência e crescimento e união, entre os produtores, pesquisadores e todos envolvidos na Cadeia Produtiva.</span></p>
<blockquote><p>Inscrições:<br />
ÚNICA<br />
R$ 53,00<br />
Até 28/08/2020<br />
<a href="https://www.even3.com.br/fia2020/" rel="noopener" target="_blank">https://www.even3.com.br/fia2020/</a></p></blockquote>

<p>I FÓRUM INTERNACIONAL DE ABELHAS EM TEMPOS DE PANDEMIA Trata-se de uma Iniciativa da Comissão Técnico-Científica da Confederação Brasileira de Apicultura (CTC-CBA). Fórum de Abelhas em Tempos de Pandemia-FIA 2020. [&hellip;]</p>
