{"id":972,"date":"2015-12-16T14:48:05","date_gmt":"2015-12-16T14:48:05","guid":{"rendered":"http:\/\/apacame.org.br\/site\/?page_id=972"},"modified":"2015-12-17T01:07:28","modified_gmt":"2015-12-17T01:07:28","slug":"comentario","status":"publish","type":"page","link":"https:\/\/apacame.org.br\/site\/revista\/mensagem-doce-n-134-novembro-de-2015\/comentario\/","title":{"rendered":"Coment\u00e1rio"},"content":{"rendered":"<h1 style=\"text-align: center;\">CONGRESSO\u00a0\u00a0 APIMONDIA\u00a0\u00a0 2015<\/h1>\n<blockquote><p>Radam\u00e9s Zovaro \u2013 Empres\u00e1rio e Diretor Tecnico da APACAME.<\/p><\/blockquote>\n<p><span style=\"font-size: large;\">Felizmente tivemos a oportunidade de participar de mais um Congresso de Apicultura, desta feita na cidade de Daejeon, Koreia onde foi realizado do 44\u00ba Congresso Internacional da APiMONDIA, que ocorreu nos dias 15 a 20\/09\/2015.<\/span><\/p>\n<p><span style=\"font-size: large;\">\u00c9 evidente que cada um v\u00ea o Congresso do seu modo, para mim\u00a0 as palestras s\u00e3o importantes, mas n\u00e3o d\u00e1 para assistir todas, ent\u00e3o em fun\u00e7\u00e3o da programa\u00e7\u00e3o escolhe-se as que mais interessa, e depois verifica os Anais do Congresso que traz os resumos de todas as\u00a0 palestras. O Brasil se fez representar em varias delas, poderia citar do Dr. Lionel Segui Gon\u00e7alves e do Prof. Dejair Message.<\/span><\/p>\n<p><span style=\"font-size: large;\">O que realmente sempre chama a aten\u00e7\u00e3o \u00e9 a feira de materiais e produtos ap\u00edcolas. A feira do Congresso estava praticamente com expositores asi\u00e1ticos, sendo v\u00e1rios da China, Jap\u00e3o e Koreia. Havia tamb\u00e9m alguns Europeus, mas muito limitado. O Brasil se fez presente com v\u00e1rias empresas\u00a0 vendendo os produtos\u00a0 ap\u00edcolas, principalmente pr\u00f3polis e mel.<\/span><\/p>\n<p><span style=\"font-size: large;\">Porem dentro das exposi\u00e7\u00f5es \u00e9 evidente que os materiais \u00e9 que chama mais a aten\u00e7\u00e3o e ai apareceu o potencial da Industria Chinesa com v\u00e1rias empresas vendendo seus produtos. Os equipamentos de inox tamb\u00e9m estiveram bem representados, centrifugas de 3 quadros para pequenos apicultores at\u00e9 de 72 quadros para grandes apicultores se fizeram presentes.<\/span><\/p>\n<p><span style=\"font-size: large;\">Uma empresa que me chamou aten\u00e7\u00e3o foi a Lyson\u00a0 com sede na Polonia, onde apresentou um stander com uma serie enorme de materiais ap\u00edcolas e ofereceu um catalogo de seus produtos com 132 paginas com uma infinidade de itens.<\/span><\/p>\n<p><span style=\"font-size: large;\">Outra coisa\u00a0 que pudemos observar foi a quantidade de materiais utilizando pl\u00e1stico, telas excluidoras, ca\u00e7a p\u00f3len, bob porta rainhas,\u00a0 c\u00fapulas para cria\u00e7\u00e3o de rainhas, telas para produ\u00e7\u00e3o de pr\u00f3polis, colmeias, favos de pl\u00e1sticos,\u00a0 quadros, etc.<\/span><\/p>\n<p><span style=\"font-size: large;\">Infelizmente sentimos nesse campo de materiais ap\u00edcolas um distanciamento muito grande da ind\u00fastria brasileira, que lamentavelmente esta muito distante da realidade da apicultura mundial.<\/span><\/p>\n<p><span style=\"font-size: large;\">Finalizando o Congresso, fizemos a visita t\u00e9cnica, e ai surgiu a lembran\u00e7a de um passado que infelizmente no Brasil n\u00e3o volta mais ou talvez t\u00e3o cedo. Estivemos em um api\u00e1rio no norte da Koreia do Sul, bem pr\u00f3ximo da divisa com a Koreia do Norte. Encontramos um api\u00e1rio com mais de 80 colmeias com abelhas Apis melifira legustica, tamb\u00e9m chamada de abelhas italianas. Abelhas mansas onde mais de 50 pessoas puderam percorrer o api\u00e1rio sem nenhum equipamento, abrindo colmeias, encontrando rainhas e n\u00e3o houve se quer nenhuma agressividade por parte das abelhas. Isso veio recordar a minha inf\u00e2ncia, meu pai era um criador de abelhas italianas e a minha inf\u00e2ncia foi no meio delas, onde havia galinhas, cachorro, patos, todos convivendo dentro de uma normalidade, sem agressividade, bons tempos.<\/span><\/p>\n<p><span style=\"font-size: large;\">\u00a0O pr\u00f3ximo Congresso ser\u00e1 daqui a dois anos na cidade de Istambul \u2013 Turquia, continente Europeu. Esperamos poder estar com sa\u00fade para participar tamb\u00e9m desse Congresso.<\/span><\/p>\n","protected":false},"excerpt":{"rendered":"<p>CONGRESSO\u00a0\u00a0 APIMONDIA\u00a0\u00a0 2015 Radam\u00e9s Zovaro \u2013 Empres\u00e1rio e Diretor Tecnico da APACAME. Felizmente tivemos a oportunidade de participar de mais um Congresso de Apicultura, desta feita na cidade de Daejeon, [&hellip;]<\/p>\n","protected":false},"author":1,"featured_media":0,"parent":867,"menu_order":0,"comment_status":"open","ping_status":"open","template":"","meta":{"pmpro_default_level":"","_price":"","_stock":"","_tribe_ticket_header":"","_tribe_default_ticket_provider":"","_tribe_ticket_capacity":"0","_ticket_start_date":"","_ticket_end_date":"","_tribe_ticket_show_description":"","_tribe_ticket_show_not_going":false,"_tribe_ticket_use_global_stock":"","_tribe_ticket_global_stock_level":"","_global_stock_mode":"","_global_stock_cap":"","_tribe_rsvp_for_event":"","_tribe_ticket_going_count":"","_tribe_ticket_not_going_count":"","_tribe_tickets_list":"[]","_tribe_ticket_has_attendee_info_fields":false,"cybocfi_hide_featured_image":"","footnotes":""},"class_list":["post-972","page","type-page","status-publish","hentry","pmpro-has-access"],"_links":{"self":[{"href":"https:\/\/apacame.org.br\/site\/wp-json\/wp\/v2\/pages\/972"}],"collection":[{"href":"https:\/\/apacame.org.br\/site\/wp-json\/wp\/v2\/pages"}],"about":[{"href":"https:\/\/apacame.org.br\/site\/wp-json\/wp\/v2\/types\/page"}],"author":[{"embeddable":true,"href":"https:\/\/apacame.org.br\/site\/wp-json\/wp\/v2\/users\/1"}],"replies":[{"embeddable":true,"href":"https:\/\/apacame.org.br\/site\/wp-json\/wp\/v2\/comments?post=972"}],"version-history":[{"count":2,"href":"https:\/\/apacame.org.br\/site\/wp-json\/wp\/v2\/pages\/972\/revisions"}],"predecessor-version":[{"id":1082,"href":"https:\/\/apacame.org.br\/site\/wp-json\/wp\/v2\/pages\/972\/revisions\/1082"}],"up":[{"embeddable":true,"href":"https:\/\/apacame.org.br\/site\/wp-json\/wp\/v2\/pages\/867"}],"wp:attachment":[{"href":"https:\/\/apacame.org.br\/site\/wp-json\/wp\/v2\/media?parent=972"}],"curies":[{"name":"wp","href":"https:\/\/api.w.org\/{rel}","templated":true}]}}