{"id":93,"date":"2015-08-20T21:40:46","date_gmt":"2015-08-20T21:40:46","guid":{"rendered":"http:\/\/apacame.org.br\/site\/?page_id=93"},"modified":"2023-08-13T00:55:47","modified_gmt":"2023-08-13T00:55:47","slug":"abelhas","status":"publish","type":"page","link":"https:\/\/apacame.org.br\/site\/abelhas\/","title":{"rendered":"Abelhas"},"content":{"rendered":"\t\t<div data-elementor-type=\"wp-page\" data-elementor-id=\"93\" class=\"elementor elementor-93\">\n\t\t\t\t\t\t<section class=\"elementor-section elementor-top-section elementor-element elementor-element-31b05fc elementor-section-height-min-height elementor-section-content-middle elementor-section-boxed elementor-section-height-default elementor-section-items-middle\" data-id=\"31b05fc\" data-element_type=\"section\" data-e-type=\"section\" data-settings=\"{&quot;background_background&quot;:&quot;classic&quot;}\">\n\t\t\t\t\t\t<div class=\"elementor-container elementor-column-gap-no\">\n\t\t\t\t\t<div class=\"elementor-column elementor-col-100 elementor-top-column elementor-element elementor-element-b78cb49\" data-id=\"b78cb49\" data-element_type=\"column\" data-e-type=\"column\">\n\t\t\t<div class=\"elementor-widget-wrap elementor-element-populated\">\n\t\t\t\t\t\t<div class=\"elementor-element elementor-element-2f96db45 elementor-widget elementor-widget-heading\" data-id=\"2f96db45\" data-element_type=\"widget\" data-e-type=\"widget\" data-widget_type=\"heading.default\">\n\t\t\t\t<div class=\"elementor-widget-container\">\n\t\t\t\t\t<h1 class=\"elementor-heading-title elementor-size-default\">Abelhas,<\/h1>\t\t\t\t<\/div>\n\t\t\t\t<\/div>\n\t\t\t\t<div class=\"elementor-element elementor-element-13ac0e2d elementor-widget elementor-widget-text-editor\" data-id=\"13ac0e2d\" data-element_type=\"widget\" data-e-type=\"widget\" data-widget_type=\"text-editor.default\">\n\t\t\t\t<div class=\"elementor-widget-container\">\n\t\t\t\t\t\t\t\t\t<p>a servi\u00e7o da agricultura<\/p>\t\t\t\t\t\t\t\t<\/div>\n\t\t\t\t<\/div>\n\t\t\t\t\t<\/div>\n\t\t<\/div>\n\t\t\t\t\t<\/div>\n\t\t<\/section>\n\t\t\t\t<section class=\"elementor-section elementor-top-section elementor-element elementor-element-5e0a874e elementor-section-boxed elementor-section-height-default elementor-section-height-default\" data-id=\"5e0a874e\" data-element_type=\"section\" data-e-type=\"section\" data-settings=\"{&quot;background_background&quot;:&quot;classic&quot;}\">\n\t\t\t\t\t\t<div class=\"elementor-container elementor-column-gap-default\">\n\t\t\t\t\t<div class=\"elementor-column elementor-col-100 elementor-top-column elementor-element elementor-element-48cfb753\" data-id=\"48cfb753\" data-element_type=\"column\" data-e-type=\"column\">\n\t\t\t<div class=\"elementor-widget-wrap elementor-element-populated\">\n\t\t\t\t\t\t<div class=\"elementor-element elementor-element-3f1fa2d8 elementor-widget elementor-widget-text-editor\" data-id=\"3f1fa2d8\" data-element_type=\"widget\" data-e-type=\"widget\" data-widget_type=\"text-editor.default\">\n\t\t\t\t<div class=\"elementor-widget-container\">\n\t\t\t\t\t\t\t\t\t<p>Ao criarmos esta p\u00e1gina, n\u00e3o tivemos a inten\u00e7\u00e3o de oferecer um curso de apicultura, mas sim mostrarmos o quanto bonito e fascinante \u00e9 a vida deste inseto \u2013 a abelha \u2013 t\u00e3o conhecido pelo alimento que produz \u2013 o mel \u2013 mas que tantos outros benef\u00edcios e equil\u00edbrio traz \u00e0 natureza, e consequentemente ao homem.<br \/>Aqueles que assim o desejarem, poder\u00e3o contactar as associa\u00e7\u00f5es, institutos e universidades, ou seu amigo apicultor, um amante da natureza por princ\u00edpio, para iniciar ou aprimorar seu conhecimento sobre as abelhas, e descobrir porque ela se constitui em uma op\u00e7\u00e3o de lazer, de estudo e trabalho!<\/p>\t\t\t\t\t\t\t\t<\/div>\n\t\t\t\t<\/div>\n\t\t\t\t\t<\/div>\n\t\t<\/div>\n\t\t\t\t\t<\/div>\n\t\t<\/section>\n\t\t\t\t<section class=\"elementor-section elementor-top-section elementor-element elementor-element-758a1fb7 elementor-section-boxed elementor-section-height-default elementor-section-height-default\" data-id=\"758a1fb7\" data-element_type=\"section\" data-e-type=\"section\">\n\t\t\t\t\t\t<div class=\"elementor-container elementor-column-gap-no\">\n\t\t\t\t\t<div class=\"elementor-column elementor-col-50 elementor-top-column elementor-element elementor-element-4ad88d46\" data-id=\"4ad88d46\" data-element_type=\"column\" data-e-type=\"column\">\n\t\t\t<div class=\"elementor-widget-wrap elementor-element-populated\">\n\t\t\t\t\t\t<div class=\"elementor-element elementor-element-4e843c3e elementor-widget elementor-widget-image\" data-id=\"4e843c3e\" data-element_type=\"widget\" data-e-type=\"widget\" data-widget_type=\"image.default\">\n\t\t\t\t<div class=\"elementor-widget-container\">\n\t\t\t\t\t\t\t\t\t\t\t\t\t\t\t<img fetchpriority=\"high\" decoding=\"async\" width=\"731\" height=\"450\" src=\"https:\/\/apacame.org.br\/site\/wp-content\/uploads\/2023\/08\/apacame-importancia-abelhas.jpg\" class=\"attachment-full size-full wp-image-5908\" alt=\"\" srcset=\"https:\/\/apacame.org.br\/site\/wp-content\/uploads\/2023\/08\/apacame-importancia-abelhas.jpg 731w, https:\/\/apacame.org.br\/site\/wp-content\/uploads\/2023\/08\/apacame-importancia-abelhas-300x185.jpg 300w, https:\/\/apacame.org.br\/site\/wp-content\/uploads\/2023\/08\/apacame-importancia-abelhas-415x255.jpg 415w, https:\/\/apacame.org.br\/site\/wp-content\/uploads\/2023\/08\/apacame-importancia-abelhas-500x308.jpg 500w\" sizes=\"(max-width: 731px) 100vw, 731px\" \/>\t\t\t\t\t\t\t\t\t\t\t\t\t\t\t<\/div>\n\t\t\t\t<\/div>\n\t\t\t\t\t<\/div>\n\t\t<\/div>\n\t\t\t\t<div class=\"elementor-column elementor-col-50 elementor-top-column elementor-element elementor-element-1624ef42\" data-id=\"1624ef42\" data-element_type=\"column\" data-e-type=\"column\">\n\t\t\t<div class=\"elementor-widget-wrap elementor-element-populated\">\n\t\t\t\t\t\t<section class=\"elementor-section elementor-inner-section elementor-element elementor-element-57284390 elementor-section-full_width box-right elementor-section-height-default elementor-section-height-default\" data-id=\"57284390\" data-element_type=\"section\" data-e-type=\"section\" data-settings=\"{&quot;background_background&quot;:&quot;classic&quot;}\">\n\t\t\t\t\t\t<div class=\"elementor-container elementor-column-gap-no\">\n\t\t\t\t\t<div class=\"elementor-column elementor-col-100 elementor-inner-column elementor-element elementor-element-d36f3ce\" data-id=\"d36f3ce\" data-element_type=\"column\" data-e-type=\"column\">\n\t\t\t<div class=\"elementor-widget-wrap elementor-element-populated\">\n\t\t\t\t\t\t<div class=\"elementor-element elementor-element-7aaeba43 elementor-widget elementor-widget-heading\" data-id=\"7aaeba43\" data-element_type=\"widget\" data-e-type=\"widget\" data-widget_type=\"heading.default\">\n\t\t\t\t<div class=\"elementor-widget-container\">\n\t\t\t\t\t<div class=\"elementor-heading-title elementor-size-default\">Import\u00e2ncia<\/div>\t\t\t\t<\/div>\n\t\t\t\t<\/div>\n\t\t\t\t<div class=\"elementor-element elementor-element-21c78923 elementor-widget elementor-widget-text-editor\" data-id=\"21c78923\" data-element_type=\"widget\" data-e-type=\"widget\" data-widget_type=\"text-editor.default\">\n\t\t\t\t<div class=\"elementor-widget-container\">\n\t\t\t\t\t\t\t\t\t<p>As abelhas s\u00e3o sem d\u00favida, os insetos de maior utilidade para o homem. Dizemos para o homem, porque para a natureza todos os seres, s\u00e3o \u00fateis e tem a sua raz\u00e3o de ser, fazendo parte de um contexto geral no qual o pr\u00f3prio homem tem o seu lugar.<br \/>As abelhas, por\u00e9m, fazem a poliniza\u00e7\u00e3o das flores e ainda nos fornecem cera, gel\u00e9ia real, mel, p\u00f3len, pr\u00f3polis e seu veneno, todos produtos amplamente aproveitados como alimento natural ou finalidade medicinais preventivas e curativas.<\/p>\t\t\t\t\t\t\t\t<\/div>\n\t\t\t\t<\/div>\n\t\t\t\t\t<\/div>\n\t\t<\/div>\n\t\t\t\t\t<\/div>\n\t\t<\/section>\n\t\t\t\t\t<\/div>\n\t\t<\/div>\n\t\t\t\t\t<\/div>\n\t\t<\/section>\n\t\t\t\t<section class=\"elementor-section elementor-top-section elementor-element elementor-element-3843b161 elementor-reverse-mobile elementor-reverse-tablet elementor-section-boxed elementor-section-height-default elementor-section-height-default\" data-id=\"3843b161\" data-element_type=\"section\" data-e-type=\"section\" id=\"revista\">\n\t\t\t\t\t\t<div class=\"elementor-container elementor-column-gap-no\">\n\t\t\t\t\t<div class=\"elementor-column elementor-col-50 elementor-top-column elementor-element elementor-element-25086a84\" data-id=\"25086a84\" data-element_type=\"column\" data-e-type=\"column\">\n\t\t\t<div class=\"elementor-widget-wrap elementor-element-populated\">\n\t\t\t\t\t\t<section class=\"elementor-section elementor-inner-section elementor-element elementor-element-455ebbf0 elementor-section-full_width box-left elementor-section-height-default elementor-section-height-default\" data-id=\"455ebbf0\" data-element_type=\"section\" data-e-type=\"section\" data-settings=\"{&quot;background_background&quot;:&quot;classic&quot;}\">\n\t\t\t\t\t\t<div class=\"elementor-container elementor-column-gap-no\">\n\t\t\t\t\t<div class=\"elementor-column elementor-col-100 elementor-inner-column elementor-element elementor-element-314feab4\" data-id=\"314feab4\" data-element_type=\"column\" data-e-type=\"column\">\n\t\t\t<div class=\"elementor-widget-wrap elementor-element-populated\">\n\t\t\t\t\t\t<div class=\"elementor-element elementor-element-77b07d56 elementor-widget elementor-widget-heading\" data-id=\"77b07d56\" data-element_type=\"widget\" data-e-type=\"widget\" data-widget_type=\"heading.default\">\n\t\t\t\t<div class=\"elementor-widget-container\">\n\t\t\t\t\t<div class=\"elementor-heading-title elementor-size-default\">Poliniza\u00e7\u00e3o<\/div>\t\t\t\t<\/div>\n\t\t\t\t<\/div>\n\t\t\t\t<div class=\"elementor-element elementor-element-70f50804 elementor-widget elementor-widget-text-editor\" data-id=\"70f50804\" data-element_type=\"widget\" data-e-type=\"widget\" data-widget_type=\"text-editor.default\">\n\t\t\t\t<div class=\"elementor-widget-container\">\n\t\t\t\t\t\t\t\t\t<p>As flores n\u00e3o s\u00e3o simples ornamentos que embelezam as plantas, mas sim um engenhoso recurso da natureza destinado a promover a propaga\u00e7\u00e3o das esp\u00e9cies vegetais. Atra\u00eddos pelo seu vivo colorido, p\u00e1ssaros e insetos tocam-nas, circulam de uma para outra e fazem o transporte do p\u00f3len, elemento necess\u00e1rio \u00e0 fecunda\u00e7\u00e3o das flores.<br \/>Muitas plantas produzem flores que segregam um l\u00edquido adocicado, o n\u00e9ctar, que atrai insetos que dele se alimentam. Ao sugar o n\u00e9ctar, o inseto esbarra nas anteras , elemento masculino da flor, e fica polvilhado de p\u00f3len que adere as partes de seu corpo. Na visita \u00e0 outra flor, gr\u00e3os de p\u00f3len caem e atingem o estigma, o elemento feminino da flor, provocando a sua fecunda\u00e7\u00e3o. A este processo d\u00e1-se o nome de Poliniza\u00e7\u00e3o.<br \/>As c\u00e9lulas existentes no ov\u00e1rio da flor se desenvolvem, geram frutos e sementes que, germinando, fazem nascer novas plantas, garantindo a continuidade da vida vegetal, portanto, evidenciando a import\u00e2ncia das abelhas.<\/p>\t\t\t\t\t\t\t\t<\/div>\n\t\t\t\t<\/div>\n\t\t\t\t\t<\/div>\n\t\t<\/div>\n\t\t\t\t\t<\/div>\n\t\t<\/section>\n\t\t\t\t\t<\/div>\n\t\t<\/div>\n\t\t\t\t<div class=\"elementor-column elementor-col-50 elementor-top-column elementor-element elementor-element-59b4cc99\" data-id=\"59b4cc99\" data-element_type=\"column\" data-e-type=\"column\">\n\t\t\t<div class=\"elementor-widget-wrap elementor-element-populated\">\n\t\t\t\t\t\t<div class=\"elementor-element elementor-element-38d559e7 elementor-widget elementor-widget-image\" data-id=\"38d559e7\" data-element_type=\"widget\" data-e-type=\"widget\" data-widget_type=\"image.default\">\n\t\t\t\t<div class=\"elementor-widget-container\">\n\t\t\t\t\t\t\t\t\t\t\t\t\t\t\t<img decoding=\"async\" width=\"885\" height=\"645\" src=\"https:\/\/apacame.org.br\/site\/wp-content\/uploads\/2023\/08\/apacame-abelhas-polinizacao.jpg\" class=\"attachment-full size-full wp-image-5900\" alt=\"\" srcset=\"https:\/\/apacame.org.br\/site\/wp-content\/uploads\/2023\/08\/apacame-abelhas-polinizacao.jpg 885w, https:\/\/apacame.org.br\/site\/wp-content\/uploads\/2023\/08\/apacame-abelhas-polinizacao-300x219.jpg 300w, https:\/\/apacame.org.br\/site\/wp-content\/uploads\/2023\/08\/apacame-abelhas-polinizacao-768x560.jpg 768w, https:\/\/apacame.org.br\/site\/wp-content\/uploads\/2023\/08\/apacame-abelhas-polinizacao-838x611.jpg 838w, https:\/\/apacame.org.br\/site\/wp-content\/uploads\/2023\/08\/apacame-abelhas-polinizacao-415x302.jpg 415w, https:\/\/apacame.org.br\/site\/wp-content\/uploads\/2023\/08\/apacame-abelhas-polinizacao-500x364.jpg 500w\" sizes=\"(max-width: 885px) 100vw, 885px\" \/>\t\t\t\t\t\t\t\t\t\t\t\t\t\t\t<\/div>\n\t\t\t\t<\/div>\n\t\t\t\t\t<\/div>\n\t\t<\/div>\n\t\t\t\t\t<\/div>\n\t\t<\/section>\n\t\t\t\t<section class=\"elementor-section elementor-top-section elementor-element elementor-element-4e5f6a12 elementor-section-boxed elementor-section-height-default elementor-section-height-default\" data-id=\"4e5f6a12\" data-element_type=\"section\" data-e-type=\"section\" id=\"voe\">\n\t\t\t\t\t\t<div class=\"elementor-container elementor-column-gap-no\">\n\t\t\t\t\t<div class=\"elementor-column elementor-col-50 elementor-top-column elementor-element elementor-element-672bda2a\" data-id=\"672bda2a\" data-element_type=\"column\" data-e-type=\"column\">\n\t\t\t<div class=\"elementor-widget-wrap elementor-element-populated\">\n\t\t\t\t\t\t<div class=\"elementor-element elementor-element-536b1c35 elementor-widget elementor-widget-image\" data-id=\"536b1c35\" data-element_type=\"widget\" data-e-type=\"widget\" data-widget_type=\"image.default\">\n\t\t\t\t<div class=\"elementor-widget-container\">\n\t\t\t\t\t\t\t\t\t\t\t\t\t\t\t<img decoding=\"async\" width=\"731\" height=\"573\" src=\"https:\/\/apacame.org.br\/site\/wp-content\/uploads\/2023\/08\/apacame-produtos-naturais.jpg\" class=\"attachment-full size-full wp-image-5914\" alt=\"\" srcset=\"https:\/\/apacame.org.br\/site\/wp-content\/uploads\/2023\/08\/apacame-produtos-naturais.jpg 731w, https:\/\/apacame.org.br\/site\/wp-content\/uploads\/2023\/08\/apacame-produtos-naturais-300x235.jpg 300w, https:\/\/apacame.org.br\/site\/wp-content\/uploads\/2023\/08\/apacame-produtos-naturais-415x325.jpg 415w, https:\/\/apacame.org.br\/site\/wp-content\/uploads\/2023\/08\/apacame-produtos-naturais-500x392.jpg 500w\" sizes=\"(max-width: 731px) 100vw, 731px\" \/>\t\t\t\t\t\t\t\t\t\t\t\t\t\t\t<\/div>\n\t\t\t\t<\/div>\n\t\t\t\t\t<\/div>\n\t\t<\/div>\n\t\t\t\t<div class=\"elementor-column elementor-col-50 elementor-top-column elementor-element elementor-element-7d8f1277\" data-id=\"7d8f1277\" data-element_type=\"column\" data-e-type=\"column\">\n\t\t\t<div class=\"elementor-widget-wrap elementor-element-populated\">\n\t\t\t\t\t\t<section class=\"elementor-section elementor-inner-section elementor-element elementor-element-571751b4 elementor-section-full_width box-right elementor-section-height-default elementor-section-height-default\" data-id=\"571751b4\" data-element_type=\"section\" data-e-type=\"section\" data-settings=\"{&quot;background_background&quot;:&quot;classic&quot;}\">\n\t\t\t\t\t\t<div class=\"elementor-container elementor-column-gap-no\">\n\t\t\t\t\t<div class=\"elementor-column elementor-col-100 elementor-inner-column elementor-element elementor-element-b1c16be\" data-id=\"b1c16be\" data-element_type=\"column\" data-e-type=\"column\">\n\t\t\t<div class=\"elementor-widget-wrap elementor-element-populated\">\n\t\t\t\t\t\t<div class=\"elementor-element elementor-element-35870d69 elementor-widget elementor-widget-heading\" data-id=\"35870d69\" data-element_type=\"widget\" data-e-type=\"widget\" data-widget_type=\"heading.default\">\n\t\t\t\t<div class=\"elementor-widget-container\">\n\t\t\t\t\t<div class=\"elementor-heading-title elementor-size-default\">Produtos <br \/>\nnaturais<\/div>\t\t\t\t<\/div>\n\t\t\t\t<\/div>\n\t\t\t\t<div class=\"elementor-element elementor-element-59e230f2 elementor-widget elementor-widget-text-editor\" data-id=\"59e230f2\" data-element_type=\"widget\" data-e-type=\"widget\" data-widget_type=\"text-editor.default\">\n\t\t\t\t<div class=\"elementor-widget-container\">\n\t\t\t\t\t\t\t\t\t<p>As abelhas produzem e as vezes apenas armazenam, produtos diferenciados e considerados naturais, para fazerem uso dos mesmos somente quando da sua necessidade, seja como morada, alimento, higiene ou defesa.<br \/>O homem, desde o principio de sua exist\u00eancia, descobriu e faz uso dos produtos das abelhas, dando cada vez mais finalidade \u00e0 estes, seja como complemento alimentar altamente energ\u00e9tico ou como complemento medicinal aplicado \u00e0 diversas doen\u00e7as, como m\u00e9todo preventivo ou curativo.<br \/>No mundo atual, quando muitas vezes busca-se processos simples e naturais para a melhoria da qualidade de vida, os produtos naturais originados das abelhas, tem importancia fundamental pela qualidade e efic\u00e1cia.<\/p>\t\t\t\t\t\t\t\t<\/div>\n\t\t\t\t<\/div>\n\t\t\t\t\t<\/div>\n\t\t<\/div>\n\t\t\t\t\t<\/div>\n\t\t<\/section>\n\t\t\t\t\t<\/div>\n\t\t<\/div>\n\t\t\t\t\t<\/div>\n\t\t<\/section>\n\t\t\t\t<\/div>\n\t\t","protected":false},"excerpt":{"rendered":"<p>Abelhas, a servi\u00e7o da agricultura Ao criarmos esta p\u00e1gina, n\u00e3o tivemos a inten\u00e7\u00e3o de oferecer um curso de apicultura, mas sim mostrarmos o quanto bonito e fascinante \u00e9 a vida [&hellip;]<\/p>\n","protected":false},"author":1,"featured_media":0,"parent":0,"menu_order":0,"comment_status":"open","ping_status":"open","template":"","meta":{"pmpro_default_level":"","_price":"","_stock":"","_tribe_ticket_header":"","_tribe_default_ticket_provider":"","_tribe_ticket_capacity":"0","_ticket_start_date":"","_ticket_end_date":"","_tribe_ticket_show_description":"","_tribe_ticket_show_not_going":false,"_tribe_ticket_use_global_stock":"","_tribe_ticket_global_stock_level":"","_global_stock_mode":"","_global_stock_cap":"","_tribe_rsvp_for_event":"","_tribe_ticket_going_count":"","_tribe_ticket_not_going_count":"","_tribe_tickets_list":"[]","_tribe_ticket_has_attendee_info_fields":false,"cybocfi_hide_featured_image":"","footnotes":""},"class_list":["post-93","page","type-page","status-publish","hentry","pmpro-has-access"],"_links":{"self":[{"href":"https:\/\/apacame.org.br\/site\/wp-json\/wp\/v2\/pages\/93"}],"collection":[{"href":"https:\/\/apacame.org.br\/site\/wp-json\/wp\/v2\/pages"}],"about":[{"href":"https:\/\/apacame.org.br\/site\/wp-json\/wp\/v2\/types\/page"}],"author":[{"embeddable":true,"href":"https:\/\/apacame.org.br\/site\/wp-json\/wp\/v2\/users\/1"}],"replies":[{"embeddable":true,"href":"https:\/\/apacame.org.br\/site\/wp-json\/wp\/v2\/comments?post=93"}],"version-history":[{"count":5,"href":"https:\/\/apacame.org.br\/site\/wp-json\/wp\/v2\/pages\/93\/revisions"}],"predecessor-version":[{"id":6050,"href":"https:\/\/apacame.org.br\/site\/wp-json\/wp\/v2\/pages\/93\/revisions\/6050"}],"wp:attachment":[{"href":"https:\/\/apacame.org.br\/site\/wp-json\/wp\/v2\/media?parent=93"}],"curies":[{"name":"wp","href":"https:\/\/api.w.org\/{rel}","templated":true}]}}