{"id":867,"date":"2015-12-14T19:22:28","date_gmt":"2015-12-14T19:22:28","guid":{"rendered":"http:\/\/apacame.org.br\/site\/?page_id=867"},"modified":"2024-08-15T12:56:12","modified_gmt":"2024-08-15T15:56:12","slug":"mensagem-doce-n-134-novembro-de-2015","status":"publish","type":"page","link":"https:\/\/apacame.org.br\/site\/revista\/mensagem-doce-n-134-novembro-de-2015\/","title":{"rendered":"Mensagem Doce  n\u00b0 134 Novembro de 2015"},"content":{"rendered":"\n<p class=\"has-text-align-center\"><p>Capa: Foto premiada na 44\u00aa APIMONDIA,<\/p><\/p>\n\n\n\n<p class=\"has-text-align-center\"><p>Fot\u00f3grafo: C\u00e9zar Ramos J\u00fanior Apicultor e<br>S\u00f3cio Diretor da empresa Natucentro Pr\u00f3polis<br>Local: Api\u00e1rios do C\u00e9zar &#8211; Bambu\u00ed &#8211; Minas<br>Gerais.<\/p><\/p>\n\n\n\n<div style=\"height:10px\" aria-hidden=\"true\" class=\"wp-block-spacer\"><\/div>\n\n\n\n<div class=\"wp-block-buttons is-vertical is-content-justification-left is-layout-flex wp-container-core-buttons-is-layout-1 wp-block-buttons-is-layout-flex\"><\/div>\n","protected":false},"excerpt":{"rendered":"<p>Capa: Foto premiada na 44\u00aa APIMONDIA, Fot\u00f3grafo: C\u00e9zar Ramos J\u00fanior Apicultor eS\u00f3cio Diretor da empresa Natucentro Pr\u00f3polisLocal: Api\u00e1rios do C\u00e9zar &#8211; Bambu\u00ed &#8211; MinasGerais.<\/p>\n","protected":false},"author":1,"featured_media":1089,"parent":587,"menu_order":0,"comment_status":"open","ping_status":"open","template":"","meta":{"pmpro_default_level":"","_price":"","_stock":"","_tribe_ticket_header":"","_tribe_default_ticket_provider":"","_tribe_ticket_capacity":"0","_ticket_start_date":"","_ticket_end_date":"","_tribe_ticket_show_description":"","_tribe_ticket_show_not_going":false,"_tribe_ticket_use_global_stock":"","_tribe_ticket_global_stock_level":"","_global_stock_mode":"","_global_stock_cap":"","_tribe_rsvp_for_event":"","_tribe_ticket_going_count":"","_tribe_ticket_not_going_count":"","_tribe_tickets_list":"[]","_tribe_ticket_has_attendee_info_fields":false,"cybocfi_hide_featured_image":"","footnotes":""},"class_list":["post-867","page","type-page","status-publish","has-post-thumbnail","hentry","pmpro-has-access"],"_links":{"self":[{"href":"https:\/\/apacame.org.br\/site\/wp-json\/wp\/v2\/pages\/867"}],"collection":[{"href":"https:\/\/apacame.org.br\/site\/wp-json\/wp\/v2\/pages"}],"about":[{"href":"https:\/\/apacame.org.br\/site\/wp-json\/wp\/v2\/types\/page"}],"author":[{"embeddable":true,"href":"https:\/\/apacame.org.br\/site\/wp-json\/wp\/v2\/users\/1"}],"replies":[{"embeddable":true,"href":"https:\/\/apacame.org.br\/site\/wp-json\/wp\/v2\/comments?post=867"}],"version-history":[{"count":20,"href":"https:\/\/apacame.org.br\/site\/wp-json\/wp\/v2\/pages\/867\/revisions"}],"predecessor-version":[{"id":6688,"href":"https:\/\/apacame.org.br\/site\/wp-json\/wp\/v2\/pages\/867\/revisions\/6688"}],"up":[{"embeddable":true,"href":"https:\/\/apacame.org.br\/site\/wp-json\/wp\/v2\/pages\/587"}],"wp:featuredmedia":[{"embeddable":true,"href":"https:\/\/apacame.org.br\/site\/wp-json\/wp\/v2\/media\/1089"}],"wp:attachment":[{"href":"https:\/\/apacame.org.br\/site\/wp-json\/wp\/v2\/media?parent=867"}],"curies":[{"name":"wp","href":"https:\/\/api.w.org\/{rel}","templated":true}]}}