{"id":6562,"date":"2024-05-21T19:21:25","date_gmt":"2024-05-21T22:21:25","guid":{"rendered":"https:\/\/apacame.org.br\/site\/?page_id=6562"},"modified":"2024-05-21T19:21:28","modified_gmt":"2024-05-21T22:21:28","slug":"artigo","status":"publish","type":"page","link":"https:\/\/apacame.org.br\/site\/revista\/mensagem-doce-n175-marco-2024\/artigo\/","title":{"rendered":"ARTIGO"},"content":{"rendered":"\n<h2 class=\"wp-block-heading\">RODA DE SABORES E AROMAS DE M\u00c9IS DE ABELHAS CORBICULADAS (APINI E MELIPONINI)<\/h2>\n\n\n\n<p><strong><em>Luciano Augusto Alexandre Soares (1); Robson Jos\u00e9 Teixeira Gaia (2); Felipe Fran\u00e7a da Costa Meireles (3); Gustavo Merejo (4) Generosa Sousa Ribeiro (5)<br>1Sommelier de m\u00e9is; 2Sommelier de m\u00e9is; 3Bot\u00e2nico, Especialista em Apicultura e Meliponicultura e Sommelier de m\u00e9is; 4Diagramador; 5Bi\u00f3loga, Doutora em Ci\u00eancias Agr\u00e1rias.<\/em><\/strong><\/p>\n\n\n\n<p><\/p>\n\n\n\n<h3 class=\"wp-block-heading\">Introdu\u00e7\u00e3o<\/h3>\n\n\n\n<p>A fauna de abelhas brasileiras corbiculadas, \u00e9 composta por cerca de 300 esp\u00e9cies nativas e algumas subesp\u00e9cies ex\u00f3ticas do g\u00eanero Apis. Nesse sentido, deve-se considerar a possibilidade da produ\u00e7\u00e3o quase infinita de m\u00e9is com padr\u00f5es florais e enzim\u00e1ticos diferentes, tendo em vista a varia\u00e7\u00e3o ambiental, que abrange os biomas, seus limites geogr\u00e1ficos e a ocorr\u00eancia natural das esp\u00e9cies e subesp\u00e9cies que comp\u00f5em as tribos Apini e Meliponini.<\/p>\n\n\n\n<p>Essa infinidade e possibilidades de combina\u00e7\u00f5es de aromas e sabores, o terroir, \u00e9 uma t\u00e9cnica que busca explorar as caracter\u00edsticas \u00fanicas de uma regi\u00e3o ou de um local, seu solo, seu clima, sua topografia para produzir caracter\u00edsticas distintas. Essa t\u00e9cnica \u00e9 amplamente utilizada na produ\u00e7\u00e3o de vinhos, queijos, azeites, caf\u00e9s e outros, podendo tamb\u00e9m ser utilizada para caracterizar os m\u00e9is.<\/p>\n\n\n\n<p>O presente trabalho, tem o objetivo in\u00e9dito de estabelecer atributos, notas sensoriais de todo o trabalho desenvolvido pelos produtores de m\u00e9is, compreendendo uma importante ferramenta para ser utilizada como guia para especialistas, cientistas, sommelier\u2019s, provadores, produtores, estudantes de gastronomia, chefes de cozinha, dentre outros, por meio da apresenta\u00e7\u00e3o da roda de sabores e aromas de m\u00e9is de abelhas corbiculadas (Apini e Meliponini).<\/p>\n\n\n\n<h3 class=\"wp-block-heading\">Material e m\u00e9todo<\/h3>\n\n\n\n<p>A roda de sabores e aromas de m\u00e9is de abelhas corbiculadas (Apini e Meliponini), foi elaborada a partir da Roda de Sabores de Caf\u00e9 idealizada por Ted Lingle, diretor-executivo da SCA (Speciality Coffee Association), importante guia para torradores, provadores, cientistas e especialistas sensoriais.<\/p>\n\n\n\n<p>A roda de sabores de m\u00e9is deve ser lida a partir do centro do c\u00edrculo (de dentro para fora), sendo que na parte circular interna encontram-se as informa\u00e7\u00f5es sobre as seguintes notas sensoriais: doce, frutado, floral, amadeirado\u2026; a partir da segunda borda circular, a avalia\u00e7\u00e3o vai se tornando mais espec\u00edfica, da seguinte forma: silvestre, c\u00edtrico, maturado\u2026; na \u00faltima borda circular, a caracteriza\u00e7\u00e3o sensorial dos m\u00e9is vai ficando mais espec\u00edfica: lavanda, jaboticaba, algod\u00e3o doce, laranja\u2026<\/p>\n\n\n\n<p>Ap\u00f3s a experimenta\u00e7\u00e3o, o provador\/avaliador passa a entender quais sabores foram mais pr\u00f3ximos e desse modo, caracteriza-se os m\u00e9is. Por exemplo: lim\u00e3o siciliano est\u00e1 pr\u00f3ximo ao lim\u00e3o taiti. Por outro lado, a laranja e o lim\u00e3o taiti compreendem sabores diferentes.<\/p>\n\n\n<div class=\"wp-block-image\">\n<figure class=\"aligncenter size-full\"><a href=\"https:\/\/apacame.org.br\/site\/wp-content\/uploads\/2024\/05\/Mensagem-Doce-175-marc\u0327o-2024-roda.jpg\"><img fetchpriority=\"high\" decoding=\"async\" width=\"595\" height=\"793\" src=\"https:\/\/apacame.org.br\/site\/wp-content\/uploads\/2024\/05\/Mensagem-Doce-175-marc\u0327o-2024-roda.jpg\" alt=\"\" class=\"wp-image-6566\" srcset=\"https:\/\/apacame.org.br\/site\/wp-content\/uploads\/2024\/05\/Mensagem-Doce-175-marc\u0327o-2024-roda.jpg 595w, https:\/\/apacame.org.br\/site\/wp-content\/uploads\/2024\/05\/Mensagem-Doce-175-marc\u0327o-2024-roda-225x300.jpg 225w, https:\/\/apacame.org.br\/site\/wp-content\/uploads\/2024\/05\/Mensagem-Doce-175-marc\u0327o-2024-roda-415x553.jpg 415w, https:\/\/apacame.org.br\/site\/wp-content\/uploads\/2024\/05\/Mensagem-Doce-175-marc\u0327o-2024-roda-270x360.jpg 270w\" sizes=\"(max-width: 595px) 100vw, 595px\" \/><\/a><\/figure><\/div>\n\n\n<h3 class=\"wp-block-heading\">Resultados e discuss\u00e3o<\/h3>\n\n\n\n<p>Esta ferramenta define os atributos, notas sensoriais e todo o trabalho produzido pelo produtor na lavoura. Sua proposta \u00e9 ser um guia para o processo de an\u00e1lise, no qual sabores e aromas s\u00e3o relacionados \u00e0s notas sensoriais da bebida.<\/p>\n\n\n\n<p>Atrelado a esta primeira fonte, tamb\u00e9m foi anexado ao trabalho a \u201cRoda de Sabores e Aromas de M\u00e9is de abelhas Corbiculadas (Apini e Meliponini)\u201d, o estudo desenvolvido na Universidade da Calif\u00f3rnia (UC Davis Honey and Pollination Center), no qual a equipe envolvida com t\u00edtulo \u201cHoney Flavor Wheel lista caracter\u00edsticas dos meles de Apis mellifera.\u201d<\/p>\n\n\n\n<p>Fruto da experi\u00eancia de seis anos como Sommelier de m\u00e9is, a equipe formada por: Luciano Augusto Alexandre Soares; Robson Jos\u00e9 Teixeira Gaia; Felipe Fran\u00e7a da Costa Meireles e colaboradores, expandiu o formato idealizado por Ted Lingle, aderiu o conte\u00fado estudado pela UC Davis e o enriqueceu, adicionando avalia\u00e7\u00f5es e percep\u00e7\u00f5es sobre os m\u00e9is das abelhas da tribo Meliponini nativas do Brasil.<\/p>\n\n\n\n<p>Com aproximadamente 2700 amostras de m\u00e9is das mais variadas \u00e1reas do territ\u00f3rio brasileiro, o grupo entrega a primeira roda de Sabores de m\u00e9is de abelhas sociais do Mundo, contendo 187 adjetivos a serem percorridos.<\/p>\n\n\n\n<p>A roda dever\u00e1 ser utilizada em classifica\u00e7\u00f5es oficiais, premia\u00e7\u00f5es, degusta\u00e7\u00f5es informais ou como ferramenta auxiliar para parametriza\u00e7\u00e3o e caracteriza\u00e7\u00e3o de m\u00e9is de esp\u00e9cies nativas do Brasil, e demais pa\u00edses tropicais e subtropicais, onde h\u00e1 ocorr\u00eancia natural de abelhas sem ferr\u00e3o, ou de abelhas do g\u00eanero Apis de qualquer parte do mundo.<\/p>\n\n\n\n<p>A autoria desta roda dever\u00e1 ser mencionada em concursos e premia\u00e7\u00f5es, ou citada como referencial bibliogr\u00e1fico em artigos ou notas t\u00e9cnicas.<\/p>\n\n\n\n<p><strong>Refer\u00eancia consultada<\/strong><br>Honey Flavor Wheel: Do You Know How to Describe the Flavor? | Bee &amp; Beekeeping News | Dadant &amp; Sons 1863, dispon\u00edvel em: www.dadant. com\/honey-flavor-wheel-do-you-know-how-to-describe-the-flavor\/. Data da consulta: 01 de dezembro de 2023.<\/p>\n","protected":false},"excerpt":{"rendered":"<p>RODA DE SABORES E AROMAS DE M\u00c9IS DE ABELHAS CORBICULADAS (APINI E MELIPONINI) Luciano Augusto Alexandre Soares (1); Robson Jos\u00e9 Teixeira Gaia (2); Felipe Fran\u00e7a da Costa Meireles (3); Gustavo [&hellip;]<\/p>\n","protected":false},"author":1,"featured_media":0,"parent":6556,"menu_order":0,"comment_status":"closed","ping_status":"closed","template":"","meta":{"pmpro_default_level":"","_price":"","_stock":"","_tribe_ticket_header":"","_tribe_default_ticket_provider":"","_tribe_ticket_capacity":"0","_ticket_start_date":"","_ticket_end_date":"","_tribe_ticket_show_description":"","_tribe_ticket_show_not_going":false,"_tribe_ticket_use_global_stock":"","_tribe_ticket_global_stock_level":"","_global_stock_mode":"","_global_stock_cap":"","_tribe_rsvp_for_event":"","_tribe_ticket_going_count":"","_tribe_ticket_not_going_count":"","_tribe_tickets_list":"[]","_tribe_ticket_has_attendee_info_fields":false,"cybocfi_hide_featured_image":"","footnotes":""},"class_list":["post-6562","page","type-page","status-publish","hentry","pmpro-has-access"],"_links":{"self":[{"href":"https:\/\/apacame.org.br\/site\/wp-json\/wp\/v2\/pages\/6562"}],"collection":[{"href":"https:\/\/apacame.org.br\/site\/wp-json\/wp\/v2\/pages"}],"about":[{"href":"https:\/\/apacame.org.br\/site\/wp-json\/wp\/v2\/types\/page"}],"author":[{"embeddable":true,"href":"https:\/\/apacame.org.br\/site\/wp-json\/wp\/v2\/users\/1"}],"replies":[{"embeddable":true,"href":"https:\/\/apacame.org.br\/site\/wp-json\/wp\/v2\/comments?post=6562"}],"version-history":[{"count":1,"href":"https:\/\/apacame.org.br\/site\/wp-json\/wp\/v2\/pages\/6562\/revisions"}],"predecessor-version":[{"id":6567,"href":"https:\/\/apacame.org.br\/site\/wp-json\/wp\/v2\/pages\/6562\/revisions\/6567"}],"up":[{"embeddable":true,"href":"https:\/\/apacame.org.br\/site\/wp-json\/wp\/v2\/pages\/6556"}],"wp:attachment":[{"href":"https:\/\/apacame.org.br\/site\/wp-json\/wp\/v2\/media?parent=6562"}],"curies":[{"name":"wp","href":"https:\/\/api.w.org\/{rel}","templated":true}]}}