{"id":6499,"date":"2024-02-27T03:55:22","date_gmt":"2024-02-27T03:55:22","guid":{"rendered":"https:\/\/apacame.org.br\/site\/?page_id=6499"},"modified":"2024-02-28T03:57:11","modified_gmt":"2024-02-28T03:57:11","slug":"opiniao","status":"publish","type":"page","link":"https:\/\/apacame.org.br\/site\/revista\/mensagem-doce-n-174-novembro-de-2023\/opiniao\/","title":{"rendered":"Opini\u00e3o"},"content":{"rendered":"\n<h2 class=\"wp-block-heading\">Carteira da CBA<\/h2>\n\n\n\n<p><strong><em>Joail Humberto Rocha de Abreu<br>Economista, Administrador, Ex Presidente da CBA<\/em><\/strong><\/p>\n\n\n\n<p>Com grande surpresa recebi convite da \u201cFRENTE PARLAMENTAR DE APICULTURA E MELIPONICULTURA\u201d para lan\u00e7amento da carteira da CBA.<\/p>\n\n\n\n<p>Esse convite n\u00e3o deveria ter sido feito pela CBA? Onde est\u00e1 a CBA? foi um relan\u00e7amento pol\u00edtico?<br>Eu n\u00e3o queria dizer nada. Pode ferir sensibilidades, desmanchar castelos de areia, coisas e tal, me manifesto em defesa da apicultura nacional, com os ideais dos grandes apicultores, que com uma vis\u00e3o de futuro, do associativismo ap\u00edcola e uni\u00e3o criaram a CBA.<\/p>\n\n\n\n<p>A CBA fundada em 28 de janeiro de 1988, \u00e9 o \u00d3rg\u00e3o m\u00e1ximo de representatividade dos apicultores brasileiros, come\u00e7ando pela uni\u00e3o dos apicultores no campo, que formam as Associa\u00e7\u00f5es. Um grupo de Associa\u00e7\u00f5es formam a Federa\u00e7\u00e3o Estadual.<\/p>\n\n\n\n<p>Todas as Federa\u00e7\u00f5es formam a Confedera\u00e7\u00e3o Brasileira de Apicultura CBA.<br>Para ter um reconhecimento Internacional a CBA filiou-se \u00e0 APIMONDIA, representa\u00e7\u00e3o m\u00e1xima da Apicultura mundial. Portanto o apicultor no campo tem uma representa\u00e7\u00e3o a n\u00edvel mundial com a CBA.<br>A l\u00edngua portuguesa, como dizia um de seus defensores, o ilustre Rui Barbosa, \u00e9 uma das mais belas, rica e representativa.<\/p>\n\n\n\n<p>Algumas palavras definem perfeitamente sua atividade e profiss\u00e3o como no caso:<br>APICULTOR criador de abelhas em geral. APICULTURA arte na cria\u00e7\u00e3o de abelhas europeias<br>Apis Mel\u00edferas.<\/p>\n\n\n\n<p>MELIPONICULTURA arte na cria\u00e7\u00e3o de abelhas melipon\u00edneas sem ferr\u00e3o.<br>Seria o caso de se chamar:<\/p>\n\n\n\n<p>BARBEIRO de cortador de cabelo?<br>M\u00c9DICO de cuidador de doente?<br>MOTORISTA de condutor de autom\u00f3vel?<\/p>\n\n\n\n<p>E assim por diante, na l\u00edngua portuguesa existe uma palavra que define as profiss\u00f5es, ignorar ou desprezar isso \u00e9 uma falta de conhecimento da l\u00edngua p\u00e1tria.<\/p>\n\n\n\n<p>Portanto a \u201cCARTEIRA DE CRIADOR DE ABELHA\u201d deveria ser, de acordo com a l\u00edngua portuguesa, \u201c CARTEIRA DE APICULTOR\u201d, com as especializa\u00e7\u00f5es APICULTURA ou APIS MELIFERAS e MELIPONICULTURA ou MELIPON\u00cdNEOS.<\/p>\n\n\n\n<p>A CONFEDERA\u00c7\u00c3O BRASILEIRA DE APICULTURA CBA, com a entrada da Meliponicultora deveria mudar para \u201c CONFEDERA\u00c7\u00c3O BRASILLEIRA DE APICULTOR\u201d CBA, abrangendo dessa forma todos os \u201ccriadores de abelhas\u201d.<\/p>\n\n\n\n<p>A CBA n\u00e3o pode se transformar em \u201cclube do faz de contas\u201d com \u201cs\u00f3cios\u201d diversos, ela representa unicamente os apicultores e as tradi\u00e7\u00f5es ap\u00edcolas que est\u00e3o sendo abandonadas.<\/p>\n\n\n\n<p>N\u00e3o existe carteira profissional para \u201camigo da profiss\u00e3o\u201d como no caso da carteira da CBA que tem indica\u00e7\u00e3o de \u201cAMIGO DAS ABELHAS\u201d.<\/p>\n\n\n\n<p>Seria o caso de se solicitar \u00e0 ORDEM DOS ADVOGADOS DO BRASIL OAB uma carteira como \u201cAMIGO DOS ADVOGADOS\u201d?<\/p>\n\n\n\n<p>A carteira da CBA tem que ter uma apresenta\u00e7\u00e3o formal, e n\u00e3o festiva, para ter credibilidade e representatividade perante a sociedade.<br>Vamos valorizar a profiss\u00e3o APICULTOR e a nossa CBA.<\/p>\n","protected":false},"excerpt":{"rendered":"<p>Carteira da CBA Joail Humberto Rocha de AbreuEconomista, Administrador, Ex Presidente da CBA Com grande surpresa recebi convite da \u201cFRENTE PARLAMENTAR DE APICULTURA E MELIPONICULTURA\u201d para lan\u00e7amento da carteira da [&hellip;]<\/p>\n","protected":false},"author":1,"featured_media":0,"parent":6500,"menu_order":0,"comment_status":"closed","ping_status":"closed","template":"","meta":{"pmpro_default_level":"","_price":"","_stock":"","_tribe_ticket_header":"","_tribe_default_ticket_provider":"","_tribe_ticket_capacity":"0","_ticket_start_date":"","_ticket_end_date":"","_tribe_ticket_show_description":"","_tribe_ticket_show_not_going":false,"_tribe_ticket_use_global_stock":"","_tribe_ticket_global_stock_level":"","_global_stock_mode":"","_global_stock_cap":"","_tribe_rsvp_for_event":"","_tribe_ticket_going_count":"","_tribe_ticket_not_going_count":"","_tribe_tickets_list":"[]","_tribe_ticket_has_attendee_info_fields":false,"cybocfi_hide_featured_image":"","footnotes":""},"class_list":["post-6499","page","type-page","status-publish","hentry","pmpro-has-access"],"_links":{"self":[{"href":"https:\/\/apacame.org.br\/site\/wp-json\/wp\/v2\/pages\/6499"}],"collection":[{"href":"https:\/\/apacame.org.br\/site\/wp-json\/wp\/v2\/pages"}],"about":[{"href":"https:\/\/apacame.org.br\/site\/wp-json\/wp\/v2\/types\/page"}],"author":[{"embeddable":true,"href":"https:\/\/apacame.org.br\/site\/wp-json\/wp\/v2\/users\/1"}],"replies":[{"embeddable":true,"href":"https:\/\/apacame.org.br\/site\/wp-json\/wp\/v2\/comments?post=6499"}],"version-history":[{"count":2,"href":"https:\/\/apacame.org.br\/site\/wp-json\/wp\/v2\/pages\/6499\/revisions"}],"predecessor-version":[{"id":6518,"href":"https:\/\/apacame.org.br\/site\/wp-json\/wp\/v2\/pages\/6499\/revisions\/6518"}],"up":[{"embeddable":true,"href":"https:\/\/apacame.org.br\/site\/wp-json\/wp\/v2\/pages\/6500"}],"wp:attachment":[{"href":"https:\/\/apacame.org.br\/site\/wp-json\/wp\/v2\/media?parent=6499"}],"curies":[{"name":"wp","href":"https:\/\/api.w.org\/{rel}","templated":true}]}}