{"id":6494,"date":"2024-02-27T03:55:23","date_gmt":"2024-02-27T03:55:23","guid":{"rendered":"https:\/\/apacame.org.br\/site\/?page_id=6494"},"modified":"2024-02-28T03:56:53","modified_gmt":"2024-02-28T03:56:53","slug":"atividade-2","status":"publish","type":"page","link":"https:\/\/apacame.org.br\/site\/revista\/mensagem-doce-n-174-novembro-de-2023\/atividade-2\/","title":{"rendered":"Atividade"},"content":{"rendered":"\n<h2 class=\"wp-block-heading\">APL \u2013 APICULTURA DO ALTO TI\u00caTE<\/h2>\n\n\n\n<p><strong>Texto: Sebasti\u00e3o Doniseti Alexandre<\/strong><\/p>\n\n\n\n<p>No dia 19 de agosto de 2023, a APACAME participou do evento que foi sediado na Universidade de Mogi das Cruzes S.P.<\/p>\n\n\n\n<p>O evento contou com a presen\u00e7a de expositores, palestrantes, diversas oficinas, com uma infra estrutura de primeira qualidade propiciada pelo corpo administrativo da U.M.C.<\/p>\n\n\n\n<p>Entrevistamos a bi\u00f3loga, meliponicultora, apicultora e propriet\u00e1ria da empresa Conex\u00e3o Abelhudos, Wanda Ziviani Alcantara, coordenadora do evento.<\/p>\n\n\n\n<figure class=\"wp-block-image size-full\"><a href=\"https:\/\/apacame.org.br\/site\/wp-content\/uploads\/2024\/02\/apl.jpg\"><img fetchpriority=\"high\" decoding=\"async\" width=\"1000\" height=\"1024\" src=\"https:\/\/apacame.org.br\/site\/wp-content\/uploads\/2024\/02\/apl.jpg\" alt=\"\" class=\"wp-image-6450\" srcset=\"https:\/\/apacame.org.br\/site\/wp-content\/uploads\/2024\/02\/apl.jpg 1000w, https:\/\/apacame.org.br\/site\/wp-content\/uploads\/2024\/02\/apl-293x300.jpg 293w, https:\/\/apacame.org.br\/site\/wp-content\/uploads\/2024\/02\/apl-768x786.jpg 768w, https:\/\/apacame.org.br\/site\/wp-content\/uploads\/2024\/02\/apl-838x858.jpg 838w, https:\/\/apacame.org.br\/site\/wp-content\/uploads\/2024\/02\/apl-415x425.jpg 415w, https:\/\/apacame.org.br\/site\/wp-content\/uploads\/2024\/02\/apl-280x287.jpg 280w, https:\/\/apacame.org.br\/site\/wp-content\/uploads\/2024\/02\/apl-488x500.jpg 488w\" sizes=\"(max-width: 1000px) 100vw, 1000px\" \/><\/a><\/figure>\n\n\n\n<p><strong>P.: O que \u00e9 o APL da apicultura do alto Tiet\u00ea?<\/strong><\/p>\n\n\n\n<p>\u00c9 o arranjo produtivo local, especificamente a APL da apicultura do alto Tiet\u00ea, reconhecida pelo governo do Estado de S\u00e3o Paulo, busca o fortalecimento de toda a cadeia produtiva da apicultura e meliponicultura na regi\u00e3o. Este fortalecimento se d\u00e1 por a\u00e7\u00f5es de educa\u00e7\u00e3o e formaliza\u00e7\u00e3o dos empreendimentos, n\u00e3o s\u00f3 de quem produz mel, mas tamb\u00e9m de quem fornece os insumos necess\u00e1rios para o sucesso da produ\u00e7\u00e3o, como por exemplo, caixas, ferramentas, EPI\u2019s a at\u00e9 mesmo plantas para o pasto melipon\u00edcola e ap\u00edcola. Al\u00e9m destes fatores, tamb\u00e9m comp\u00f5e a APL, as institui\u00e7\u00f5es de ensino t\u00e9cnico e superior, como UMC e FATEC e IF Suzano a fim de contribuir com pesquisas no setor, empresas privadas como Suzano Papel e Celulose e Pantec, oferecendo apoio, SEBRAE ajudando a fortalecer os empreendimentos por meio da formaliza\u00e7\u00e3o do neg\u00f3cio, ONGs como o Instituto Suin\u00e3, al\u00e9m de entidades do governo como a CATI, Defesa Agropecu\u00e1ria e de Fauna, destacam-se tamb\u00e9m entre os agentes a CAMAT e AGRIAPSI.<\/p>\n\n\n\n<p><strong>P.: O que motivou a abordar este tema?<\/strong><\/p>\n\n\n\n<p>A primeira a\u00e7\u00e3o pelas Abelhas do Alto Tiet\u00ea surgiu da urgente necessidade de conscientiza\u00e7\u00e3o de diversos setores da sociedade sobre a import\u00e2ncia das abelhas e de seus servi\u00e7os para o meio ambiente e para a produ\u00e7\u00e3o de alimentos, visto que a cria\u00e7\u00e3o de abelhas \u00e9 o agroneg\u00f3cio que mais ajuda o meio ambiente. O network gerado em eventos do tipo, tamb\u00e9m vem a fortalecer n\u00e3o s\u00f3 a cadeia produtiva da regi\u00e3o, mas de outras regi\u00f5es do estado e do Brasil.<\/p>\n\n\n\n<p><strong>P.: Voc\u00ea recebeu apoio ou foi uma iniciativa solo?<\/strong><\/p>\n\n\n\n<p>Tive o desejo de reunir pessoas que tem interesse em comum pelas abelhas, seja nas artes, na pesquisa, na cria\u00e7\u00e3o, na literatura no fornecimento de insumos para a produ\u00e7\u00e3o e na educa\u00e7\u00e3o ambiental, mas sabia que sozinha n\u00e3o seria poss\u00edvel, por isso, levei a proposta na primeira reuni\u00e3o da APL em fevereiro de 2023. Prontamente os representantes das entidades presentes aprovaram o projeto e j\u00e1 iniciamos ali o planejamento das pr\u00f3ximas a\u00e7\u00f5es para que tudo fosse poss\u00edvel. A universidade de Mogi das Cruzes cedeu o espa\u00e7o e o apoio log\u00edstico com as professoras Renata Scabia e Maria Santina. Sem d\u00favidas a ajuda e participa\u00e7\u00e3o dos membros da APL e dos convidados foi o que fez do evento um sucesso. Entre grupo de trabalho e inscritos, foram mais de 250 pessoas envolvidas.<\/p>\n\n\n\n<p><strong>P.: Como surgiu a id\u00e9ia de uma palestrante personificada de \u201cSEREIA\u201d?<\/strong><\/p>\n\n\n\n<p>Na natureza tudo est\u00e1 conectado de alguma forma, \u00e9 preciso \u201cpensar fora da caixa\u201d para agregar conhecimento, pois n\u00e3o podemos mais pensar de forma isolada se quisermos garantir o futuro das abelhas. J\u00e1 conhec\u00edamos o trabalho da bi\u00f3loga e meliponicultora Camila Postal, como \u201cSereia Luthien\u201d, que de forma l\u00fadica, chama a aten\u00e7\u00e3o da popula\u00e7\u00e3o para as causas ambientais principalmente em rela\u00e7\u00e3o aos oceanos. Como o objetivo do evento era trazer quest\u00f5es inovadoras e surpreender o p\u00fablico, o convite foi feito e realmente se tornou um diferencial, pois \u00e9 sabido que existe uma rela\u00e7\u00e3o entre abelhas e oceanos e da influ\u00eancia<\/p>\n\n\n\n<p>destes pequenos insetos na sa\u00fade das \u00e1guas, que normalmente n\u00e3o \u00e9 abordada nos eventos do segmento.<\/p>\n\n\n\n<p><strong>P.: O que voc\u00ea espera como frutos deste evento no m\u00e9dio e longo prazo ocorrer\u00e3o outros eventos neste mesmo seguimento?<\/strong><\/p>\n\n\n\n<p>Os objetivos foram: Formar mais protetores de abelhas inclusive crian\u00e7as e jovens, gerar nos estudantes a necessidade de se tornarem pesquisadores das abelhas e seus ecossistemas, nos empres\u00e1rios o desenvolvimento de inova\u00e7\u00e3o no setor e no poder p\u00fablico o apoio de editais para uma casa de beneficiamento de mel e derivados com selos de inspe\u00e7\u00e3o, legalizando os produtos locais que j\u00e1 s\u00e3o de \u00f3tima qualidade, fortalecendo assim nossas marcas no mercado. Podemos incluir tamb\u00e9m nos objetivos incentivar o consumo de artesanatos e de produtos da agricultura familiar e apoio a literaturas relacionadas \u00e0s abelhas.<\/p>\n\n\n\n<p>Temos recebido muitos convites para que haja um pr\u00f3ximo evento, mas ainda \u00e9 preciso planejar e verificar a disponibilidade dos parceiros em contribuir para uma segunda edi\u00e7\u00e3o da A\u00e7\u00e3o pelas Abelhas. Por\u00e9m, outros APLs e iniciativas t\u00eam promovido eventos semelhantes em todo o Brasil.<\/p>\n\n\n\n<p><strong>P.: Qual a sua opini\u00e3o sobre o evento como um todo? O objetivo foi alcan\u00e7ado?<\/strong><\/p>\n\n\n\n<p>Eu prefiro n\u00e3o citar minha opini\u00e3o, mas sim a dos participantes, que nos escreveram ap\u00f3s o t\u00e9rmino parabenizando a APL, pelo que classificaram como evento mais organizado que j\u00e1 participaram, outros citando a cordialidade e carinho com que foram acolhidos, outros ainda elogiando a diversidade de temas propostos. Vimos pessoas ao final de um dia inteiro falando sobre abelhas, indo embora com brilho nos olhos, sorrisos e abra\u00e7os, com esperan\u00e7a, por isso, podemos dizer que muitos objetivos foram alcan\u00e7ados, mas ainda esperamos o apoio do poder p\u00fablico para tornar real nossa unidade de beneficiamento e inspe\u00e7\u00e3o do mel.<\/p>\n\n\n\n<p><strong>P.: Qual sentimento resume o p\u00f3s evento?<\/strong><\/p>\n\n\n\n<p>Gratid\u00e3o, esperan\u00e7a e amor pelas pessoas que ajudam a salvar as abelhas, pois todos ali estavam voluntariamente e \u00e9 muito inspirador ver que existe tanta gente empenhada na mesma causa.<\/p>\n\n\n\n<p><strong>P.: Se algu\u00e9m quiser entrar em contato, como pode te encontrar?<\/strong><\/p>\n\n\n\n<p>Pelo whatsapp 11 963453711 Instagram mandando um direct no @conexaoabelhudos.<\/p>\n\n\n<div class=\"wp-block-image\">\n<figure class=\"aligncenter size-large is-resized\"><a href=\"https:\/\/apacame.org.br\/site\/wp-content\/uploads\/2024\/02\/apl2.jpg\"><img decoding=\"async\" width=\"639\" height=\"1024\" src=\"https:\/\/apacame.org.br\/site\/wp-content\/uploads\/2024\/02\/apl2-639x1024.jpg\" alt=\"\" class=\"wp-image-6457\" style=\"width:639px;height:auto\" srcset=\"https:\/\/apacame.org.br\/site\/wp-content\/uploads\/2024\/02\/apl2-639x1024.jpg 639w, https:\/\/apacame.org.br\/site\/wp-content\/uploads\/2024\/02\/apl2-187x300.jpg 187w, https:\/\/apacame.org.br\/site\/wp-content\/uploads\/2024\/02\/apl2-768x1231.jpg 768w, https:\/\/apacame.org.br\/site\/wp-content\/uploads\/2024\/02\/apl2-958x1536.jpg 958w, https:\/\/apacame.org.br\/site\/wp-content\/uploads\/2024\/02\/apl2-838x1344.jpg 838w, https:\/\/apacame.org.br\/site\/wp-content\/uploads\/2024\/02\/apl2-415x665.jpg 415w, https:\/\/apacame.org.br\/site\/wp-content\/uploads\/2024\/02\/apl2-225x360.jpg 225w, https:\/\/apacame.org.br\/site\/wp-content\/uploads\/2024\/02\/apl2-312x500.jpg 312w, https:\/\/apacame.org.br\/site\/wp-content\/uploads\/2024\/02\/apl2.jpg 1200w\" sizes=\"(max-width: 639px) 100vw, 639px\" \/><\/a><\/figure><\/div>","protected":false},"excerpt":{"rendered":"<p>APL \u2013 APICULTURA DO ALTO TI\u00caTE Texto: Sebasti\u00e3o Doniseti Alexandre No dia 19 de agosto de 2023, a APACAME participou do evento que foi sediado na Universidade de Mogi das [&hellip;]<\/p>\n","protected":false},"author":1,"featured_media":0,"parent":6500,"menu_order":0,"comment_status":"closed","ping_status":"closed","template":"","meta":{"pmpro_default_level":"","_price":"","_stock":"","_tribe_ticket_header":"","_tribe_default_ticket_provider":"","_tribe_ticket_capacity":"0","_ticket_start_date":"","_ticket_end_date":"","_tribe_ticket_show_description":"","_tribe_ticket_show_not_going":false,"_tribe_ticket_use_global_stock":"","_tribe_ticket_global_stock_level":"","_global_stock_mode":"","_global_stock_cap":"","_tribe_rsvp_for_event":"","_tribe_ticket_going_count":"","_tribe_ticket_not_going_count":"","_tribe_tickets_list":"[]","_tribe_ticket_has_attendee_info_fields":false,"cybocfi_hide_featured_image":"","footnotes":""},"class_list":["post-6494","page","type-page","status-publish","hentry","pmpro-has-access"],"_links":{"self":[{"href":"https:\/\/apacame.org.br\/site\/wp-json\/wp\/v2\/pages\/6494"}],"collection":[{"href":"https:\/\/apacame.org.br\/site\/wp-json\/wp\/v2\/pages"}],"about":[{"href":"https:\/\/apacame.org.br\/site\/wp-json\/wp\/v2\/types\/page"}],"author":[{"embeddable":true,"href":"https:\/\/apacame.org.br\/site\/wp-json\/wp\/v2\/users\/1"}],"replies":[{"embeddable":true,"href":"https:\/\/apacame.org.br\/site\/wp-json\/wp\/v2\/comments?post=6494"}],"version-history":[{"count":2,"href":"https:\/\/apacame.org.br\/site\/wp-json\/wp\/v2\/pages\/6494\/revisions"}],"predecessor-version":[{"id":6516,"href":"https:\/\/apacame.org.br\/site\/wp-json\/wp\/v2\/pages\/6494\/revisions\/6516"}],"up":[{"embeddable":true,"href":"https:\/\/apacame.org.br\/site\/wp-json\/wp\/v2\/pages\/6500"}],"wp:attachment":[{"href":"https:\/\/apacame.org.br\/site\/wp-json\/wp\/v2\/media?parent=6494"}],"curies":[{"name":"wp","href":"https:\/\/api.w.org\/{rel}","templated":true}]}}