{"id":6343,"date":"2024-02-27T23:52:54","date_gmt":"2024-02-27T23:52:54","guid":{"rendered":"https:\/\/apacame.org.br\/site\/?page_id=6343"},"modified":"2024-02-27T23:54:21","modified_gmt":"2024-02-27T23:54:21","slug":"artigo-4","status":"publish","type":"page","link":"https:\/\/apacame.org.br\/site\/revista\/mensagem-doce-n-172-julho-de-2023\/artigo-4\/","title":{"rendered":"Artigo"},"content":{"rendered":"\n<h2 class=\"wp-block-heading\">P\u00f3len de Abelha: Evid\u00eancias Atuais sobre aplica\u00e7\u00f5es e benef\u00edcios \u00e0 sa\u00fade<\/h2>\n\n\n<div class=\"wp-block-image\">\n<figure class=\"alignleft size-full is-resized\"><a href=\"https:\/\/apacame.org.br\/site\/wp-content\/uploads\/2024\/02\/apacame-dr-michel.jpg\"><img fetchpriority=\"high\" decoding=\"async\" width=\"458\" height=\"484\" src=\"https:\/\/apacame.org.br\/site\/wp-content\/uploads\/2024\/02\/apacame-dr-michel.jpg\" alt=\"\" class=\"wp-image-6377\" style=\"width:auto;height:300px\" srcset=\"https:\/\/apacame.org.br\/site\/wp-content\/uploads\/2024\/02\/apacame-dr-michel.jpg 458w, https:\/\/apacame.org.br\/site\/wp-content\/uploads\/2024\/02\/apacame-dr-michel-284x300.jpg 284w, https:\/\/apacame.org.br\/site\/wp-content\/uploads\/2024\/02\/apacame-dr-michel-415x439.jpg 415w, https:\/\/apacame.org.br\/site\/wp-content\/uploads\/2024\/02\/apacame-dr-michel-280x296.jpg 280w\" sizes=\"(max-width: 458px) 100vw, 458px\" \/><\/a><figcaption class=\"wp-element-caption\">Dr. Michael Marques &#8211; M\u00e9dico, palestrante e escritor &#8211; Forma\u00e7\u00f5es Brasil, Alemanha e It\u00e1lia &#8211; Professor em v\u00e1rias p\u00f3s-gradua\u00e7\u00f5es &#8211; Cofundador do Instituto Ol\u00edbano &#8211; Apicultor e meliponicultor<\/figcaption><\/figure><\/div>\n\n\n<p>O p\u00f3len de abelha \u00e9 um coquetel natural de p\u00f3len de flores, n\u00e9ctar floral, enzimas e secre\u00e7\u00f5es salivares produzidas pelas abelhas;<br>\u00e9 rico em diversos nutrientes e compostos bioativos, incluindo prote\u00ednas, carboidratos, \u00e1cidos graxos, vitaminas, polifen\u00f3is, fitoester\u00f3is, pigmentos caroten\u00f3ides, enzimas e coenzimas.<\/p>\n\n\n\n<p>Um dos flavon\u00f3ides mais abundantes no p\u00f3len de abelha \u00e9 a quercetina, um composto amplamente estudado e conhecido pelas suas propriedades farmacol\u00f3gicas, com destaque para o seu potencial na redu\u00e7\u00e3o da inflama\u00e7\u00e3o e atividade antioxidante.<\/p>\n\n\n\n<p>Al\u00e9m do valor nutritivo, o p\u00f3len ap\u00edcola tamb\u00e9m possui efeito antibacteriano, antioxidante, anti-ateroscler\u00f3tico, anticancer\u00edgeno, antial\u00e9rgico, anti-f\u00fangico, quimiopreventivo, hepatoprotetor e imunomodulador, segundo estudos in vitro e vivo.<\/p>\n\n\n\n<p>Sendo o uso cl\u00ednico (por humanos) do p\u00f3len de abelha avaliado em estudos para alergias, doen\u00e7as da pr\u00f3stata, doen\u00e7as de pele e c\u00e2ncer. A seguir relatamos os principais avan\u00e7os do uso medicinal e alimentar do p\u00f3len de abelha:<\/p>\n\n\n\n<p><strong>Doen\u00e7as al\u00e9rgicas e dist\u00farbios relacionados \u00e0 imunidade: <\/strong>o consumo de p\u00f3len teve impacto positivo sobre a estimula\u00e7\u00e3o da imunidade e sobre a preven\u00e7\u00e3o e melhora de quadros al\u00e9rgicos como rinite al\u00e9rgica e asma sazonal.<\/p>\n\n\n\n<p><strong>Prostatite (pr\u00f3stata inflamada): <\/strong>eficaz contra condi\u00e7\u00f5es prost\u00e1ticas indesej\u00e1veis devido \u00e0s suas propriedades anti-inflamat\u00f3ria e antiandrog\u00eanica.<\/p>\n\n\n\n<p><strong>Doen\u00e7as de pele (aplica\u00e7\u00e3o em cosm\u00e9ticos): <\/strong>previne o desenvolvimento de fungos e, por isso, \u00e9 amplamente utilizado em xampus anticaspa, cremes e condicionadores.<\/p>\n\n\n\n<p><strong>Aplica\u00e7\u00e3o alimentar:<\/strong> alto valor nutricional, como antioxidante natural aumenta a preserva\u00e7\u00e3o dos alimentos e tamb\u00e9m possui propriedades tecnofuncionais (solubilidade de prote\u00ednas, solubilidade de carboidratos e capacidade emulsificante).<\/p>\n\n\n\n<p>Al\u00e9m disso, estudos adicionais (que envolvem at\u00e9 patentes) de formula\u00e7\u00f5es com p\u00f3len de abelha em combina\u00e7\u00e3o com outros compostos bioativos demostram resultados promissores no tratamento de doen\u00e7as cr\u00f4nicas como diabetes, hiperdislipidemia, c\u00e2ncer, doen\u00e7as cardiovasculares e de doen\u00e7as infecciosas (efeito antimicrobiano e antiviral).<\/p>\n","protected":false},"excerpt":{"rendered":"<p>P\u00f3len de Abelha: Evid\u00eancias Atuais sobre aplica\u00e7\u00f5es e benef\u00edcios \u00e0 sa\u00fade O p\u00f3len de abelha \u00e9 um coquetel natural de p\u00f3len de flores, n\u00e9ctar floral, enzimas e secre\u00e7\u00f5es salivares produzidas [&hellip;]<\/p>\n","protected":false},"author":1,"featured_media":0,"parent":6326,"menu_order":0,"comment_status":"closed","ping_status":"closed","template":"","meta":{"pmpro_default_level":"0","_price":"","_stock":"","_tribe_ticket_header":"","_tribe_default_ticket_provider":"","_tribe_ticket_capacity":"0","_ticket_start_date":"","_ticket_end_date":"","_tribe_ticket_show_description":"","_tribe_ticket_show_not_going":false,"_tribe_ticket_use_global_stock":"","_tribe_ticket_global_stock_level":"","_global_stock_mode":"","_global_stock_cap":"","_tribe_rsvp_for_event":"","_tribe_ticket_going_count":"","_tribe_ticket_not_going_count":"","_tribe_tickets_list":"[]","_tribe_ticket_has_attendee_info_fields":false,"cybocfi_hide_featured_image":"","footnotes":""},"class_list":["post-6343","page","type-page","status-publish","hentry","pmpro-has-access"],"_links":{"self":[{"href":"https:\/\/apacame.org.br\/site\/wp-json\/wp\/v2\/pages\/6343"}],"collection":[{"href":"https:\/\/apacame.org.br\/site\/wp-json\/wp\/v2\/pages"}],"about":[{"href":"https:\/\/apacame.org.br\/site\/wp-json\/wp\/v2\/types\/page"}],"author":[{"embeddable":true,"href":"https:\/\/apacame.org.br\/site\/wp-json\/wp\/v2\/users\/1"}],"replies":[{"embeddable":true,"href":"https:\/\/apacame.org.br\/site\/wp-json\/wp\/v2\/comments?post=6343"}],"version-history":[{"count":4,"href":"https:\/\/apacame.org.br\/site\/wp-json\/wp\/v2\/pages\/6343\/revisions"}],"predecessor-version":[{"id":6391,"href":"https:\/\/apacame.org.br\/site\/wp-json\/wp\/v2\/pages\/6343\/revisions\/6391"}],"up":[{"embeddable":true,"href":"https:\/\/apacame.org.br\/site\/wp-json\/wp\/v2\/pages\/6326"}],"wp:attachment":[{"href":"https:\/\/apacame.org.br\/site\/wp-json\/wp\/v2\/media?parent=6343"}],"curies":[{"name":"wp","href":"https:\/\/api.w.org\/{rel}","templated":true}]}}