{"id":5794,"date":"2023-06-20T21:17:57","date_gmt":"2023-06-20T21:17:57","guid":{"rendered":"https:\/\/apacame.org.br\/site\/?page_id=5794"},"modified":"2023-06-20T21:17:57","modified_gmt":"2023-06-20T21:17:57","slug":"artigo-9","status":"publish","type":"page","link":"https:\/\/apacame.org.br\/site\/revista\/mensagem-doce-n-171-maio-de-2023\/artigo-9\/","title":{"rendered":"Artigo"},"content":{"rendered":"<h1 style=\"text-align: center;\">50 anos da APIRIO<\/h1>\n<blockquote><p>Selma de Oliveira Chaves<\/p><\/blockquote>\n<p><span style=\"font-size: large;\">Valter Gressler nasceu em 14 de abril de 1927 em Rio Pardo &#8211; RS. Ap\u00f3s algumas mudan\u00e7as de domic\u00edlio e munic\u00edpio ainda pequeno, entre elas, Santa Maria e Caxias do Sul.<\/span><\/p>\n<p><span style=\"font-size: large;\">Aos oito anos de idade em f\u00e9rias numa fazenda de arroz pela primeira vez teve seu contato com as abelhas tendo provocado no menino, um grande aprendizado. Mais tarde em Caxias do Sul-RS e com desejo de ser engenheiro naval partiu para Porto Alegre onde desviou-se do seu interesse primeiro e entrou para a escola preparat\u00f3ria de cadetes, Cursando Academia militar de Agulhas Negras em Resende RJ, seguindo ent\u00e3o a carreira militar.<\/span><\/p>\n<figure id=\"attachment_5795\" aria-describedby=\"caption-attachment-5795\" style=\"width: 300px\" class=\"wp-caption alignright\"><a href=\"https:\/\/apacame.org.br\/site\/wp-content\/uploads\/2023\/06\/Foto-1_Api-Rio.jpg\"><img decoding=\"async\" class=\"size-medium wp-image-5795\" src=\"https:\/\/apacame.org.br\/site\/wp-content\/uploads\/2023\/06\/Foto-1_Api-Rio-300x152.jpg\" alt=\"Foto 1 Valter Gressler e Elcio Xavier, em comemora\u00e7\u00e3o de 50 anos da API-RIO.\" width=\"300\" height=\"152\" srcset=\"https:\/\/apacame.org.br\/site\/wp-content\/uploads\/2023\/06\/Foto-1_Api-Rio-300x152.jpg 300w, https:\/\/apacame.org.br\/site\/wp-content\/uploads\/2023\/06\/Foto-1_Api-Rio-150x76.jpg 150w, https:\/\/apacame.org.br\/site\/wp-content\/uploads\/2023\/06\/Foto-1_Api-Rio-500x253.jpg 500w, https:\/\/apacame.org.br\/site\/wp-content\/uploads\/2023\/06\/Foto-1_Api-Rio.jpg 770w\" sizes=\"(max-width: 300px) 100vw, 300px\" \/><\/a><figcaption id=\"caption-attachment-5795\" class=\"wp-caption-text\">Foto 1 Valter Gressler e Elcio Xavier, em comemora\u00e7\u00e3o de 50 anos da API-RIO.<\/figcaption><\/figure>\n<p><span style=\"font-size: large;\">Em 1971 j\u00e1 na vida civil, entrou para a universidade do Brasil hoje UFRJ, formando-se em administra\u00e7\u00e3o de empresas.<\/span><\/p>\n<p><span style=\"font-size: large;\"> Seu primeiro curso de apicultura foi feito em meados de 1971 na secretaria de agricultura de Niter\u00f3i onde foi apresentado \u00e0 escola Wenceslau Belo onde foi convidado a participar na cria\u00e7\u00e3o de uma associa\u00e7\u00e3o de apicultores tornando-se ent\u00e3o s\u00f3cio fundador da Associa\u00e7\u00e3o Guanabarina de Apicultores (AGA) Associa\u00e7\u00e3o esta, que possu\u00eda um boletim mensal criado pelo ent\u00e3o presidente Adolfo Max e denominada \u201cO Enxame\u201d, onde Valter Gressler teve a participa\u00e7\u00e3o constante como colaborador neste peri\u00f3dico.<\/span><\/p>\n<p><span style=\"font-size: large;\">Na gest\u00e3o seguinte da AGA, o ent\u00e3o presidente Sr. Elcio Xavier juntamente com Valter Gressler criaram um novo informativo mensal denominado \u201cO Api\u00e1rio\u201d e nesta ocasi\u00e3o, a AGA passou a ser denominada ent\u00e3o Api-Rio.<\/span><\/p>\n<p><span style=\"font-size: large;\">Esse informativo ficou conhecido em todo Brasil e tamb\u00e9m no exterior. Um fato interessante por esta ocasi\u00e3o foi a apresenta\u00e7\u00e3o a n\u00f3s pelo pai de Lauro Pantoja uma centrifuga de origem francesa feita em madeira que funcionava na vertical como uma roda gigante e essa centrifuga existe ainda hoje. Essa apresenta\u00e7\u00e3o inusitada, gerou nos apicultores, o interesse e vontade em confeccionar outra centr\u00edfuga semelhante a europeia, fato que acabou n\u00e3o acontecendo.<\/span><\/p>\n<p><span style=\"font-size: large;\">Outro expoente da Api-Rio foi Francisco Cardoso da Fonseca, associado e apicultor que se tornou um grande mestre da apicultura e conhecido pela produ\u00e7\u00e3o de lindas abelhas \u00e1ureas. Francisco, um ex cabo do Ex\u00e9rcito que se dedicou intimamente \u00e0 pesquisa gen\u00e9tica das abelhas. Dotado de grande paci\u00eancia e dedica\u00e7\u00e3o, sentava-se ao lado do alvado no escuro, para observar a movimenta\u00e7\u00e3o das abelhas nos primeiros raios de sol pela manh\u00e3.<\/span><\/p>\n<figure id=\"attachment_5796\" aria-describedby=\"caption-attachment-5796\" style=\"width: 136px\" class=\"wp-caption alignleft\"><a href=\"https:\/\/apacame.org.br\/site\/wp-content\/uploads\/2023\/06\/Foto-2_Api-Rio.jpg\"><img decoding=\"async\" class=\"size-medium wp-image-5796\" src=\"https:\/\/apacame.org.br\/site\/wp-content\/uploads\/2023\/06\/Foto-2_Api-Rio-136x300.jpg\" alt=\"Foto 3 Valter Gressler e Elcio Xavier\" width=\"136\" height=\"300\" srcset=\"https:\/\/apacame.org.br\/site\/wp-content\/uploads\/2023\/06\/Foto-2_Api-Rio-136x300.jpg 136w, https:\/\/apacame.org.br\/site\/wp-content\/uploads\/2023\/06\/Foto-2_Api-Rio-150x331.jpg 150w, https:\/\/apacame.org.br\/site\/wp-content\/uploads\/2023\/06\/Foto-2_Api-Rio-227x500.jpg 227w, https:\/\/apacame.org.br\/site\/wp-content\/uploads\/2023\/06\/Foto-2_Api-Rio.jpg 354w\" sizes=\"(max-width: 136px) 100vw, 136px\" \/><\/a><figcaption id=\"caption-attachment-5796\" class=\"wp-caption-text\">Foto 3 Valter Gressler e Elcio Xavier<\/figcaption><\/figure>\n<p><span style=\"font-size: large;\">Em um congresso na cidade de Florian\u00f3polis SC, foi apresentada toda a quest\u00e3o do acasalamento m\u00faltiplo e neste momento, Francisco ainda desconhecia esse fato e valentemente gritou \u201cminhas princesas n\u00e3o s\u00e3o prostitutas\u201d.<\/span><\/p>\n<p><span style=\"font-size: large;\">Partindo das abelhas amarelas alem\u00e3s por sele\u00e7\u00e3o, chegou \u00e0s lindas abelhas \u00e1ureas. Com o tempo, as abelhas importadas mostravam-se pouco produtivas e ent\u00e3o, o governo decidiu introduzir uma nova esp\u00e9cie para a melhoria da produ\u00e7\u00e3o com a chegada da abelha africana Adansoni reclassificada scutelata.<\/span><\/p>\n<p><span style=\"font-size: large;\">Foi um desastre por ser fortemente defensiva, entretanto, mostrando-se muito boa produtora de mel. <\/span><\/p>\n<p><span style=\"font-size: large;\">Valter Gressler, num congresso de apicultura apresentou a necessidade de identificar-se as rainhas atrav\u00e9s do uso de cores, como adotadas na Europa, que indicassem o seu ano de nascimento. <\/span><\/p>\n<p><span style=\"font-size: large;\">Dando continuidade em sua vida ap\u00edcola, Valter Gressler foi professor de apicultura na escola Venceslau Belo com intensa dedica\u00e7\u00e3o ao desenvolvimento da apicultura brasileira e atuando na Api-Rio por 50 anos, quando em 2022 foi festejado o Jubileu de Ouro da Associa\u00e7\u00e3o.<\/span><\/p>\n<p><span style=\"font-size: large;\"> Colaborador incans\u00e1vel na forma\u00e7\u00e3o e cria\u00e7\u00e3o de muitas associa\u00e7\u00f5es ap\u00edcolas e na elabora\u00e7\u00e3o de seus estatutos, al\u00e9m de participar em todos os congressos brasileiros. <\/span><\/p>\n<p><span style=\"font-size: large;\">Autor do livro de t\u00e9cnicas ap\u00edcolas denominado \u201cDicas, macetes e quebra-galhos\u201d Foi expoente na produ\u00e7\u00e3o de cera alveolada de qualidade e pureza superior, sendo reconhecida por apicultores de todo o Brasil.<\/span><\/p>\n<p><span style=\"font-size: large;\"> Em sua carpintaria localizada em seu s\u00edtio em Seropedica- RJ Confeccionou-se durante anos, materiais ap\u00edcolas como alimentadores de alvado e de teto, telas de ventila\u00e7\u00e3o.<\/span><\/p>\n<p><span style=\"font-size: large;\">Destacando-se o jubileu de Ouro da Api-Rio em 22 de setembro de 2022 ocorreu a comemora\u00e7\u00e3o dos 50 anos de trabalho da Api-Rio, promovendo o encontro de antigos membros desta associa\u00e7\u00e3o a saber: Elcio Xavier, Paulo Santana, Lauro Pantoja e Valter Gressler<\/span><\/p>\n","protected":false},"excerpt":{"rendered":"<p>50 anos da APIRIO Selma de Oliveira Chaves Valter Gressler nasceu em 14 de abril de 1927 em Rio Pardo &#8211; RS. Ap\u00f3s algumas mudan\u00e7as de domic\u00edlio e munic\u00edpio ainda [&hellip;]<\/p>\n","protected":false},"author":20,"featured_media":0,"parent":5694,"menu_order":0,"comment_status":"open","ping_status":"open","template":"","meta":{"pmpro_default_level":"","_price":"","_stock":"","_tribe_ticket_header":"","_tribe_default_ticket_provider":"","_tribe_ticket_capacity":"0","_ticket_start_date":"","_ticket_end_date":"","_tribe_ticket_show_description":"","_tribe_ticket_show_not_going":false,"_tribe_ticket_use_global_stock":"","_tribe_ticket_global_stock_level":"","_global_stock_mode":"","_global_stock_cap":"","_tribe_rsvp_for_event":"","_tribe_ticket_going_count":"","_tribe_ticket_not_going_count":"","_tribe_tickets_list":"[]","_tribe_ticket_has_attendee_info_fields":false,"cybocfi_hide_featured_image":"","footnotes":""},"class_list":["post-5794","page","type-page","status-publish","hentry","pmpro-has-access"],"_links":{"self":[{"href":"https:\/\/apacame.org.br\/site\/wp-json\/wp\/v2\/pages\/5794"}],"collection":[{"href":"https:\/\/apacame.org.br\/site\/wp-json\/wp\/v2\/pages"}],"about":[{"href":"https:\/\/apacame.org.br\/site\/wp-json\/wp\/v2\/types\/page"}],"author":[{"embeddable":true,"href":"https:\/\/apacame.org.br\/site\/wp-json\/wp\/v2\/users\/20"}],"replies":[{"embeddable":true,"href":"https:\/\/apacame.org.br\/site\/wp-json\/wp\/v2\/comments?post=5794"}],"version-history":[{"count":2,"href":"https:\/\/apacame.org.br\/site\/wp-json\/wp\/v2\/pages\/5794\/revisions"}],"predecessor-version":[{"id":5798,"href":"https:\/\/apacame.org.br\/site\/wp-json\/wp\/v2\/pages\/5794\/revisions\/5798"}],"up":[{"embeddable":true,"href":"https:\/\/apacame.org.br\/site\/wp-json\/wp\/v2\/pages\/5694"}],"wp:attachment":[{"href":"https:\/\/apacame.org.br\/site\/wp-json\/wp\/v2\/media?parent=5794"}],"curies":[{"name":"wp","href":"https:\/\/api.w.org\/{rel}","templated":true}]}}