{"id":5713,"date":"2023-06-19T22:31:03","date_gmt":"2023-06-19T22:31:03","guid":{"rendered":"https:\/\/apacame.org.br\/site\/?page_id=5713"},"modified":"2023-06-19T22:37:10","modified_gmt":"2023-06-19T22:37:10","slug":"artigo-2","status":"publish","type":"page","link":"https:\/\/apacame.org.br\/site\/revista\/mensagem-doce-n-171-maio-de-2023\/artigo-2\/","title":{"rendered":"Artigo"},"content":{"rendered":"<h1 style=\"text-align: center;\">AGROTOXICOS E ABELHAS?<br \/>\nO QUE EST\u00c1 SENDO FEITO?<br \/>\nQUAL O CUSTO DESTAS PERDAS PARA OS CRIADORES DE ABELHAS?<br \/>\nO QUE MAIS TEMOS QUE FAZER?<\/h1>\n<blockquote><p>Profa. Dra. Lidia Maria Ruv Carelli Barreto &#8211; EBRAMEAGRO\/UNITAU, atual coordenadora do GT Mortandade das Abelhas na C\u00e2mara Setorial da Cadeia Produtiva do Mel e Produtos das Abelhas.<\/p><\/blockquote>\n<p><span style=\"font-size: large;\">A cada dia se depara nas m\u00eddias com a triste not\u00edcia sobre morte de abelhas por agrot\u00f3xicos em todo o territ\u00f3rio nacional. A C\u00e2mara Setorial da Cadeia Produtiva do Mel e Produtos das Abelhas, abrangendo tamb\u00e9m as abelhas sem ferr\u00e3o, desde 2018 vem trabalhando com um grupo de representantes das mais diversas institui\u00e7\u00f5es p\u00fablicas e privadas como: MAPA, MMAMC, CBA, CNA, CTC-CBA, ABEMEL, SINDIVEG e ABELHA, na constru\u00e7\u00e3o de propostas de mitiga\u00e7\u00e3o da problem\u00e1tica envolvendo a mortandade de abelhas causada pelo mau uso dos defensivos agr\u00edcolas. <\/span><\/p>\n<p><span style=\"font-size: large;\">Assim, viabilizada pelo per\u00edodo pand\u00eamico, as reuni\u00f5es iniciaram pelo sistema de v\u00eddeo confer\u00eancia, dando celeridade aos trabalhos. No ano de 2021 e 2022 trabalhou-se num anteprojeto para desenvolvimento de responsabilidades relacionadas \u00e0s quest\u00f5es identificadas por este GT como principais para redu\u00e7\u00e3o da alta mortandade aguda das abelhas e desenvolvimento do setor ap\u00edcola e meliponicola. O resultado do trabalho teve como escopo, propostas de curto, m\u00e9dio e longo prazo, aliadas \u00e0s responsabilidades do setor p\u00fablico, privado ou ambos como segue:<\/span><\/p>\n<p><span style=\"font-size: large;\">Estrat\u00e9gias de a\u00e7\u00f5es que pretendem mitigar a mortandade das abelhas no Brasil Encaminhada \u00e0 CSMEL em 2022.<\/span><\/p>\n<p><span style=\"font-size: large;\"><b>A Curto Prazo:<\/b><\/span><\/p>\n<p><span style=\"font-size: large;\">1 \u2013 Elabora\u00e7\u00e3o e implanta\u00e7\u00e3o de um Cadastro \u00danico Nacional de apicultores e meliponicultores<\/span><\/p>\n<p><span style=\"font-size: large;\">2 \u2013 Defini\u00e7\u00e3o das t\u00e9cnicas laboratoriais a serem realizadas em casos de doen\u00e7as e intoxica\u00e7\u00f5es em abelhas.<\/span><\/p>\n<p><span style=\"font-size: large;\">3 \u2013 Elabora\u00e7\u00e3o de protocolo \u00fanico, padronizado, de comunica\u00e7\u00e3o de mortandade aguda das abelhas\/colmeias, contendo informa\u00e7\u00f5es b\u00e1sicas para facilitar a comunica\u00e7\u00e3o do criador de abelhas com os agentes respons\u00e1veis.<\/span><\/p>\n<p><span style=\"font-size: large;\">4 \u2013 Organiza\u00e7\u00e3o e incremento das a\u00e7\u00f5es relacionadas \u00e0 legisla\u00e7\u00e3o para o uso dos agrot\u00f3xicos<\/span><\/p>\n<p><span style=\"font-size: large;\">5 \u2013 Desenvolvimento de um programa cont\u00ednuo para capacita\u00e7\u00e3o de agricultores e criadores de abelhas em boas pr\u00e1ticas agropecu\u00e1rias.<\/span><\/p>\n<p><span style=\"font-size: large;\">6 \u2013 Est\u00edmulo \u00e0 formaliza\u00e7\u00e3o do pasto ap\u00edcola, organiza\u00e7\u00e3o de Protocolo de Rela\u00e7\u00e3o Harm\u00f4nica entre criador de abelhas e agricultor e Protocolo de Relacionamento e de Comunica\u00e7\u00e3o.<\/span><\/p>\n<p><span style=\"font-size: large;\">7 \u2013 Cria\u00e7\u00e3o\/Reativa\u00e7\u00e3o dos Comit\u00eas Estaduais de Sanidade das Abelhas (PNSA).<\/span><\/p>\n<p><span style=\"font-size: large;\"><b>A M\u00e9dio Prazo<\/b><\/span><\/p>\n<p><span style=\"font-size: large;\">1 \u2013 Amplia\u00e7\u00e3o dos programas que atuam na forma\u00e7\u00e3o de aplicadores de defensivos e revis\u00e3o das exig\u00eancias necess\u00e1rias para a aplica\u00e7\u00e3o dos defensivos<\/span><\/p>\n<p><span style=\"font-size: large;\">2 \u2013 Organiza\u00e7\u00e3o e incremento das a\u00e7\u00f5es relacionadas \u00e0 legisla\u00e7\u00e3o para o uso dos agrot\u00f3xicos.<\/span><\/p>\n<p><span style=\"font-size: large;\">3 \u2013 Desenvolvimento de um programa cont\u00ednuo para capacita\u00e7\u00e3o de agricultores e criadores de abelhas em boas pr\u00e1ticas agropecu\u00e1rias.<\/span><\/p>\n<p><span style=\"font-size: large;\">4 \u2013 Investimento nos laborat\u00f3rios das universidades p\u00fablicas e dos centros de pesquisas, por meio de edital p\u00fablico, visando dar suporte ao PNSAp.<\/span><\/p>\n<p><span style=\"font-size: large;\">5 \u2013 Realiza\u00e7\u00e3o de um estudo econ\u00f4mico do setor.<\/span><\/p>\n<p><span style=\"font-size: large;\">6 \u2013 Incentivar os produtores rurais a participarem do Programa de Recupera\u00e7\u00e3o Ambiental (PRA) por meio da associa\u00e7\u00e3o da pr\u00e1tica da apicultura ou da meliponicultura em suas reservas<\/span><\/p>\n<p><span style=\"font-size: large;\">7\u2013 Formaliza\u00e7\u00e3o das abelhas como insumo agr\u00edcola.<\/span><\/p>\n<p><span style=\"font-size: large;\">8 \u2013 Promover a inclus\u00e3o das abelhas no curr\u00edculo das profiss\u00f5es.<\/span><\/p>\n<p><span style=\"font-size: large;\">9 \u2013 Realizar Mapeamento Nacional de \u00e1rea propicia para a Cria\u00e7\u00e3o de Abelhas.<\/span><\/p>\n<p><span style=\"font-size: large;\"><b>A Longo Prazo<\/b><\/span><\/p>\n<p><span style=\"font-size: large;\">1 \u2013 Incremento nas a\u00e7\u00f5es de Assist\u00eancia T\u00e9cnica para criadores de abelhas e para produtores rurais pr\u00f3ximos \u00e0s \u00e1reas com api\u00e1rios.<\/span><\/p>\n<p><span style=\"font-size: large;\">2 \u2013 Fortalecimento de grupos de pesquisas voltados \u00e0 apicultura e meliponicultura e incentivo para o aperfei\u00e7oamento de t\u00e9cnicos de n\u00edvel m\u00e9dio e superior na \u00e1rea.<\/span><\/p>\n<p><span style=\"font-size: large;\">3 \u2013Desenvolvimento de um programa cont\u00ednuo para capacita\u00e7\u00e3o de agricultores e criadores de abelhas em boas pr\u00e1ticas agropecu\u00e1rias.<\/span><\/p>\n<p><span style=\"font-size: large;\">4 \u2013 Incentivo dos produtores rurais a participarem do Programa de Recupera\u00e7\u00e3o Ambiental (PRA) por meio da associa\u00e7\u00e3o da pr\u00e1tica da apicultura ou da meliponicultura em suas reservas, e promover recupera\u00e7\u00e3o de \u00e1reas com esp\u00e9cies nativas amig\u00e1veis aos polinizadores para amplia\u00e7\u00e3o de oferta de pasto ap\u00edcola.<\/span><\/p>\n<p><span style=\"font-size: large;\">5 \u2013 Abelhas como Bioindicadores<\/span><\/p>\n<p><span style=\"font-size: large;\"><b>Retomada do GT<\/b><\/span><\/p>\n<p><span style=\"font-size: large;\">No dia 23 de mar\u00e7o de 2023, os trabalhos do GT Mortandade foram retomados, o grupo tem no presente, como meta, a checagem das propostas acima encaminhadas pela C\u00e2mara Setorial Nacional aos respectivos Minist\u00e9rios e suas respectivas secretarias para verificar quais das propostas j\u00e1 est\u00e3o em andamento e seus respectivos desdobramentos.<\/span><\/p>\n<figure id=\"attachment_5714\" aria-describedby=\"caption-attachment-5714\" style=\"width: 300px\" class=\"wp-caption alignright\"><a href=\"https:\/\/apacame.org.br\/site\/wp-content\/uploads\/2023\/06\/Tabela-1_Agrotoxico-e-Abelhas.jpg\"><img fetchpriority=\"high\" decoding=\"async\" class=\"wp-image-5714 size-medium\" src=\"https:\/\/apacame.org.br\/site\/wp-content\/uploads\/2023\/06\/Tabela-1_Agrotoxico-e-Abelhas-300x264.jpg\" alt=\"Tabela 1_Agrotoxico-e-Abelhas\" width=\"300\" height=\"264\" srcset=\"https:\/\/apacame.org.br\/site\/wp-content\/uploads\/2023\/06\/Tabela-1_Agrotoxico-e-Abelhas-300x264.jpg 300w, https:\/\/apacame.org.br\/site\/wp-content\/uploads\/2023\/06\/Tabela-1_Agrotoxico-e-Abelhas-1024x901.jpg 1024w, https:\/\/apacame.org.br\/site\/wp-content\/uploads\/2023\/06\/Tabela-1_Agrotoxico-e-Abelhas-150x132.jpg 150w, https:\/\/apacame.org.br\/site\/wp-content\/uploads\/2023\/06\/Tabela-1_Agrotoxico-e-Abelhas-500x440.jpg 500w, https:\/\/apacame.org.br\/site\/wp-content\/uploads\/2023\/06\/Tabela-1_Agrotoxico-e-Abelhas.jpg 1171w\" sizes=\"(max-width: 300px) 100vw, 300px\" \/><\/a><figcaption id=\"caption-attachment-5714\" class=\"wp-caption-text\">Tabela 1 Investimento para a aquisi\u00e7\u00e3o de 200 colmeias- cota\u00e7\u00e3o m\u00e9dia- SP 1\u00baSemestre 2023<\/figcaption><\/figure>\n<p><span style=\"font-size: large;\"> Al\u00e9m disso, o GT tem trabalhado semanalmente no aperfei\u00e7oamento de um protocolo que norteiem as a\u00e7\u00f5es do apicultor em caso de mortandade aguda de suas abelhas. Al\u00e9m disso j\u00e1 aprovamos em reuni\u00e3o no m\u00eas de abril o encaminhamento de um oficio para a Divis\u00e3o de Avalia\u00e7\u00e3o de Risco Ambiental de Agrot\u00f3xicos, seus Componentes e Afins (DIARA) \u2013 IBAMA, pela C\u00e2mara Setorial solicitando a proibi\u00e7\u00e3o total da aplica\u00e7\u00e3o de fipronil por via foliar, bem como restri\u00e7\u00f5es em rela\u00e7\u00e3o \u00e0 comercializa\u00e7\u00e3o desse produto no mercado brasileiro. S\u00e3o in\u00fameros trabalhos que chegam ao GT Mortandade que apresentam os principais registros de mortalidade de abelhas que tiveram confirma\u00e7\u00e3o do princ\u00edpio ativo fipronil em testes laboratoriais. O processo de reavalia\u00e7\u00e3o de risco ambiental do fipronil j\u00e1 se arrasta por alguns anos no Brasil, entretanto, pelos resultados de intoxica\u00e7\u00f5es de api\u00e1rios brasileiros, uma a\u00e7\u00e3o efetiva e urgente se torna necess\u00e1ria, a fim de contribuir com a preserva\u00e7\u00e3o das abelhas e com a nossa organiza\u00e7\u00e3o. Existem ainda protocolos para coleta e encaminhamento das amostras (de abelhas mortas) para as an\u00e1lises laboratoriais perdidos em alguma das gavetas do IBAMA aguardando a sua publica\u00e7\u00e3o. Mas em mudan\u00e7as de governo tudo se torna mais lento ainda.<\/span><\/p>\n<p><span style=\"font-size: large;\"><b>Precificando as perdas na cria\u00e7\u00e3o.<\/b><\/span><\/p>\n<p><span style=\"font-size: large;\">Como referencial resolveu-se avaliar de forma m\u00e9dia as perdas b\u00e1sicas direta de um apicultor m\u00e9dio com 200 colmeias no estado de S\u00e3o Paulo como mostra a tabela 1<\/span><\/p>\n<p><span style=\"font-size: large;\">Neste ponto, n\u00e3o est\u00e3o projetados gastos com combust\u00edvel e principalmente a poss\u00edveis perdas produtivas de mel em condi\u00e7\u00f5es de apicultura migrat\u00f3ria. <\/span><\/p>\n<p><span style=\"font-size: large;\">Realmente, o criador de abelhas brasileiro n\u00e3o pode mais sobreviver com tantas adversidades. A perda por envenenamento de abelhas ex\u00f3ticas ou nativas, isso \u00e9 crime ambiental, quem matou tem que pagar a conta. Hoje a cadeia dos criadores de abelhas \u00e9 estimada em 550 mil produtores, sendo, portanto, um micro cadeia se comparada ao 5 milh\u00f5es de produtores agricultores existente no Brasil segundo o IBGE. Embora pequena, porem estrat\u00e9gica como tecnologia agr\u00edcola pela necessidade da poliniza\u00e7\u00e3o vegetal, o pa\u00eds encontra-se entre os 10 maiores exportadores de mel do planeta, e por isso mesmo exige-se respeito e solu\u00e7\u00f5es urgentes com a situa\u00e7\u00e3o dos apicultores e meliponicultores brasileiros.<\/span><\/p>\n<p><span style=\"font-size: large;\">As organiza\u00e7\u00f5es maiores de apicultura e meliponicultura como a Confedera\u00e7\u00e3o Brasileira de Criadores de Abelhas -CBA, a Comiss\u00e3o T\u00e9cnica Cient\u00edfica-CTC-CBA, a C\u00e2mara Setorial Nacional e estaduais, diversas universidades, Institutos de Pesquisas, est\u00e3o em luta constante para que se consiga inverter tantos dados negativos que atualmente n\u00e3o param de crescer. <\/span><\/p>\n<p><span style=\"font-size: large;\"><b>O que mais temos que fazer?<\/b><\/span><\/p>\n<p><span style=\"font-size: large;\">O GT da Mortandade de Abelhas da C\u00e2mara Setorial Nacional do Mel, est\u00e1 a poucos passos de valida\u00e7\u00e3o de alguns protocolos que poder\u00e3o ajudar os criadores de abelhas com rela\u00e7\u00e3o as suas perdas, mas \u00e9 importante que os criadores fortale\u00e7am suas institui\u00e7\u00f5es representativas, uma vez que s\u00e3o elas que est\u00e3o constantemente, de forma volunt\u00e1ria, levantando a bandeira em prol da cadeia produtiva e ajudando na celeridade dos processos. Assim como reflex\u00e3o maior podemos ser afirmativos nas necessidades de mudan\u00e7a de postura do apicultor e meliponicultor que n\u00e3o pode deixar o tempo \u201cpassar na janela da vida\u201d, n\u00e3o pode se conformar como perder seu plantel de abelhas, seu sustento como se fosse algo normal, como dito, existem pessoas e institui\u00e7\u00f5es trabalhando pelos apicultores e meliponicultores neste pa\u00eds, qual \u00e9 a parte que cabe ao produtor?<\/span><\/p>\n<p><span style=\"font-size: large;\"><b>Etapa I<\/b><\/span><\/p>\n<p><span style=\"font-size: large;\">\u2022 Seja ativo na sua organiza\u00e7\u00e3o, o fortalecimento das associa\u00e7\u00f5es, cooperativas locais fazem a voz do produtor chegar at\u00e9 onde for preciso para promover as mudan\u00e7as e melhorias necess\u00e1rias em toda a cadeia;<\/span><\/p>\n<p><span style=\"font-size: large;\">\u2022 Enquanto n\u00e3o se tem nenhum protocolo dispon\u00edvel sobre como proceder em caso de morte de abelhas, tome as seguintes atitudes:<\/span><\/p>\n<p><span style=\"font-size: large;\"><b>Etapa II<\/b><\/span><\/p>\n<p><span style=\"font-size: large;\">\u2022 Se voc\u00ea n\u00e3o tem, corra e fa\u00e7a o registro de seus api\u00e1rios e melipon\u00e1rios no \u00d3rg\u00e3o de Defesa Agropecu\u00e1ria do seu estado, sua associa\u00e7\u00e3o pode e deve lhe ajudar nesse processo;<\/span><\/p>\n<p><span style=\"font-size: large;\">\u2022 Oficialize na forma de carta, com comprova\u00e7\u00e3o de recebimento, seus vizinhos agricultores de entorno, que voc\u00ea cria abelhas no local, e que o mesmo deve lhe informar pelo n\u00famero de celular XXXXXXXX 48 horas antes das aplica\u00e7\u00f5es de agrot\u00f3xicos para que voc\u00ea tome providencias para proteger seus enxames. Notifique tamb\u00e9m o sindicato rural e a defesa agropecu\u00e1ria mais pr\u00f3xima sobre a exist\u00eancia de seu plantel de abelhas. Para abelhas urbanas notifique os escrit\u00f3rios municipais (secretaria do meio ambiente, zoonose etc.), procure a secretaria respons\u00e1vel pelo controle de animais sinantr\u00f3picos, ou secretarias que realizam nebuliza\u00e7\u00f5es urbanas, sobre a exist\u00eancia, localiza\u00e7\u00e3o e sua licen\u00e7a de cria\u00e7\u00e3o, solicitando aviso pr\u00e9vio 48 horas antes de qualquer tipo de nebuliza\u00e7\u00e3o urbana nas proximidades do seu melipon\u00e1rio.<\/span><\/p>\n<p><span style=\"font-size: large;\"><b>O que fazer ao encontrar de abelhas mortas nos api\u00e1rios e melipon\u00e1rios<\/b><\/span><\/p>\n<p><span style=\"font-size: large;\">\u2022 Delegacia de Pol\u00edcia ou Policia ambiental para realizar boletim de ocorr\u00eancia;<\/span><\/p>\n<p><span style=\"font-size: large;\">\u2022 Registro de imagens filmagem em v\u00eddeos e fotografias;<\/span><\/p>\n<p><span style=\"font-size: large;\">\u2022 Defesa Agropecu\u00e1ria para comunicar a morte de suas abelhas e solicitar a coleta oficial de amostras a ser encaminhada para o laborat\u00f3rio, para n\u00e3o correr risco de procedimentos que venham invalidar suas amostragens; <\/span><\/p>\n<p><span style=\"font-size: large;\"> \u2022 Aguarde o laudo laboratorial;<\/span><\/p>\n<p><span style=\"font-size: large;\">\u2022 Tente um acordo amig\u00e1vel de ressarcimento, com o prov\u00e1vel respons\u00e1vel pela morte de suas abelhas;<\/span><\/p>\n<p><span style=\"font-size: large;\">\u2022 Em caso de uma a\u00e7\u00e3o litigiosa, voc\u00ea ir\u00e1 precisar dos seguintes documentos: O Registro na Defesa Agropecu\u00e1ria de seu api\u00e1rio\/melipon\u00e1rio no seu estado, a comprova\u00e7\u00e3o de notifica\u00e7\u00e3o ao produtor de entorno da exist\u00eancia de suas abelhas; o laudo laboratorial, imagens captadas das abelhas mortas ou em sofrimento.<\/span><\/p>\n<p><span style=\"font-size: large;\"><b>Mensagem final<\/b><\/span><\/p>\n<p><span style=\"font-size: large;\">N\u00e3o esque\u00e7a \u201cSomos fortes quando estamos juntos!\u201d<\/span><\/p>\n<p><span style=\"font-size: large;\"><b>Consulte:<\/b><\/span><\/p>\n<p><span style=\"font-size: large;\">C\u00e2mara Setorial do Mel. Dispon\u00edvel em: <a href=\"https:\/\/www.gov.br\/agricultura\/pt-br\/assuntos\/camaras-setoriais-tematicas\/camaras-setoriais-1\/mel-e-produtos-das-abelhas\" target=\"_blank\" rel=\"noopener\">https:\/\/www.gov.br\/agricultura\/pt-br\/assuntos\/camaras-setoriais-tematicas\/camaras-setoriais-1\/mel-e-produtos-das-abelhas<\/a> Acesso em 22\/04\/2023<\/span><\/p>\n<p><span style=\"font-size: large;\">Conhe\u00e7a seus representantes Nacionais Confedera\u00e7\u00e3o Brasileira de Criadores de Abelhas-CBA- Dispon\u00edvel em: <a href=\"https:\/\/www.cbraca.com.br\/\" target=\"_blank\" rel=\"noopener\">https:\/\/www.cbraca.com.br\/<\/a>. Acesso em 22\/04\/2023<\/span><\/p>\n<p><span style=\"font-size: large;\">Cidasc \u2013 Companhia Integrada de Desenvolvimento Agr\u00edcola de Santa Catarina. RESOLU\u00c7\u00c3O DE DIRETORIA N\u00b0 01, de agosto de 2021. DI\u00c1RIO OFICIAL &#8211; SC &#8211; N\u00ba 21.591, 24\/08\/2021, p. 50.<\/span><\/p>\n<p><span style=\"font-size: large;\">Colmeia Viva. Mapeamento de Abelhas Participativo (Map) \u2013 Relat\u00f3rio 3 anos \u2013 2014-2017. Dispon\u00edvel em: <a href=\"https:\/\/www.embrapa.br\/documents\/1355202\/1529289\/Colmeia+Viva+-+Daniel+Espanholeto.pdf\/d344577d-2038-ecf2-c8aa-f84f94dfb2ac\" target=\"_blank\" rel=\"noopener\">https:\/\/www.embrapa.br\/documents\/1355202\/1529289\/Colmeia+Viva+-+Daniel+Espanholeto.pdf\/d344577d-2038-ecf2-c8aa-f84f94dfb2ac<\/a>. Acesso em 23\/04\/2023. <\/span><\/p>\n<p><span style=\"font-size: large;\">Departamento Estadual de Defesa Sanit\u00e1ria Vegetal. Proposta de suspens\u00e3o do uso, na modalidade de aplica\u00e7\u00e3o foliar, de agrot\u00f3xicos com o princ\u00edpio ativo Fipronil no estado de Santa Catarina. Companhia Integrada de Desenvolvimento Agr\u00edcola de Santa Catarina (CIDASC). Documento Interno. 20 p. 14\/06\/2021. <\/span><\/p>\n<p><span style=\"font-size: large;\">Governo do Estado do Rio Grande do Sul. Inseticida fipronil \u00e9 encontrado em 77% de amostras de colmeias com mortandade de abelhas no RS. Dispon\u00edvel em: <a href=\"https:\/\/estado.rs.gov.br\/inseticida-fipronil-e-encontrado-em-77-de-amostras-de-colmeias-com-mortandade-de-abelhas-no-rs\" target=\"_blank\" rel=\"noopener\">https:\/\/estado.rs.gov.br\/inseticida-fipronil-e-encontrado-em-77-de-amostras-de-colmeias-com-mortandade-de-abelhas-no-rs<\/a>. Acesso em 23\/04\/2023.<\/span><\/p>\n<p><span style=\"font-size: large;\">GT Mortandade de Abelhas. Dispon\u00edvel em: <a href=\"https:\/\/www.gov.br\/agricultura\/pt-br\/assuntos\/camaras-setoriais-tematicas\/documentos\/camaras-setoriais\/mel-e-produtos-das-abelhas\/2021\/53a-ro-17-03-2021\/gt-mortalidade-abelhas.pdf\" target=\"_blank\" rel=\"noopener\">https:\/\/www.gov.br\/agricultura\/pt-br\/assuntos\/camaras-setoriais-tematicas\/documentos\/camaras-setoriais\/mel-e-produtos-das-abelhas\/2021\/53a-ro-17-03-2021\/gt-mortalidade-abelhas.pdf<\/a>. Acesso em 22\/04\/2023<\/span><\/p>\n<p><span style=\"font-size: large;\">Minist\u00e9rio da Agricultura e Pecu\u00e1ria. Mais de 22 mil produtos veterin\u00e1rios e 44 toneladas de agrot\u00f3xicos irregulares s\u00e3o apreendidos em opera\u00e7\u00e3o conjunta no Mato Grosso. Dispon\u00edvel em: <a href=\"https:\/\/www.gov.br\/agricultura\/pt-br\/assuntos\/noticias-2022\/mais-de-22-mil-produtos-veterinarios-e-44-toneladas-de-agrotoxicos-irregulares-sao-apreendidos-em-operacao-conjunta-no-mato-grosso\" target=\"_blank\" rel=\"noopener\">https:\/\/www.gov.br\/agricultura\/pt-br\/assuntos\/noticias-2022\/mais-de-22-mil-produtos-veterinarios-e-44-toneladas-de-agrotoxicos-irregulares-sao-apreendidos-em-operacao-conjunta-no-mato-grosso<\/a>. Acesso em 24\/04\/2023.<\/span><\/p>\n<p><span style=\"font-size: large;\">Nicodemo, D.; et al. Fipronil and imidacloprid reduce honeybee mitochondrial activity. Environ. Toxicol. Chem., v. 33, p. 2070\u20132075, 2014.<\/span><\/p>\n<p><span style=\"font-size: large;\">Procuradoria da Rep\u00fablica do Rio Grande do Sul. Representa\u00e7\u00e3o &#8211; Mortandade de abelhas no munic\u00edpio de Mata\/RS. Dispon\u00edvel em <a href=\"http:\/\/www.aenda.org.br\/wp-content\/uploads\/2020\/04\/cir0582-anexo-rs_manifestacao-ao-mp-sobre-mortandade-de-abelhas.pdf\" target=\"_blank\" rel=\"noopener\">http:\/\/www.aenda.org.br\/wp-content\/uploads\/2020\/04\/cir0582-anexo-rs_manifestacao-ao-mp-sobre-mortandade-de-abelhas.pdf<\/a> Acesso em 24\/04\/2023.<\/span><\/p>\n<p><span style=\"font-size: large;\">Zaluski, R.; et al. Modification of the head proteome of nurse honeybees (Apis mellifera) exposed to field-relevant doses of pesticides. Sci. Rep., v. 10, n. 2190, 2020.<\/span><\/p>\n<p><span style=\"font-size: large;\">Zaluski, R.; Justulin Jr, L.A.; Orsi, R.O. Field-relevant doses of the systemic insecticide fipronil and fungicidepyraclostrobin impair mandibular and hypopharyngeal glands in nurse honeybees (Apis mellifera). Sci. Rep., v.7, n. 15217, 2017.<\/span><\/p>\n","protected":false},"excerpt":{"rendered":"<p>AGROTOXICOS E ABELHAS? O QUE EST\u00c1 SENDO FEITO? QUAL O CUSTO DESTAS PERDAS PARA OS CRIADORES DE ABELHAS? O QUE MAIS TEMOS QUE FAZER? Profa. Dra. Lidia Maria Ruv Carelli [&hellip;]<\/p>\n","protected":false},"author":20,"featured_media":0,"parent":5694,"menu_order":0,"comment_status":"open","ping_status":"open","template":"","meta":{"pmpro_default_level":"","_price":"","_stock":"","_tribe_ticket_header":"","_tribe_default_ticket_provider":"","_tribe_ticket_capacity":"0","_ticket_start_date":"","_ticket_end_date":"","_tribe_ticket_show_description":"","_tribe_ticket_show_not_going":false,"_tribe_ticket_use_global_stock":"","_tribe_ticket_global_stock_level":"","_global_stock_mode":"","_global_stock_cap":"","_tribe_rsvp_for_event":"","_tribe_ticket_going_count":"","_tribe_ticket_not_going_count":"","_tribe_tickets_list":"[]","_tribe_ticket_has_attendee_info_fields":false,"cybocfi_hide_featured_image":"","footnotes":""},"class_list":["post-5713","page","type-page","status-publish","hentry","pmpro-has-access"],"_links":{"self":[{"href":"https:\/\/apacame.org.br\/site\/wp-json\/wp\/v2\/pages\/5713"}],"collection":[{"href":"https:\/\/apacame.org.br\/site\/wp-json\/wp\/v2\/pages"}],"about":[{"href":"https:\/\/apacame.org.br\/site\/wp-json\/wp\/v2\/types\/page"}],"author":[{"embeddable":true,"href":"https:\/\/apacame.org.br\/site\/wp-json\/wp\/v2\/users\/20"}],"replies":[{"embeddable":true,"href":"https:\/\/apacame.org.br\/site\/wp-json\/wp\/v2\/comments?post=5713"}],"version-history":[{"count":4,"href":"https:\/\/apacame.org.br\/site\/wp-json\/wp\/v2\/pages\/5713\/revisions"}],"predecessor-version":[{"id":5719,"href":"https:\/\/apacame.org.br\/site\/wp-json\/wp\/v2\/pages\/5713\/revisions\/5719"}],"up":[{"embeddable":true,"href":"https:\/\/apacame.org.br\/site\/wp-json\/wp\/v2\/pages\/5694"}],"wp:attachment":[{"href":"https:\/\/apacame.org.br\/site\/wp-json\/wp\/v2\/media?parent=5713"}],"curies":[{"name":"wp","href":"https:\/\/api.w.org\/{rel}","templated":true}]}}