{"id":5702,"date":"2023-06-19T17:14:43","date_gmt":"2023-06-19T17:14:43","guid":{"rendered":"https:\/\/apacame.org.br\/site\/?page_id=5702"},"modified":"2024-01-30T21:19:12","modified_gmt":"2024-01-30T21:19:12","slug":"editorial","status":"publish","type":"page","link":"https:\/\/apacame.org.br\/site\/revista\/mensagem-doce-n-171-maio-de-2023\/editorial\/","title":{"rendered":"Editorial"},"content":{"rendered":"<h1 style=\"text-align: center;\">FINALMENTE, A APICULTURA EST\u00c1 MOSTRANDO A QUE VEIO<\/h1>\n<p><span style=\"font-size: large;\"><a href=\"https:\/\/apacame.org.br\/site\/wp-content\/uploads\/2021\/08\/Foto_Editorial.jpg\"><img fetchpriority=\"high\" decoding=\"async\" class=\"alignleft size-full wp-image-4205\" src=\"https:\/\/apacame.org.br\/site\/wp-content\/uploads\/2021\/08\/Foto_Editorial.jpg\" alt=\"Foto_Editorial\" width=\"385\" height=\"350\" srcset=\"https:\/\/apacame.org.br\/site\/wp-content\/uploads\/2021\/08\/Foto_Editorial.jpg 385w, https:\/\/apacame.org.br\/site\/wp-content\/uploads\/2021\/08\/Foto_Editorial-300x273.jpg 300w, https:\/\/apacame.org.br\/site\/wp-content\/uploads\/2021\/08\/Foto_Editorial-150x136.jpg 150w\" sizes=\"(max-width: 385px) 100vw, 385px\" \/><\/a>O meio ap\u00edcola brasileiro est\u00e1 em plena agita\u00e7\u00e3o. Eventos est\u00e3o acontecendo, congressos sendo preparados, e j\u00e1 temos previstos o Internacional, em setembro, no Chile; o Brasileiro, em novembro, na cidade de Bras\u00edlia; o de Blumenau (SC), em junho. Desse modo, a Apicultura vai tomando o caminho mais organizado por isso, apicultores, fiquem atentos, pois a apicultura precisa de novos conhecimentos, novas pr\u00e1ticas de manejo que podem gerar d\u00favidas, mas o aprimoramento \u00e9 necess\u00e1rio.<\/span><\/p>\n<p><span style=\"font-size: large;\">Nas \u00faltimas duas semanas, ao visitar o Rio Grande do Norte falamos com alguns apicultores muito animados com a produ\u00e7\u00e3o de mel neste ano. A expectativa \u00e9 de duas colheitas, pois o clima colaborou muito com o setor ap\u00edcola. Os apicultores do RN est\u00e3o felizes tanto na produ\u00e7\u00e3o de mel como de p\u00f3len. Vamos aguardar os melhores resultados, pois a nossa produ\u00e7\u00e3o precisa crescer. Temos consumidores aqui e fora do Brasil, mas os apicultores precisam tamb\u00e9m regularizar seus neg\u00f3cios. O assunto ainda \u00e9 um tabu, mas os entrepostos n\u00e3o recebem mel de apicultores n\u00e3o cadastrados, e ali a fiscaliza\u00e7\u00e3o \u00e9 di\u00e1ria, e n\u00e3o h\u00e1 \u201cjeitinho\u201d para colocar o mel no entreposto.<\/span><\/p>\n<p><span style=\"font-size: large;\">Associados, leiam com muita aten\u00e7\u00e3o o material que est\u00e1 nessa revista fornecido pela ABEMEL: tabelas de pre\u00e7os, produ\u00e7\u00e3o nacional, exporta\u00e7\u00e3o, quest\u00f5es de neg\u00f3cios e pol\u00edticas internacionais com o mel no mundo todo, \u00c9 necess\u00e1rio ficar atento a tudo nos bastidores dos neg\u00f3cio ap\u00edcola, s\u00f3 assim vamos desenvolver nossa apicultura com mais qualidade e determina\u00e7\u00e3o juto \u00e0s nossas \u201cmeninas\u201d. <\/span><\/p>\n<p><span style=\"font-size: large;\">Outra mat\u00e9ria importante \u00e9 o trabalho de pesquisa feito por Ricardo Machado, em sua tese de p\u00f3s-gradua\u00e7\u00e3o na UNITAU, que atualiza os dados sobre as abelhas Apis no Brasil. \u00c9 fundamental conhecer trabalhos acad\u00eamicos atualizados sobre a apicultura brasileira. N\u00e3o podemos nunca parar de estudar as abelhas.<\/span><\/p>\n<p><span style=\"font-size: large;\">\u201cE que as abelhas sejam motivos de reuni\u00e3o e uni\u00e3o entre os homens\u201d <\/span><\/p>\n<p><span style=\"font-size: large;\">Uma associa\u00e7\u00e3o se faz com associados.<\/span><\/p>\n<p><span style=\"font-size: large;\"><i><b>Eloi Viana da Silva \u2013 Presidente Executivo &#8211; <a href=\"mailto:eloi@apacame.org.br\">eloi@apacame.org.br<\/a><\/b><\/i> <\/span><\/p>\n","protected":false},"excerpt":{"rendered":"<p>FINALMENTE, A APICULTURA EST\u00c1 MOSTRANDO A QUE VEIO O meio ap\u00edcola brasileiro est\u00e1 em plena agita\u00e7\u00e3o. Eventos est\u00e3o acontecendo, congressos sendo preparados, e j\u00e1 temos previstos o Internacional, em setembro, [&hellip;]<\/p>\n","protected":false},"author":20,"featured_media":0,"parent":5694,"menu_order":0,"comment_status":"open","ping_status":"open","template":"","meta":{"pmpro_default_level":"","_price":"","_stock":"","_tribe_ticket_header":"","_tribe_default_ticket_provider":"","_tribe_ticket_capacity":"0","_ticket_start_date":"","_ticket_end_date":"","_tribe_ticket_show_description":"","_tribe_ticket_show_not_going":false,"_tribe_ticket_use_global_stock":"","_tribe_ticket_global_stock_level":"","_global_stock_mode":"","_global_stock_cap":"","_tribe_rsvp_for_event":"","_tribe_ticket_going_count":"","_tribe_ticket_not_going_count":"","_tribe_tickets_list":"[]","_tribe_ticket_has_attendee_info_fields":false,"cybocfi_hide_featured_image":"","footnotes":""},"class_list":["post-5702","page","type-page","status-publish","hentry","pmpro-has-access"],"_links":{"self":[{"href":"https:\/\/apacame.org.br\/site\/wp-json\/wp\/v2\/pages\/5702"}],"collection":[{"href":"https:\/\/apacame.org.br\/site\/wp-json\/wp\/v2\/pages"}],"about":[{"href":"https:\/\/apacame.org.br\/site\/wp-json\/wp\/v2\/types\/page"}],"author":[{"embeddable":true,"href":"https:\/\/apacame.org.br\/site\/wp-json\/wp\/v2\/users\/20"}],"replies":[{"embeddable":true,"href":"https:\/\/apacame.org.br\/site\/wp-json\/wp\/v2\/comments?post=5702"}],"version-history":[{"count":1,"href":"https:\/\/apacame.org.br\/site\/wp-json\/wp\/v2\/pages\/5702\/revisions"}],"predecessor-version":[{"id":5703,"href":"https:\/\/apacame.org.br\/site\/wp-json\/wp\/v2\/pages\/5702\/revisions\/5703"}],"up":[{"embeddable":true,"href":"https:\/\/apacame.org.br\/site\/wp-json\/wp\/v2\/pages\/5694"}],"wp:attachment":[{"href":"https:\/\/apacame.org.br\/site\/wp-json\/wp\/v2\/media?parent=5702"}],"curies":[{"name":"wp","href":"https:\/\/api.w.org\/{rel}","templated":true}]}}