{"id":5205,"date":"2022-09-29T21:20:59","date_gmt":"2022-09-29T21:20:59","guid":{"rendered":"https:\/\/apacame.org.br\/site\/?page_id=5205"},"modified":"2022-09-29T21:20:59","modified_gmt":"2022-09-29T21:20:59","slug":"artigo-4","status":"publish","type":"page","link":"https:\/\/apacame.org.br\/site\/revista\/mensagem-doce-n-168-setembro-de-2022\/artigo-4\/","title":{"rendered":"Artigo"},"content":{"rendered":"<h1 style=\"text-align: center;\">VALORIZA\u00c7\u00c3O DO TESOURO DOURADO<\/h1>\n<blockquote><p>por Judit Ahely &#8211; Idealizadora e palestrante no Projeto Valorize!<\/p><\/blockquote>\n<p><span style=\"font-size: large;\"><a href=\"https:\/\/apacame.org.br\/site\/wp-content\/uploads\/2022\/09\/Foto-1-Valorizacao.jpg\"><img fetchpriority=\"high\" decoding=\"async\" class=\"alignright size-medium wp-image-5206\" src=\"https:\/\/apacame.org.br\/site\/wp-content\/uploads\/2022\/09\/Foto-1-Valorizacao-300x228.jpg\" alt=\"Foto-1-Valorizacao\" width=\"300\" height=\"228\" srcset=\"https:\/\/apacame.org.br\/site\/wp-content\/uploads\/2022\/09\/Foto-1-Valorizacao-300x228.jpg 300w, https:\/\/apacame.org.br\/site\/wp-content\/uploads\/2022\/09\/Foto-1-Valorizacao-150x114.jpg 150w, https:\/\/apacame.org.br\/site\/wp-content\/uploads\/2022\/09\/Foto-1-Valorizacao-500x380.jpg 500w, https:\/\/apacame.org.br\/site\/wp-content\/uploads\/2022\/09\/Foto-1-Valorizacao.jpg 748w\" sizes=\"(max-width: 300px) 100vw, 300px\" \/><\/a>Caros leitores, enquanto o Brasil \u00e9 um gigante mundial na produ\u00e7\u00e3o de a\u00e7\u00facar, \u00e9 minucioso na produ\u00e7\u00e3o de mel.<\/span><\/p>\n<p><span style=\"font-size: large;\">O mel \u00e9 um a\u00e7\u00facar que em sua mais perfeita harmonia, acontecendo com a mais pura magia, resultou em um tesouro!<\/span><\/p>\n<p><span style=\"font-size: large;\">Sabiam que nos tempos b\u00edblicos, n\u00e3o existia o a\u00e7\u00facar? O mel era um elemento da promessa divina \u00e0 seu povo: uma boa terra espa\u00e7osa, onde corriam leite e mel (Is 3,8; Nm 14,8; Dt 6,3; 11,9; 26,9; 26,15; 27,3).<\/span><\/p>\n<p><span style=\"font-size: large;\">E, no antigo Egito, os fara\u00f3s partiam para outro mundo carregados de mel. Arque\u00f3logos modernos encontraram uma vez ou outra nas antigas tumbas eg\u00edpcias vasilhas de mel de milhares de anos que estavam perfeitamente conservadas.<\/span><\/p>\n<p><span style=\"font-size: large;\">Nosso pa\u00eds \u00e9 o 11\u00ba produtor mundial. Estimamos estar entre os primeiros. O maior produtor \u00e9 o Paran\u00e1. O Sul representa 38% da produ\u00e7\u00e3o nacional; e o Nordeste, 37%. Quase empatadas, as duas regi\u00f5es somam 75% da produ\u00e7\u00e3o nacional.\u00a0 Com a chegada do COVID, o mundo aumentou a demanda por mel, na busca de maior imunidade. Os pre\u00e7os subiram e chegaram a mais de US$ 5\/quilo. Com a valoriza\u00e7\u00e3o do d\u00f3lar, exportar mel \u00e9 bom neg\u00f3cio.<\/span><\/p>\n<p><span style=\"font-size: large;\">No ano de 2020, a produ\u00e7\u00e3o nacional de mel foi da ordem de 52.000 toneladas (aumento de 60% com rela\u00e7\u00e3o a 2004). Nesse mesmo ano, o Brasil exportou cerca de 46.000 toneladas: 75% aos EUA e 12% \u00e0 Alemanha. Mais de 88% de sua produ\u00e7\u00e3o!<\/span><\/p>\n<p><span style=\"font-size: large;\">O mel brasileiro \u00e9 de qualidade e pur\u00edssimo. A exporta\u00e7\u00e3o para a Alemanha, pa\u00eds extremamente rigoroso nas an\u00e1lises da qualidade do mel importado, comprova.<\/span><\/p>\n<p><span style=\"font-size: large;\">Nos dois primeiros meses de 2021, o Brasil exportou 8.891 toneladas de mel natural. O volume \u00e9 112,4% superior \u00e0s 4.186 toneladas do mesmo per\u00edodo em 2019. O faturamento cresceu de US$ 8,121 milh\u00f5es para US$ 29,151 milh\u00f5es (358,95%).<\/span><\/p>\n<p><span style=\"font-size: large;\">Mas o brasileiro consome em m\u00e9dia 60 gramas de mel por ano, contra 240 gramas dos argentinos e mais de 1 quilo nos EUA, na Europa e em v\u00e1rios pa\u00edses da \u00c1sia. Apenas 53% do mel \u00e9 consumido naturalmente na mesa dos brasileiros, cerca de 35% destina-se \u00e0 ind\u00fastria de alimentos e 12% vai para a ind\u00fastria de cosm\u00e9ticos, tabaco e ra\u00e7\u00e3o animal.<\/span><\/p>\n<p><span style=\"font-size: large;\">Quem produz mel s\u00e3o abelhas que trabalham muito. Para produzir 1 quilo de mel, s\u00e3o necess\u00e1rios 2 quilos de n\u00e9ctar. Para isso, cerca de 1 milh\u00e3o de flores s\u00e3o visitadas por 50.000 abelhas. A cada sa\u00edda, uma abelha visita pelo menos algumas dezenas de flores, para obter cerca de 40 miligramas de n\u00e9ctar. Al\u00e9m disso, as abelhas produzem cera, pr\u00f3polis, geleia real, regulam a temperatura da colmeia, alimentam larvas e garantem a defesa da colmeia. As oper\u00e1rias vivem em m\u00e9dia 45 dias. Rainhas vivem de dois a quatro anos.<\/span><\/p>\n<p><span style=\"font-size: large;\">Nenhum inseto possui, para o ser humano, um simbolismo t\u00e3o universal e amplo quanto o da abelha. Ele envolve o individual e o coletivo, o temporal e o espiritual. Como coletividade, as abelhas simbolizam organiza\u00e7\u00e3o, disciplina e coopera\u00e7\u00e3o.<\/span><\/p>\n<p><span style=\"font-size: large;\">At\u00e9 20 anos atr\u00e1s, a produ\u00e7\u00e3o de mel dirigida ao mercado de latic\u00ednios era para a produ\u00e7\u00e3o de iogurtes. A abertura do mercado externo, em 2001, valorizou o mel. O aumento das exporta\u00e7\u00f5es desabasteceu o mercado de latic\u00ednios. Diante disso, o setor de latic\u00ednios aprovou no Congresso uma legisla\u00e7\u00e3o autorizando a utiliza\u00e7\u00e3o de um preparado de mel (\u00e1gua, xarope de a\u00e7\u00facar, glicose, mel, conservantes e aromatizantes) nos iogurtes. Isso diminui consideravelmente a qualidade, o sabor e os benef\u00edcios por cada gota consumida.<\/span><\/p>\n<p><span style=\"font-size: large;\">Sugerir o mel na cesta b\u00e1sica? Na alimenta\u00e7\u00e3o escolar? Precisamos de mais informa\u00e7\u00f5es para a popula\u00e7\u00e3o sobre os benef\u00edcios do consumo de mel puro, independente da demanda de produ\u00e7\u00e3o cumprir ou n\u00e3o com as toneladas precisas para atender \u00e0 toda popula\u00e7\u00e3o.<\/span><\/p>\n<p><span style=\"font-size: large;\">Cada brasileiro precisa almejar e estimar pelo consumo dando prioridade na alimenta\u00e7\u00e3o e assim acionando o valor ao puro tesouro dourado para a sua sa\u00fade!<\/span><\/p>\n","protected":false},"excerpt":{"rendered":"<p>VALORIZA\u00c7\u00c3O DO TESOURO DOURADO por Judit Ahely &#8211; Idealizadora e palestrante no Projeto Valorize! Caros leitores, enquanto o Brasil \u00e9 um gigante mundial na produ\u00e7\u00e3o de a\u00e7\u00facar, \u00e9 minucioso na [&hellip;]<\/p>\n","protected":false},"author":20,"featured_media":0,"parent":5130,"menu_order":0,"comment_status":"open","ping_status":"open","template":"","meta":{"pmpro_default_level":"","_price":"","_stock":"","_tribe_ticket_header":"","_tribe_default_ticket_provider":"","_tribe_ticket_capacity":"0","_ticket_start_date":"","_ticket_end_date":"","_tribe_ticket_show_description":"","_tribe_ticket_show_not_going":false,"_tribe_ticket_use_global_stock":"","_tribe_ticket_global_stock_level":"","_global_stock_mode":"","_global_stock_cap":"","_tribe_rsvp_for_event":"","_tribe_ticket_going_count":"","_tribe_ticket_not_going_count":"","_tribe_tickets_list":"[]","_tribe_ticket_has_attendee_info_fields":false,"cybocfi_hide_featured_image":"","footnotes":""},"class_list":["post-5205","page","type-page","status-publish","hentry","pmpro-has-access"],"_links":{"self":[{"href":"https:\/\/apacame.org.br\/site\/wp-json\/wp\/v2\/pages\/5205"}],"collection":[{"href":"https:\/\/apacame.org.br\/site\/wp-json\/wp\/v2\/pages"}],"about":[{"href":"https:\/\/apacame.org.br\/site\/wp-json\/wp\/v2\/types\/page"}],"author":[{"embeddable":true,"href":"https:\/\/apacame.org.br\/site\/wp-json\/wp\/v2\/users\/20"}],"replies":[{"embeddable":true,"href":"https:\/\/apacame.org.br\/site\/wp-json\/wp\/v2\/comments?post=5205"}],"version-history":[{"count":2,"href":"https:\/\/apacame.org.br\/site\/wp-json\/wp\/v2\/pages\/5205\/revisions"}],"predecessor-version":[{"id":5209,"href":"https:\/\/apacame.org.br\/site\/wp-json\/wp\/v2\/pages\/5205\/revisions\/5209"}],"up":[{"embeddable":true,"href":"https:\/\/apacame.org.br\/site\/wp-json\/wp\/v2\/pages\/5130"}],"wp:attachment":[{"href":"https:\/\/apacame.org.br\/site\/wp-json\/wp\/v2\/media?parent=5205"}],"curies":[{"name":"wp","href":"https:\/\/api.w.org\/{rel}","templated":true}]}}

<h1 style="text-align: center;">VALORIZAÇÃO DO TESOURO DOURADO</h1>
<blockquote><p>por Judit Ahely &#8211; Idealizadora e palestrante no Projeto Valorize!</p></blockquote>
<p><span style="font-size: large;"><a href="https://apacame.org.br/site/wp-content/uploads/2022/09/Foto-1-Valorizacao.jpg"><img fetchpriority="high" decoding="async" class="alignright size-medium wp-image-5206" src="https://apacame.org.br/site/wp-content/uploads/2022/09/Foto-1-Valorizacao-300x228.jpg" alt="Foto-1-Valorizacao" width="300" height="228" srcset="https://apacame.org.br/site/wp-content/uploads/2022/09/Foto-1-Valorizacao-300x228.jpg 300w, https://apacame.org.br/site/wp-content/uploads/2022/09/Foto-1-Valorizacao-150x114.jpg 150w, https://apacame.org.br/site/wp-content/uploads/2022/09/Foto-1-Valorizacao-500x380.jpg 500w, https://apacame.org.br/site/wp-content/uploads/2022/09/Foto-1-Valorizacao.jpg 748w" sizes="(max-width: 300px) 100vw, 300px" /></a>Caros leitores, enquanto o Brasil é um gigante mundial na produção de açúcar, é minucioso na produção de mel.</span></p>
<p><span style="font-size: large;">O mel é um açúcar que em sua mais perfeita harmonia, acontecendo com a mais pura magia, resultou em um tesouro!</span></p>
<p><span style="font-size: large;">Sabiam que nos tempos bíblicos, não existia o açúcar? O mel era um elemento da promessa divina à seu povo: uma boa terra espaçosa, onde corriam leite e mel (Is 3,8; Nm 14,8; Dt 6,3; 11,9; 26,9; 26,15; 27,3).</span></p>
<p><span style="font-size: large;">E, no antigo Egito, os faraós partiam para outro mundo carregados de mel. Arqueólogos modernos encontraram uma vez ou outra nas antigas tumbas egípcias vasilhas de mel de milhares de anos que estavam perfeitamente conservadas.</span></p>
<p><span style="font-size: large;">Nosso país é o 11º produtor mundial. Estimamos estar entre os primeiros. O maior produtor é o Paraná. O Sul representa 38% da produção nacional; e o Nordeste, 37%. Quase empatadas, as duas regiões somam 75% da produção nacional.  Com a chegada do COVID, o mundo aumentou a demanda por mel, na busca de maior imunidade. Os preços subiram e chegaram a mais de US$ 5/quilo. Com a valorização do dólar, exportar mel é bom negócio.</span></p>
<p><span style="font-size: large;">No ano de 2020, a produção nacional de mel foi da ordem de 52.000 toneladas (aumento de 60% com relação a 2004). Nesse mesmo ano, o Brasil exportou cerca de 46.000 toneladas: 75% aos EUA e 12% à Alemanha. Mais de 88% de sua produção!</span></p>
<p><span style="font-size: large;">O mel brasileiro é de qualidade e puríssimo. A exportação para a Alemanha, país extremamente rigoroso nas análises da qualidade do mel importado, comprova.</span></p>
<p><span style="font-size: large;">Nos dois primeiros meses de 2021, o Brasil exportou 8.891 toneladas de mel natural. O volume é 112,4% superior às 4.186 toneladas do mesmo período em 2019. O faturamento cresceu de US$ 8,121 milhões para US$ 29,151 milhões (358,95%).</span></p>
<p><span style="font-size: large;">Mas o brasileiro consome em média 60 gramas de mel por ano, contra 240 gramas dos argentinos e mais de 1 quilo nos EUA, na Europa e em vários países da Ásia. Apenas 53% do mel é consumido naturalmente na mesa dos brasileiros, cerca de 35% destina-se à indústria de alimentos e 12% vai para a indústria de cosméticos, tabaco e ração animal.</span></p>
<p><span style="font-size: large;">Quem produz mel são abelhas que trabalham muito. Para produzir 1 quilo de mel, são necessários 2 quilos de néctar. Para isso, cerca de 1 milhão de flores são visitadas por 50.000 abelhas. A cada saída, uma abelha visita pelo menos algumas dezenas de flores, para obter cerca de 40 miligramas de néctar. Além disso, as abelhas produzem cera, própolis, geleia real, regulam a temperatura da colmeia, alimentam larvas e garantem a defesa da colmeia. As operárias vivem em média 45 dias. Rainhas vivem de dois a quatro anos.</span></p>
<p><span style="font-size: large;">Nenhum inseto possui, para o ser humano, um simbolismo tão universal e amplo quanto o da abelha. Ele envolve o individual e o coletivo, o temporal e o espiritual. Como coletividade, as abelhas simbolizam organização, disciplina e cooperação.</span></p>
<p><span style="font-size: large;">Até 20 anos atrás, a produção de mel dirigida ao mercado de laticínios era para a produção de iogurtes. A abertura do mercado externo, em 2001, valorizou o mel. O aumento das exportações desabasteceu o mercado de laticínios. Diante disso, o setor de laticínios aprovou no Congresso uma legislação autorizando a utilização de um preparado de mel (água, xarope de açúcar, glicose, mel, conservantes e aromatizantes) nos iogurtes. Isso diminui consideravelmente a qualidade, o sabor e os benefícios por cada gota consumida.</span></p>
<p><span style="font-size: large;">Sugerir o mel na cesta básica? Na alimentação escolar? Precisamos de mais informações para a população sobre os benefícios do consumo de mel puro, independente da demanda de produção cumprir ou não com as toneladas precisas para atender à toda população.</span></p>
<p><span style="font-size: large;">Cada brasileiro precisa almejar e estimar pelo consumo dando prioridade na alimentação e assim acionando o valor ao puro tesouro dourado para a sua saúde!</span></p>

<p>VALORIZAÇÃO DO TESOURO DOURADO por Judit Ahely &#8211; Idealizadora e palestrante no Projeto Valorize! Caros leitores, enquanto o Brasil é um gigante mundial na produção de açúcar, é minucioso na [&hellip;]</p>
