{"id":5047,"date":"2022-08-10T21:08:09","date_gmt":"2022-08-10T21:08:09","guid":{"rendered":"https:\/\/apacame.org.br\/site\/?page_id=5047"},"modified":"2022-08-10T21:08:09","modified_gmt":"2022-08-10T21:08:09","slug":"opiniao","status":"publish","type":"page","link":"https:\/\/apacame.org.br\/site\/revista\/mensagem-doce-n-167-julho-de-2022\/opiniao\/","title":{"rendered":"Opini\u00e3o"},"content":{"rendered":"<h1 style=\"text-align: center;\">CAD\u00ca A CBA<\/h1>\n<blockquote><p>Joail Humberto Rocha de Abreu &#8211; Economista, administrador, consultor, ex-presidente da CBA<\/p><\/blockquote>\n<p><span style=\"font-size: large;\">Cad\u00ea a nossa Confedera\u00e7\u00e3o Brasileira de Apicultura \u2013 CBA? Ainda existe? Ou \u00e9 s\u00f3 \u201cpalanque\u201d? H\u00e1 dezesseis anos que n\u00e3o se conhece nenhuma comunica\u00e7\u00e3o por meio de \u201cBoletim Informativo\u201d (Art. 8\u00b0 letra f).<\/span><\/p>\n<p><span style=\"font-size: large;\">As \u201cCarteiras de Apicultor\u201d deixou de ser entregues pela CBA (Art.11 letra i), com grandes preju\u00edzos para os apicultores e a perda de identidade profissional na atividade ap\u00edcola.<\/span><\/p>\n<p><span style=\"font-size: large;\">Alguns Estados brasileiros exigem a \u201ccarteira\u201d para os apicultores poderem fazer a migra\u00e7\u00e3o das colmeias, a falta delas tem dificultado o trabalho dos apicultores. Algumas Associa\u00e7\u00f5es t\u00eam fornecido declara\u00e7\u00f5es, para continuarem o trabalho.<\/span><\/p>\n<p><span style=\"font-size: large;\">Nos encontros de apicultores, tem desconto quando apresentam as \u201ccarteiras\u201d, na falta delas aumenta o custo dos apicultores para participarem de eventos ap\u00edcolas.<\/span><\/p>\n<p><span style=\"font-size: large;\">Muitas \u201ccarteiras\u201d foram solicitadas e pagas, mas nunca foram entregues. A insatisfa\u00e7\u00e3o dos apicultores \u00e9 geral e compreensiva, em quase todos os Estados. <\/span><\/p>\n<p><span style=\"font-size: large;\">O Congresso Brasileiro de Apicultura, em Bras\u00edlia, transferido devido a pandemia de covid, ningu\u00e9m sabe quando vai acontecer, j\u00e1 estamos no meio do ano e nada est\u00e1 sendo organizado e divulgado.<\/span><\/p>\n<p><span style=\"font-size: large;\">A gest\u00e3o do atual Presidente termina em maio de 2022, sem data pr\u00e9-estabelecida, pois a Assembleia Geral Ordin\u00e1ria, para elei\u00e7\u00e3o, deve ocorrer durante o Congresso Brasileiro de Apicultura (Art. 46), que pelo Estatuto deve ser em maio. <\/span><\/p>\n<p><span style=\"font-size: large;\">A CBA continua desestruturada de suas obriga\u00e7\u00f5es e responsabilidades, sem gest\u00e3o administrativa. Presidentes de Federa\u00e7\u00f5es n\u00e3o conhecem a responsabilidade que tem em conduzir suas decis\u00f5es e obriga\u00e7\u00f5es.<\/span><\/p>\n<p><span style=\"font-size: large;\">Temos Federa\u00e7\u00f5es e associa\u00e7\u00f5es com Registro na D\u00edvida Ativa, devendo grandes import\u00e2ncias, cuja responsabilidade fica no CPF do Presidente, com bens bloqueados.<\/span><\/p>\n<p><span style=\"font-size: large;\">Muitas vezes assumem d\u00edvidas com a Receita Federal por n\u00e3o declararem o Imposto de Renda, mesmo nulo, no CNPJ da associa\u00e7\u00e3o ou a transfer\u00eancia de titularidade do CPF por motivo de sua indica\u00e7\u00e3o para gestor da associa\u00e7\u00e3o.<\/span><\/p>\n<p><span style=\"font-size: large;\">Os eventos da CBA deveriam ter palestras, feitas por auditores ou representantes dos \u00f3rg\u00e3os de fiscaliza\u00e7\u00e3o para orientar os presidentes de associa\u00e7\u00f5es e federa\u00e7\u00f5es de suas responsabilidades perante o fisco.<\/span><\/p>\n<p><span style=\"font-size: large;\">Entendo que para sobreviv\u00eancia representativa da CBA, ela precisa ter uma gest\u00e3o administrativa com um CEO (Chief Executive Officer), um CFO (Chief Financial Office), um CTO (Chief Tecnology Office), um Complience e pessoal administrativo.<\/span><\/p>\n<p><span style=\"font-size: large;\">Esta \u00e9 uma estrutura administrativa atual e moderna de todas as empresas de gest\u00e3o.<\/span><\/p>\n<p><span style=\"font-size: large;\">N\u00e3o deixaremos de ter um presidente e uma estrutura representativa de associativismo ap\u00edcola, mas sim uma gest\u00e3o com maiores controles administrativo e financeiros com cobran\u00e7a de responsabilidades.<\/span><\/p>\n<p><span style=\"font-size: large;\">Recursos ser\u00e3o indispens\u00e1veis, mas com criatividade, interesse e dedica\u00e7\u00e3o na busca de conv\u00eanios, certifica\u00e7\u00f5es, apoio financeiro e de log\u00edstica de diversos \u00f3rg\u00e3os e principalmente Marketing poderemos atingir nossos objetivos de salvar a CBA para cumprir o papel que lhe cabe.<\/span><\/p>\n","protected":false},"excerpt":{"rendered":"<p>CAD\u00ca A CBA Joail Humberto Rocha de Abreu &#8211; Economista, administrador, consultor, ex-presidente da CBA Cad\u00ea a nossa Confedera\u00e7\u00e3o Brasileira de Apicultura \u2013 CBA? Ainda existe? Ou \u00e9 s\u00f3 \u201cpalanque\u201d? [&hellip;]<\/p>\n","protected":false},"author":20,"featured_media":0,"parent":4982,"menu_order":0,"comment_status":"open","ping_status":"open","template":"","meta":{"pmpro_default_level":"","_price":"","_stock":"","_tribe_ticket_header":"","_tribe_default_ticket_provider":"","_tribe_ticket_capacity":"0","_ticket_start_date":"","_ticket_end_date":"","_tribe_ticket_show_description":"","_tribe_ticket_show_not_going":false,"_tribe_ticket_use_global_stock":"","_tribe_ticket_global_stock_level":"","_global_stock_mode":"","_global_stock_cap":"","_tribe_rsvp_for_event":"","_tribe_ticket_going_count":"","_tribe_ticket_not_going_count":"","_tribe_tickets_list":"[]","_tribe_ticket_has_attendee_info_fields":false,"cybocfi_hide_featured_image":"","footnotes":""},"class_list":["post-5047","page","type-page","status-publish","hentry","pmpro-has-access"],"_links":{"self":[{"href":"https:\/\/apacame.org.br\/site\/wp-json\/wp\/v2\/pages\/5047"}],"collection":[{"href":"https:\/\/apacame.org.br\/site\/wp-json\/wp\/v2\/pages"}],"about":[{"href":"https:\/\/apacame.org.br\/site\/wp-json\/wp\/v2\/types\/page"}],"author":[{"embeddable":true,"href":"https:\/\/apacame.org.br\/site\/wp-json\/wp\/v2\/users\/20"}],"replies":[{"embeddable":true,"href":"https:\/\/apacame.org.br\/site\/wp-json\/wp\/v2\/comments?post=5047"}],"version-history":[{"count":2,"href":"https:\/\/apacame.org.br\/site\/wp-json\/wp\/v2\/pages\/5047\/revisions"}],"predecessor-version":[{"id":5049,"href":"https:\/\/apacame.org.br\/site\/wp-json\/wp\/v2\/pages\/5047\/revisions\/5049"}],"up":[{"embeddable":true,"href":"https:\/\/apacame.org.br\/site\/wp-json\/wp\/v2\/pages\/4982"}],"wp:attachment":[{"href":"https:\/\/apacame.org.br\/site\/wp-json\/wp\/v2\/media?parent=5047"}],"curies":[{"name":"wp","href":"https:\/\/api.w.org\/{rel}","templated":true}]}}