{"id":5025,"date":"2022-08-09T19:31:46","date_gmt":"2022-08-09T19:31:46","guid":{"rendered":"https:\/\/apacame.org.br\/site\/?page_id=5025"},"modified":"2022-08-09T19:31:46","modified_gmt":"2022-08-09T19:31:46","slug":"atividade","status":"publish","type":"page","link":"https:\/\/apacame.org.br\/site\/revista\/mensagem-doce-n-167-julho-de-2022\/atividade\/","title":{"rendered":"Atividade"},"content":{"rendered":"<h1 style=\"text-align: center;\">REUNI\u00c3O DO M\u00caS DE JUNHO 2022<br \/>\nABELHA IB\u00c9RICA SIM, VESPA ASI\u00c1TICA N\u00c3O E ONDE EST\u00c1 A GEN\u00c9TICA AFRICANIZADA QUE ESTAVA AQUI?<\/h1>\n<p><b><i>A import\u00e2ncia da preserva\u00e7\u00e3o das subesp\u00e9cies e h\u00edbridos<\/i><\/b><\/p>\n<blockquote><p>Fabiano Guedes Rodrigues da Silva; (Resgate de Enxames das Regi\u00f5es da Grande S\u00e3o Paulo; Orientadora Professora Dra L\u00eddia M. R. C. Barreto; Refer\u00eancia Revista Mensagem Doce, APACAME n\u00famero 135, ano 2015).<\/p><\/blockquote>\n<p><span style=\"font-size: large;\">Em 2018, ap\u00f3s os grandes inc\u00eandios que ocorreram no Ver\u00e3o de 2017, iniciou em Portugal um grande trabalho em conjunto entre apicultores e os \u00f3rg\u00e3os do governo que est\u00e3o ligados a apicultura. Repovoamento com reposi\u00e7\u00e3o de colmeias e combate a enxames invasores de vespas asi\u00e1ticas. Esses dois problemas causaram uma grande queda no n\u00famero de colmeias no Pa\u00eds e na produ\u00e7\u00e3o (Programa Nacional Ap\u00edcola de Portugal 2020 a 2022).<\/span><\/p>\n<p><span style=\"font-size: large;\">Os apicultores Portugueses est\u00e3o dando prefer\u00eancia ao h\u00edbrido natural da Pen\u00ednsula Ib\u00e9rica, Apis mell\u00edfica iberiensis, subesp\u00e9cie econ\u00f4mica e j\u00e1 adaptada ao clima e vegeta\u00e7\u00e3o. Subesp\u00e9cie que foi protegida do frio pela barreira natural Cordilheira dos Pirineus na \u00faltima Era do Gelo. A temperatura m\u00e9dia global chegou a 7,8 graus c\u00e9lsius. Ap\u00f3s milhares de anos do desgelo o repovoamento das abelhas na Europa chegou at\u00e9 quase 24 subesp\u00e9cies. Hoje divididas em quatro grupos A, M, C e O. Uma Pesquisa de t\u00edtulo Diversidade Gen\u00e9tica de Apis Mel\u00edfera Iberiensis na regi\u00e3o norte de Portugal, realizada de fevereiro a julho no ano de 2010 nas cidades de Bragan\u00e7a, Porto, Viana do Castelo e Vila Real mostra que se encontrou no Norte de Portugal maior diversidade gen\u00e9tica e grande variabilidade gen\u00e9tica, mas que mesmo assim predomina-se o gene A na subesp\u00e9cie Apis iberiensis (Instituto Polit\u00e9cnico de Bragan\u00e7a).<\/span><\/p>\n<p><span style=\"font-size: large;\">Dos H\u00edbridos criados pelo homem, temos tr\u00eas EU dom\u00e9stica, US dom\u00e9stica e Africanizada no Brasil. O gene das abelhas Apis foi codificado em 2006 no Cons\u00f3rcio internacional nos EUA e o gene das Apis Africanizadas em 2016 atrav\u00e9s de uma bolsa de estudos oferecida por Brock A. Harpur &amp; Amro Zayed no Departamento de Biologia da York University em Toronto, Ontario \u2013 Canad\u00e1 pelo P\u00f3s Doutorando Samir M Kadri e Coordenador e Orientador da UNESP de Botucatu Ricardo Orsi. O Pesquisador usou 12 abelhas oper\u00e1rias de cada um dos 15 enxames com maior comportamento defensivo e 12 de cada um dos 15 enxames com menor comportamento defensivo.<\/span><\/p>\n<p><span style=\"font-size: large;\">Analisando o genoma de 30 col\u00f4nias de abelhas africanizadas de quatro api\u00e1rios na cidade de Iaras, S\u00e3o Paulo \u2013 Brasil que fica a aproximadamente 200 km da cidade de Rio Claro onde iniciou o cruzamento resultando em Africanizadas em 1956. O estudo mostrou que o gene africano tem maior frequ\u00eancia na Apis mell\u00edfica africanizada do que nas outras subesp\u00e9cies da Europa C e M (Artigo n\u00famero 160097, Nature.com, 08 de novembro de 2016).<\/span><\/p>\n<p><span style=\"font-size: large;\">Siglas e Acr\u00f3nimos de alguns \u00f3rg\u00e3os que ligados a Apicultura de Portugal &#8211; (Programa Nacional Ap\u00edcola 2020 \u2013 2022)<\/span><\/p>\n<p><span style=\"font-size: large;\"><b>1 CNA<\/b> \u2013 Confedera\u00e7\u00e3o Nacional de Agricultura ligada a FNAP \u2013 Federa\u00e7\u00e3o Nacional de Apicultores de Portugal;<\/span><\/p>\n<p><span style=\"font-size: large;\"><b>2 CONFAGRI<\/b> \u2013 Confedera\u00e7\u00e3o Nacional das Cooperativas Agr\u00edcolas e do Cr\u00e9dito Agr\u00edcola de Portugal. Ligada a FENAPICOLA \u2013 Federa\u00e7\u00e3o Nacional das Cooperativas Ap\u00edcolas e de Produtores de Mel;<\/span><\/p>\n<p><span style=\"font-size: large;\"><b>3 GGAV<\/b> \u2013 Dire\u00e7\u00e3o Geral de Agricultura e Veterin\u00e1ria;<\/span><\/p>\n<p><span style=\"font-size: large;\"><b>4 CNF<\/b> \u2013 Instituto da Conserva\u00e7\u00e3o da Natureza e das Florestas, IP,<\/span><\/p>\n<p><span style=\"font-size: large;\"><b>5 INIAV<\/b> \u2013 Instituto Nacional de Investiga\u00e7\u00e3o Agr\u00e1ria e Veterin\u00e1ria, IP.<\/span><\/p>\n<p><span style=\"font-size: large;\">No calend\u00e1rio de flora\u00e7\u00e3o esp\u00e9cies de plantas mel\u00edferas de Portugal, durante a reuni\u00e3o da APACAME no dia 01 de junho de 2022 surgiu a d\u00favida se o eucalipto floresce e ajuda na produ\u00e7\u00e3o: N\u00e3o como gostar\u00edamos, mas ajuda com pouco fornecimento de alimento no inverno em uma \u00e9poca de pouco estoque na colmeia e quase nenhuma op\u00e7\u00e3o no campo. Assim como a Astrap\u00e9ia (Domb\u00e9ia) planta introduzida no Brasil que ajuda no inverno nas regi\u00f5es Sudeste e Sul. Mostramos o mapa das floras predominantes por Regi\u00e3o em Portugal e mapa com m\u00e9is de denomina\u00e7\u00e3o de origem protegida (Fonte FNAP).<\/span><\/p>\n<p><span style=\"font-size: large;\">Em maio de 2021, a Nestl\u00e9 e o Governo Portugu\u00eas entregam 400 n\u00facleos com enxames de abelhas a Apicultores cadastrados e selecionados pela FNAP e FENAPICOLA. Atualmente, at\u00e9 junho de 2022 somam 700 enxames entregues.<\/span><\/p>\n<p><span style=\"font-size: large;\">Nas Regi\u00f5es Central e Norte do pa\u00eds s\u00e3o onde se concentram os maiores n\u00fameros de Apicultores, sendo que Alentejo e Algarve vem em seguida (Fonte: Programa Nacional Ap\u00edcola 2020 -2022).<\/span><\/p>\n<p><span style=\"font-size: large;\">Doen\u00e7as e pragas amea\u00e7am a exist\u00eancia da Apis mell\u00edfica Iberiensis assim como apicultores de outros pa\u00edses tamb\u00e9m sofrem. Nesse trabalho demos \u00eanfase maior para Vespa Asi\u00e1tica que vem causando ser\u00edssimos problemas n\u00e3o s\u00f3 a agricultores produtores de frutas de cascas finas e flores como tamb\u00e9m muito mais aos apicultores. As vespas asi\u00e1ticas se alimentam das abelhas podendo matar um enxame de 80 mil abelhas em tr\u00eas horas. Apresentamos na reuni\u00e3o da APACAME t\u00e9cnicas utilizadas por apicultores portugueses e \u00f3rg\u00e3os de apoio na elimina\u00e7\u00e3o de ninhos de vespas invasoras na tentativa de controlar, minimizar e ou zerar a dissemina\u00e7\u00e3o. Com a ajuda da Dra Teresa Portas do ICNF recebemos dados atualizados sobre o problema em Portugal e Espanha. Imagens com os locais de prefer\u00eancia de nidifica\u00e7\u00e3o das vespas, altura e ciclo do desenvolvimento. Inclusive, os pa\u00edses europeus com o problema de invas\u00e3o da Vespa Velutina est\u00e3o abertos a receber ideias e ou modelos de combate a dissemina\u00e7\u00e3o dos enxames. (ICNF \u2013 Instituto da Conserva\u00e7\u00e3o da Natureza e das Florestas, IP.).<\/span><\/p>\n<p><span style=\"font-size: large;\">O Apicultor Fernando Afonso nos apresentou em detalhes num v\u00eddeo a t\u00e9cnica chamada CAVALO DE TR\u00d3IA, no combate a vespa asi\u00e1tica. O Cavalo de Tr\u00f3ia \u00e9 eficiente, mas arriscado devido a poss\u00edvel contamina\u00e7\u00e3o de solo e \u00e1gua. Na sua regi\u00e3o o mesmo e os vizinhos conseguem realizar bem o controle da praga com armadilhas espalhadas com atrativos nas propriedades. Um apicultor iniciante na cidade de Espite que havia ganhado uma colmeia em fase de produ\u00e7\u00e3o teve seu enxame totalmente atacado em uma semana pois, era uma regi\u00e3o onde n\u00e3o faziam o controle (Fernando Afonso &#8211; 2021).<\/span><\/p>\n<p><span style=\"font-size: large;\">Para ajudar ainda mais no controle, o ICNF criou uma Plataforma de nome Stop Vespa &lt;https:\/\/stopvespa.icnf.pt\/geovisualizador\/&gt; onde qualquer pessoa que identificar um enxame pode recorrer solicitando o exterm\u00ednio. Nessa plataforma ficam registrados todos os dados dos casos identificados e atendidos ou n\u00e3o.<\/span><\/p>\n<p><span style=\"font-size: large;\">O T\u00e9cnico Agr\u00edcola, Pedro Chambel Cruz, de Lisboa \u2013 Portugal, enriqueceu nossa apresenta\u00e7\u00e3o para reuni\u00e3o da APACAME com grande participa\u00e7\u00e3o nas informa\u00e7\u00f5es sobre a import\u00e2ncia da conserva\u00e7\u00e3o da subesp\u00e9cie Apis Ib\u00e9rica para Portugal. Tamb\u00e9m com informa\u00e7\u00f5es atualizadas das novas placas espalhadas e instaladas em parques urbanos do pa\u00eds informando sobre a import\u00e2ncia dos polinizadores e como identificar ninhos de vespas. Nessas placas existem tamb\u00e9minforma\u00e7\u00f5es e avisos para os cidad\u00e3os de como proceder em casos de identifica\u00e7\u00e3o de ninhos de vespas e da plataforma Stop Vespa (Pedro Chambel Cruz, Parque Urbano de Mira Flores, 2022).<\/span><\/p>\n<p><span style=\"font-size: large;\">De acordo com notici\u00e1rio do Jornal Estad\u00e3o de S\u00e3o Paulo, n\u00e3o foram identificados casos de vespas asi\u00e1ticas no Brasil, ao contr\u00e1rio dos boatos nas redes sociais sobre o inseto. N\u00e3o h\u00e1 registros dessa esp\u00e9cie em territ\u00f3rio brasileiro e n\u00e3o sabemos qual seria a intensidade do problema se elas chegassem no Brasil. Outros boatos sobre a vespa assassina t\u00eam viralizado. Como as abelhas, elas s\u00f3 se defendem se amea\u00e7adas (Material Jornal\u00edstico produzido pelo Estad\u00e3o).<\/span><\/p>\n<p><span style=\"font-size: large;\"><b>E a pergunta: Onde est\u00e1 a gen\u00e9tica africanizada que estava aqui?<\/b><\/span><\/p>\n<p><span style=\"font-size: large;\">Essa pergunta, ainda sem resposta, vem para nos alertar para a import\u00e2ncia da conserva\u00e7\u00e3o do h\u00edbrido Apis mell\u00edfica africanizada que se identificou bem com a vegeta\u00e7\u00e3o e clima do Brasil, tornando assim uma abelha r\u00fastica a pragas e doen\u00e7as e produtiva. Muitos apicultores v\u00eam percebendo a mansid\u00e3o das abelhas em algumas regi\u00f5es do Brasil. J\u00e1 n\u00e3o est\u00e3o mais t\u00e3o defensivas como antes. A pesar de alguns gr\u00e1ficos do Trabalho de pesquisa mostrar o aumento de incid\u00eancia de enxames nas \u00e1reas rurais e urbanas como j\u00e1 era previsto, esses enxames v\u00eam ficando mais mansos no decorrer dos anos, o que n\u00e3o era esperado. Podemos levar v\u00e1rias hip\u00f3teses em considera\u00e7\u00e3o, mas, \u00e9 preciso comprovar cientificamente. <\/span><\/p>\n<p><span style=\"font-size: large;\">Agrade\u00e7o a todos que ajudaram e participaram direta ou indiretamente na elabora\u00e7\u00e3o da apresenta\u00e7\u00e3o dessa reuni\u00e3o.<\/span><\/p>\n<div id='gallery-1' class='gallery galleryid-5025 gallery-columns-2 gallery-size-large'><figure class='gallery-item'>\n\t\t\t<div class='gallery-icon landscape'>\n\t\t\t\t<a href='https:\/\/apacame.org.br\/site\/wp-content\/uploads\/2022\/08\/Foto_1_Arividade_Junho.jpg'><img fetchpriority=\"high\" decoding=\"async\" width=\"774\" height=\"528\" src=\"https:\/\/apacame.org.br\/site\/wp-content\/uploads\/2022\/08\/Foto_1_Arividade_Junho.jpg\" class=\"attachment-large size-large\" alt=\"\" aria-describedby=\"gallery-1-5026\" srcset=\"https:\/\/apacame.org.br\/site\/wp-content\/uploads\/2022\/08\/Foto_1_Arividade_Junho.jpg 774w, https:\/\/apacame.org.br\/site\/wp-content\/uploads\/2022\/08\/Foto_1_Arividade_Junho-300x205.jpg 300w, https:\/\/apacame.org.br\/site\/wp-content\/uploads\/2022\/08\/Foto_1_Arividade_Junho-150x102.jpg 150w, https:\/\/apacame.org.br\/site\/wp-content\/uploads\/2022\/08\/Foto_1_Arividade_Junho-500x341.jpg 500w\" sizes=\"(max-width: 774px) 100vw, 774px\" \/><\/a>\n\t\t\t<\/div>\n\t\t\t\t<figcaption class='wp-caption-text gallery-caption' id='gallery-1-5026'>\n\t\t\t\tFoto geral da palestra do Fabiano.\n\t\t\t\t<\/figcaption><\/figure><figure class='gallery-item'>\n\t\t\t<div class='gallery-icon landscape'>\n\t\t\t\t<a href='https:\/\/apacame.org.br\/site\/wp-content\/uploads\/2022\/08\/Foto_2_Arividade_Junho.jpg'><img decoding=\"async\" width=\"774\" height=\"528\" src=\"https:\/\/apacame.org.br\/site\/wp-content\/uploads\/2022\/08\/Foto_2_Arividade_Junho.jpg\" class=\"attachment-large size-large\" alt=\"\" aria-describedby=\"gallery-1-5027\" srcset=\"https:\/\/apacame.org.br\/site\/wp-content\/uploads\/2022\/08\/Foto_2_Arividade_Junho.jpg 774w, https:\/\/apacame.org.br\/site\/wp-content\/uploads\/2022\/08\/Foto_2_Arividade_Junho-300x205.jpg 300w, https:\/\/apacame.org.br\/site\/wp-content\/uploads\/2022\/08\/Foto_2_Arividade_Junho-150x102.jpg 150w, https:\/\/apacame.org.br\/site\/wp-content\/uploads\/2022\/08\/Foto_2_Arividade_Junho-500x341.jpg 500w\" sizes=\"(max-width: 774px) 100vw, 774px\" \/><\/a>\n\t\t\t<\/div>\n\t\t\t\t<figcaption class='wp-caption-text gallery-caption' id='gallery-1-5027'>\n\t\t\t\tO Fabiano recebendo o diploma do presidente da APACAME.\n\t\t\t\t<\/figcaption><\/figure>\n\t\t<\/div>\n\n","protected":false},"excerpt":{"rendered":"<p>REUNI\u00c3O DO M\u00caS DE JUNHO 2022 ABELHA IB\u00c9RICA SIM, VESPA ASI\u00c1TICA N\u00c3O E ONDE EST\u00c1 A GEN\u00c9TICA AFRICANIZADA QUE ESTAVA AQUI? A import\u00e2ncia da preserva\u00e7\u00e3o das subesp\u00e9cies e h\u00edbridos Fabiano [&hellip;]<\/p>\n","protected":false},"author":20,"featured_media":0,"parent":4982,"menu_order":0,"comment_status":"open","ping_status":"open","template":"","meta":{"pmpro_default_level":"","_price":"","_stock":"","_tribe_ticket_header":"","_tribe_default_ticket_provider":"","_tribe_ticket_capacity":"0","_ticket_start_date":"","_ticket_end_date":"","_tribe_ticket_show_description":"","_tribe_ticket_show_not_going":false,"_tribe_ticket_use_global_stock":"","_tribe_ticket_global_stock_level":"","_global_stock_mode":"","_global_stock_cap":"","_tribe_rsvp_for_event":"","_tribe_ticket_going_count":"","_tribe_ticket_not_going_count":"","_tribe_tickets_list":"[]","_tribe_ticket_has_attendee_info_fields":false,"cybocfi_hide_featured_image":"","footnotes":""},"class_list":["post-5025","page","type-page","status-publish","hentry","pmpro-has-access"],"_links":{"self":[{"href":"https:\/\/apacame.org.br\/site\/wp-json\/wp\/v2\/pages\/5025"}],"collection":[{"href":"https:\/\/apacame.org.br\/site\/wp-json\/wp\/v2\/pages"}],"about":[{"href":"https:\/\/apacame.org.br\/site\/wp-json\/wp\/v2\/types\/page"}],"author":[{"embeddable":true,"href":"https:\/\/apacame.org.br\/site\/wp-json\/wp\/v2\/users\/20"}],"replies":[{"embeddable":true,"href":"https:\/\/apacame.org.br\/site\/wp-json\/wp\/v2\/comments?post=5025"}],"version-history":[{"count":2,"href":"https:\/\/apacame.org.br\/site\/wp-json\/wp\/v2\/pages\/5025\/revisions"}],"predecessor-version":[{"id":5029,"href":"https:\/\/apacame.org.br\/site\/wp-json\/wp\/v2\/pages\/5025\/revisions\/5029"}],"up":[{"embeddable":true,"href":"https:\/\/apacame.org.br\/site\/wp-json\/wp\/v2\/pages\/4982"}],"wp:attachment":[{"href":"https:\/\/apacame.org.br\/site\/wp-json\/wp\/v2\/media?parent=5025"}],"curies":[{"name":"wp","href":"https:\/\/api.w.org\/{rel}","templated":true}]}}