{"id":4989,"date":"2022-08-08T22:02:50","date_gmt":"2022-08-08T22:02:50","guid":{"rendered":"https:\/\/apacame.org.br\/site\/?page_id=4989"},"modified":"2022-08-08T22:02:50","modified_gmt":"2022-08-08T22:02:50","slug":"editorial","status":"publish","type":"page","link":"https:\/\/apacame.org.br\/site\/revista\/mensagem-doce-n-167-julho-de-2022\/editorial\/","title":{"rendered":"Editorial"},"content":{"rendered":"<h1 style=\"text-align: center;\">E vamos ao PL 3358\/2015 E tamb\u00e9m ao PLC 36\/2017 Senado federal e PL 6560\/2019.<\/h1>\n<p><span style=\"font-size: large;\"><a href=\"https:\/\/apacame.org.br\/site\/wp-content\/uploads\/2021\/08\/Foto_Editorial.jpg\"><img fetchpriority=\"high\" decoding=\"async\" class=\"alignleft size-full wp-image-4205\" src=\"https:\/\/apacame.org.br\/site\/wp-content\/uploads\/2021\/08\/Foto_Editorial.jpg\" alt=\"Foto_Editorial\" width=\"385\" height=\"350\" srcset=\"https:\/\/apacame.org.br\/site\/wp-content\/uploads\/2021\/08\/Foto_Editorial.jpg 385w, https:\/\/apacame.org.br\/site\/wp-content\/uploads\/2021\/08\/Foto_Editorial-300x273.jpg 300w, https:\/\/apacame.org.br\/site\/wp-content\/uploads\/2021\/08\/Foto_Editorial-150x136.jpg 150w\" sizes=\"(max-width: 385px) 100vw, 385px\" \/><\/a>Srs. Apicultores, <\/span><\/p>\n<p><span style=\"font-size: large;\">Verificamos uma mudan\u00e7a na lei 1.283, de 18 de dezembro de 1950, do Deputado Federal Alceu Moreira (MDB\/RS) para o PL 3358\/2015, que j\u00e1 foi aprovado na C\u00e2mara dos Deputados, mas se encontra parado no Senado Federal. O projeto est\u00e1 aberto para consulta p\u00fablica, ent\u00e3o, vamos ler, avaliar e votar favoravelmente, solicitando que o projeto seja colocado em pauta no Senado o mais breve poss\u00edvel, em car\u00e1ter de urg\u00eancia. O texto integral est\u00e1 nesta edi\u00e7\u00e3o para sua an\u00e1lise. Precisamos estar atentos para que n\u00e3o ocorra com o mel o mesmo absurdo que amargou o leite no Brasil. N\u00f3s, apicultores, temos que nos preocupar e muito, pois as Federa\u00e7\u00f5es e a CBA, n\u00e3o t\u00eam tomado nenhuma posi\u00e7\u00e3o a esse respeito.<\/span><\/p>\n<p><span style=\"font-size: large;\">Como associados da APACAME, estamos muito atentos a toda essa situa\u00e7\u00e3o e iremos atr\u00e1s de condi\u00e7\u00f5es melhores para os apicultores e n\u00e3o deixaremos que pessoas que n\u00e3o t\u00eam nada a ver com a apicultura tomem decis\u00f5es por n\u00f3s. <\/span><\/p>\n<p><span style=\"font-size: large;\">Sugerimos tamb\u00e9m a leitura de dois artigos, um da Profa. Marilda C. Laurino, sobre os ninhos de abelhas sem ferr\u00e3o no centro urbano na cidade de S\u00e3o Paulo, muito interessante, demonstrando que vale a pena fazer um estudo mais aprofundado e melhorar nosso conhecimento sobre as abelhas nativas. <\/span><\/p>\n<p><span style=\"font-size: large;\">Outro trabalho \u00e9 apresentado pelo Prof. Lionel Segui Gon\u00e7alves, a respeito do dia mundial das Abelhas, ocorrido em 20 de maio passado. Ilustrado com a foto de capa, o artigo merece ser lido atenciosamente para melhor conhecimento do assunto.<\/span><\/p>\n<p><span style=\"font-size: large;\">\u201cE que as abelhas sejam motivos de reuni\u00e3o e uni\u00e3o entre os homens\u201d <\/span><\/p>\n<p><span style=\"font-size: large;\">Uma associa\u00e7\u00e3o se faz com associados.<\/span><\/p>\n<p><span style=\"font-size: large;\"><i><b>Eloi Viana da Silva \u2013 Presidente Executivo &#8211; <a href=\"mailto:eloi@apacame.org.br\">eloi@apacame.org.br<\/a><\/b><\/i> <\/span><\/p>\n","protected":false},"excerpt":{"rendered":"<p>E vamos ao PL 3358\/2015 E tamb\u00e9m ao PLC 36\/2017 Senado federal e PL 6560\/2019. Srs. Apicultores, Verificamos uma mudan\u00e7a na lei 1.283, de 18 de dezembro de 1950, do [&hellip;]<\/p>\n","protected":false},"author":20,"featured_media":0,"parent":4982,"menu_order":0,"comment_status":"open","ping_status":"open","template":"","meta":{"pmpro_default_level":"","_price":"","_stock":"","_tribe_ticket_header":"","_tribe_default_ticket_provider":"","_tribe_ticket_capacity":"0","_ticket_start_date":"","_ticket_end_date":"","_tribe_ticket_show_description":"","_tribe_ticket_show_not_going":false,"_tribe_ticket_use_global_stock":"","_tribe_ticket_global_stock_level":"","_global_stock_mode":"","_global_stock_cap":"","_tribe_rsvp_for_event":"","_tribe_ticket_going_count":"","_tribe_ticket_not_going_count":"","_tribe_tickets_list":"[]","_tribe_ticket_has_attendee_info_fields":false,"cybocfi_hide_featured_image":"","footnotes":""},"class_list":["post-4989","page","type-page","status-publish","hentry","pmpro-has-access"],"_links":{"self":[{"href":"https:\/\/apacame.org.br\/site\/wp-json\/wp\/v2\/pages\/4989"}],"collection":[{"href":"https:\/\/apacame.org.br\/site\/wp-json\/wp\/v2\/pages"}],"about":[{"href":"https:\/\/apacame.org.br\/site\/wp-json\/wp\/v2\/types\/page"}],"author":[{"embeddable":true,"href":"https:\/\/apacame.org.br\/site\/wp-json\/wp\/v2\/users\/20"}],"replies":[{"embeddable":true,"href":"https:\/\/apacame.org.br\/site\/wp-json\/wp\/v2\/comments?post=4989"}],"version-history":[{"count":1,"href":"https:\/\/apacame.org.br\/site\/wp-json\/wp\/v2\/pages\/4989\/revisions"}],"predecessor-version":[{"id":4990,"href":"https:\/\/apacame.org.br\/site\/wp-json\/wp\/v2\/pages\/4989\/revisions\/4990"}],"up":[{"embeddable":true,"href":"https:\/\/apacame.org.br\/site\/wp-json\/wp\/v2\/pages\/4982"}],"wp:attachment":[{"href":"https:\/\/apacame.org.br\/site\/wp-json\/wp\/v2\/media?parent=4989"}],"curies":[{"name":"wp","href":"https:\/\/api.w.org\/{rel}","templated":true}]}}