{"id":4711,"date":"2022-04-01T16:31:19","date_gmt":"2022-04-01T16:31:19","guid":{"rendered":"https:\/\/apacame.org.br\/site\/?page_id=4711"},"modified":"2022-04-01T16:32:58","modified_gmt":"2022-04-01T16:32:58","slug":"4711-2","status":"publish","type":"page","link":"https:\/\/apacame.org.br\/site\/revista\/mensagem-doce-n-165-marco-de-2022\/4711-2\/","title":{"rendered":"Homenagem"},"content":{"rendered":"<h1 style=\"text-align: center;\">Na apicultura me encontrei profissionalmente.<br \/>\nminha identifica\u00e7\u00e3o com o modelo organizacional das abelhas foi fundamental para isso.<\/h1>\n<blockquote><p>Marivanda Maria Eloy Oliveira dos Santos &#8211; Coordenadora do Programa Estadual de Apicultura e Meliponicultura na Bahia &#8211; Secretaria de Desenvolvimento Rural<\/p><\/blockquote>\n<p><span style=\"font-size: large;\"><a href=\"https:\/\/apacame.org.br\/site\/wp-content\/uploads\/2022\/03\/Chamada-Mulheres-na-Apicultura_1.jpg\"><img fetchpriority=\"high\" decoding=\"async\" class=\"aligncenter size-large wp-image-4697\" src=\"https:\/\/apacame.org.br\/site\/wp-content\/uploads\/2022\/03\/Chamada-Mulheres-na-Apicultura_1-1024x210.jpg\" alt=\"Chamada-Mulheres-na-Apicultura_1\" width=\"1024\" height=\"210\" srcset=\"https:\/\/apacame.org.br\/site\/wp-content\/uploads\/2022\/03\/Chamada-Mulheres-na-Apicultura_1-1024x210.jpg 1024w, https:\/\/apacame.org.br\/site\/wp-content\/uploads\/2022\/03\/Chamada-Mulheres-na-Apicultura_1-300x61.jpg 300w, https:\/\/apacame.org.br\/site\/wp-content\/uploads\/2022\/03\/Chamada-Mulheres-na-Apicultura_1-150x31.jpg 150w, https:\/\/apacame.org.br\/site\/wp-content\/uploads\/2022\/03\/Chamada-Mulheres-na-Apicultura_1-500x102.jpg 500w, https:\/\/apacame.org.br\/site\/wp-content\/uploads\/2022\/03\/Chamada-Mulheres-na-Apicultura_1.jpg 1919w\" sizes=\"(max-width: 1024px) 100vw, 1024px\" \/><\/a>Foi com gratid\u00e3o, que recebi o convite para escrever sobre minha trajet\u00f3ria na apicultura, especialmente em uma data t\u00e3o especial: O Dia Internacional da Mulher. Atualmente, assim como em outras \u00e9pocas, o sexo feminino tem que superar muitas dificuldades em v\u00e1rios aspectos, e isso n\u00e3o \u00e9 diferente no campo profissional. As d\u00favidas, os desafios, os caminhos, tudo se torna mais complexo e extenuante para a mulher. Entretanto, persistir e prosperar \u00e9 uma eterna, extensa e exaustiva prova de resist\u00eancia, que pode ser gratificante ao abrir espa\u00e7o para tantas outras mulheres que vir\u00e3o pelo caminho.<\/span><\/p>\n<p><span style=\"font-size: large;\">A minha hist\u00f3ria com a apicultura se consolidou na fase adulta. Entretanto, as ra\u00edzes com o meio rural, t\u00eam liga\u00e7\u00f5es familiares estreitas. O fato de ser filha de produtor e ter passado parte da minha inf\u00e2ncia e adolesc\u00eancia neste ambiente, contribu\u00edram decisivamente na escolha de seguir meus estudos com foco na agropecu\u00e1ria.<\/span><\/p>\n<p><span style=\"font-size: large;\">Logo no in\u00edcio do meu percurso, obtive \u00eaxito em concurso p\u00fablico e ingressei profissionalmente na carreira como Servidora P\u00fablica da Secretaria da Agricultura do Estado, ambiente que me proporcionou muito aprendizado. L\u00e1, inicialmente, trabalhei apoiando entidades com cooperativismo e comercializa\u00e7\u00e3o em um projeto que contava com recursos do Banco Mundial. Nesta oportunidade, aprendi na pr\u00e1tica a import\u00e2ncia do trabalho desenvolvido em equipe, com a participa\u00e7\u00e3o e envolvimento de todos, valorizando saberes e experi\u00eancias.<\/span><\/p>\n<p><span style=\"font-size: large;\">Passei por diferentes setores. Atuei em atividades relacionadas a avicultura, cunicultura, ranicultura, chegando finalmente na apicultura, lugar onde me encontrei profissionalmente. Um aspecto preponderante nesse contexto, foi minha identifica\u00e7\u00e3o com o modelo organizacional das abelhas.<\/span><\/p>\n<p><span style=\"font-size: large;\">Meu aprofundamento t\u00e9cnico se deu em plena licen\u00e7a Maternidade, per\u00edodo em que tive importante imers\u00e3o na \u00e1rea, o que me trouxe seguran\u00e7a para lidar com todas as demandas. Posteriormente, me graduei em Gest\u00e3o Ambiental e iniciei uma p\u00f3s-Gradua\u00e7\u00e3o em Apicultura e Meliponicultura. Os cursos foram enriquecedores e contribu\u00edram para o desenvolvimento de minhas atividades. O contexto exigia ainda mais, por isso continuei investindo na \u00e1rea acad\u00eamica, em uma nova gradua\u00e7\u00e3o na \u00e1rea de Tecnologia em Apicultura e Meliponicultura. Passei a acompanhar os Congressos Brasileiros e latino-americanos sobre o assunto. Instigada, elaborei o trabalho de conclus\u00e3o da p\u00f3s-gradua\u00e7\u00e3o com o tema: \u201cOs Impactos que as abelhas causam ao Meio Ambiente\u201d. Importante ressaltar que nessa pesquisa, pude reunir e aplicar todo o aprendizado que acumulei na \u00e1rea, bem como na minha atividade laboral.<\/span><\/p>\n<p><span style=\"font-size: large;\"><a href=\"https:\/\/apacame.org.br\/site\/wp-content\/uploads\/2022\/04\/Quadro-fotos-mulheres-na-Apicultura4.jpg\"><img decoding=\"async\" class=\"aligncenter size-large wp-image-4712\" src=\"https:\/\/apacame.org.br\/site\/wp-content\/uploads\/2022\/04\/Quadro-fotos-mulheres-na-Apicultura4-1024x748.jpg\" alt=\"Quadro-fotos-mulheres-na-Apicultura4\" width=\"1024\" height=\"748\" srcset=\"https:\/\/apacame.org.br\/site\/wp-content\/uploads\/2022\/04\/Quadro-fotos-mulheres-na-Apicultura4-1024x748.jpg 1024w, https:\/\/apacame.org.br\/site\/wp-content\/uploads\/2022\/04\/Quadro-fotos-mulheres-na-Apicultura4-300x219.jpg 300w, https:\/\/apacame.org.br\/site\/wp-content\/uploads\/2022\/04\/Quadro-fotos-mulheres-na-Apicultura4-150x110.jpg 150w, https:\/\/apacame.org.br\/site\/wp-content\/uploads\/2022\/04\/Quadro-fotos-mulheres-na-Apicultura4-500x365.jpg 500w, https:\/\/apacame.org.br\/site\/wp-content\/uploads\/2022\/04\/Quadro-fotos-mulheres-na-Apicultura4.jpg 1958w\" sizes=\"(max-width: 1024px) 100vw, 1024px\" \/><\/a>O trabalho na \u00e1rea me proporcionou atuar juntamente com o oficial da Pol\u00edcia de Prote\u00e7\u00e3o Ambiental, na coordena\u00e7\u00e3o do \u201cPrograma SOS Abelhas\u201d, e na responsabilidade t\u00e9cnica no Projeto para o Fomento da Apicultura no Estado, per\u00edodo em que foram cadastrados 73 apicultores na Bahia.<\/span><\/p>\n<p><span style=\"font-size: large;\">Em 1998, participei da coordena\u00e7\u00e3o e organiza\u00e7\u00e3o, como Vice-Presidente, do XII Congresso Brasileiro de Apicultura, realizado em Salvador. Em 2009, estive na coordena\u00e7\u00e3o do I Congresso Nordestino de Apicultura e Meliponicultura. Posteriormente, contribui na equipe de coordena\u00e7\u00e3o de diversos Congressos Estaduais, F\u00f3runs, Encontros Estaduais e Semin\u00e1rios de Apicultura e Meliponicultura.<\/span><\/p>\n<p><span style=\"font-size: large;\">Atualmente, sou integrante do projeto Estadual de Apicultura e Meliponicultura, como coordenadora na Secretaria de Desenvolvimento Rural. Nos \u00faltimos 18 anos, venho atuando concomitantemente como Secret\u00e1ria Executiva da C\u00e2mara Setorial Estadual e como representante da Bahia na C\u00e2mara Setorial do Mel Nacional. Participo da equipe de coordena\u00e7\u00e3o &#8211; desde sua constru\u00e7\u00e3o at\u00e9 implanta\u00e7\u00e3o &#8211; do projeto do Curso Superior de Tecnologia em Apicultura e Meliponicultura da UNITAU EAD\/ Polo Tucano.<\/span><\/p>\n<p><span style=\"font-size: large;\">Tem sido gratificante atuar nessa \u00e1rea, pois desde o come\u00e7o da minha trajet\u00f3ria pude realizar, participar e observar com satisfa\u00e7\u00e3o, um contingente inicial de 73 apicultores, que conta hoje com mais de 20.000 fam\u00edlias. S\u00e3o fam\u00edlias de agricultores atendidas com pol\u00edticas p\u00fablicas assertivas, que partiram de uma produ\u00e7\u00e3o inexpressiva para 5.000 toneladas de mel por ano, al\u00e9m da produ\u00e7\u00e3o de outros produtos a exemplo de p\u00f3len e pr\u00f3polis.<\/span><\/p>\n<p><span style=\"font-size: large;\">Sinto-me especialmente gratificada por ter o privil\u00e9gio de trabalhar na \u00e1rea que escolhi. Acompanho com dedica\u00e7\u00e3o todo o processo produtivo, que envolve o fomento, a assist\u00eancia t\u00e9cnica, ensino e agroindustrializa\u00e7\u00e3o at\u00e9 a comercializa\u00e7\u00e3o. A popula\u00e7\u00e3o, em geral, se beneficia dos projetos p\u00fablicos na \u00e1rea, especialmente as pessoas do campo, que recebem forma\u00e7\u00e3o por meio de palestras, congressos, oficinas, semin\u00e1rios e outros.<\/span><\/p>\n<p><span style=\"font-size: large;\">Hoje, a equipe que prop\u00f5e atividades nessa \u00e1rea na Secretaria Estadual, \u00e9 composta, na sua maioria, por mulheres com forma\u00e7\u00e3o especializada. \u00c9 not\u00e1vel o avan\u00e7o do setor nos \u00faltimos anos, reflexo n\u00e3o s\u00f3 os investimentos p\u00fablicos, mas tamb\u00e9m do comprometimento de todas.<\/span><\/p>\n<p><span style=\"font-size: large;\">Nesse contexto, aproveito o momento oportuno para parabenizar e agradecer a estas mulheres, bem como todas aquelas que fazem a diferen\u00e7a na Apicultura do Estado da Bahia, pelo trabalho incans\u00e1vel em prol do crescimento da atividade: Teresinha Braga, L\u00edvia Viana, Fatima Nunes, Solange Veras, Rejane Noronha, Maria Anita Lopes e como figura de destaque, no \u00e2mbito nacional, a professora L\u00eddia Barreto.<\/span><\/p>\n","protected":false},"excerpt":{"rendered":"<p>Na apicultura me encontrei profissionalmente. minha identifica\u00e7\u00e3o com o modelo organizacional das abelhas foi fundamental para isso. Marivanda Maria Eloy Oliveira dos Santos &#8211; Coordenadora do Programa Estadual de Apicultura [&hellip;]<\/p>\n","protected":false},"author":20,"featured_media":0,"parent":4681,"menu_order":0,"comment_status":"open","ping_status":"open","template":"","meta":{"pmpro_default_level":"","_price":"","_stock":"","_tribe_ticket_header":"","_tribe_default_ticket_provider":"","_tribe_ticket_capacity":"0","_ticket_start_date":"","_ticket_end_date":"","_tribe_ticket_show_description":"","_tribe_ticket_show_not_going":false,"_tribe_ticket_use_global_stock":"","_tribe_ticket_global_stock_level":"","_global_stock_mode":"","_global_stock_cap":"","_tribe_rsvp_for_event":"","_tribe_ticket_going_count":"","_tribe_ticket_not_going_count":"","_tribe_tickets_list":"[]","_tribe_ticket_has_attendee_info_fields":false,"cybocfi_hide_featured_image":"","footnotes":""},"class_list":["post-4711","page","type-page","status-publish","hentry","pmpro-has-access"],"_links":{"self":[{"href":"https:\/\/apacame.org.br\/site\/wp-json\/wp\/v2\/pages\/4711"}],"collection":[{"href":"https:\/\/apacame.org.br\/site\/wp-json\/wp\/v2\/pages"}],"about":[{"href":"https:\/\/apacame.org.br\/site\/wp-json\/wp\/v2\/types\/page"}],"author":[{"embeddable":true,"href":"https:\/\/apacame.org.br\/site\/wp-json\/wp\/v2\/users\/20"}],"replies":[{"embeddable":true,"href":"https:\/\/apacame.org.br\/site\/wp-json\/wp\/v2\/comments?post=4711"}],"version-history":[{"count":4,"href":"https:\/\/apacame.org.br\/site\/wp-json\/wp\/v2\/pages\/4711\/revisions"}],"predecessor-version":[{"id":4714,"href":"https:\/\/apacame.org.br\/site\/wp-json\/wp\/v2\/pages\/4711\/revisions\/4714"}],"up":[{"embeddable":true,"href":"https:\/\/apacame.org.br\/site\/wp-json\/wp\/v2\/pages\/4681"}],"wp:attachment":[{"href":"https:\/\/apacame.org.br\/site\/wp-json\/wp\/v2\/media?parent=4711"}],"curies":[{"name":"wp","href":"https:\/\/api.w.org\/{rel}","templated":true}]}}