{"id":4519,"date":"2021-12-07T20:50:51","date_gmt":"2021-12-07T20:50:51","guid":{"rendered":"https:\/\/apacame.org.br\/site\/?page_id=4519"},"modified":"2021-12-07T20:50:51","modified_gmt":"2021-12-07T20:50:51","slug":"editorial","status":"publish","type":"page","link":"https:\/\/apacame.org.br\/site\/revista\/mensagem-doce-n-164-novembro-de-2021\/editorial\/","title":{"rendered":"Editorial"},"content":{"rendered":"<h1 style=\"text-align: center;\">CONGRESSOS NA APICULTURA<\/h1>\n<p><span style=\"font-size: large;\"><a href=\"https:\/\/apacame.org.br\/site\/wp-content\/uploads\/2021\/08\/Foto_Editorial.jpg\"><img fetchpriority=\"high\" decoding=\"async\" class=\"alignleft size-full wp-image-4205\" src=\"https:\/\/apacame.org.br\/site\/wp-content\/uploads\/2021\/08\/Foto_Editorial.jpg\" alt=\"Foto_Editorial\" width=\"385\" height=\"350\" srcset=\"https:\/\/apacame.org.br\/site\/wp-content\/uploads\/2021\/08\/Foto_Editorial.jpg 385w, https:\/\/apacame.org.br\/site\/wp-content\/uploads\/2021\/08\/Foto_Editorial-300x273.jpg 300w, https:\/\/apacame.org.br\/site\/wp-content\/uploads\/2021\/08\/Foto_Editorial-150x136.jpg 150w\" sizes=\"(max-width: 385px) 100vw, 385px\" \/><\/a>Entendemos que o ponto alto dos eventos apicolas s\u00e3o os congressos, onde h\u00e1 uma enorme intera\u00e7\u00e3o com outros apicultores. S\u00e3o v\u00e1rios dias de gl\u00f3ria em que s\u00f3 se fala de abelhas e seus produtos, sem contar o lado cient\u00edfico que \u00e9 muito interessante. Vem gente de todo o Brasil e de outros pa\u00edses, no caso do brasileiro com cerca de 3 a 4 mil participantes, e no mundial realizado pela APIMONDIA temos apicultores do mundo todo com mais de 7 mil congressistas. \u00c9 fant\u00e1stico.<\/span><\/p>\n<p><span style=\"font-size: large;\">No Brasil estava marcado o congresso de Bras\u00edlia para 2020 e de S\u00e3o Paulo para 2022, mas por causa da pandemia todos est\u00e3o sem data para serem realizados. Em conversa com o presidente da (CBA), Jos\u00e9 de Assis Arag\u00e3o, ele confirmou a realiza\u00e7\u00e3o de ambos, mas ainda n\u00e3o h\u00e1 datas.<\/span><\/p>\n<p><span style=\"font-size: large;\">J\u00e1 o congresso da APIMONDIA marcado para 5 a 10 de Setembro de 2022 na cidade de Ufa, na R\u00fassia, est\u00e1 definido, o do Chile, em 2023, provavelmente ser\u00e1 confirmado em Ufa.<\/span><\/p>\n<p><span style=\"font-size: large;\">A APACAME vai organizar, como sempre, nossa caravana atrav\u00e9s de seu Departamento de Eventos.<\/span><\/p>\n<p><span style=\"font-size: large;\">Temos um mat\u00e9ria na revista com o apicultor da Hungria, o Dr. D\u00e9nes Heged\u00fas, em visita ao Brasil e \u00e0 nossa associa\u00e7\u00e3o, falando de sua associa\u00e7\u00e3o h\u00fangara, um exemplo de organiza\u00e7\u00e3o a ser seguido, portanto, n\u00e3o deixe de ler.<\/span><\/p>\n<p><span style=\"font-size: large;\">\u201cE que as abelhas sejam motivos de reuni\u00e3o e uni\u00e3o entre os homens\u201d <\/span><\/p>\n<p><span style=\"font-size: large;\">Uma associa\u00e7\u00e3o se faz com associados.<\/span><\/p>\n<p><span style=\"font-size: large;\"><i><b>Eloi Viana da Silva \u2013 Presidente Executivo &#8211; <a href=\"mailto:eloi@apacame.org.br\">eloi@apacame.org.br<\/a><\/b><\/i><\/span><\/p>\n","protected":false},"excerpt":{"rendered":"<p>CONGRESSOS NA APICULTURA Entendemos que o ponto alto dos eventos apicolas s\u00e3o os congressos, onde h\u00e1 uma enorme intera\u00e7\u00e3o com outros apicultores. S\u00e3o v\u00e1rios dias de gl\u00f3ria em que s\u00f3 [&hellip;]<\/p>\n","protected":false},"author":20,"featured_media":0,"parent":4512,"menu_order":0,"comment_status":"open","ping_status":"open","template":"","meta":{"pmpro_default_level":"","_price":"","_stock":"","_tribe_ticket_header":"","_tribe_default_ticket_provider":"","_tribe_ticket_capacity":"0","_ticket_start_date":"","_ticket_end_date":"","_tribe_ticket_show_description":"","_tribe_ticket_show_not_going":false,"_tribe_ticket_use_global_stock":"","_tribe_ticket_global_stock_level":"","_global_stock_mode":"","_global_stock_cap":"","_tribe_rsvp_for_event":"","_tribe_ticket_going_count":"","_tribe_ticket_not_going_count":"","_tribe_tickets_list":"[]","_tribe_ticket_has_attendee_info_fields":false,"cybocfi_hide_featured_image":"","footnotes":""},"class_list":["post-4519","page","type-page","status-publish","hentry","pmpro-has-access"],"_links":{"self":[{"href":"https:\/\/apacame.org.br\/site\/wp-json\/wp\/v2\/pages\/4519"}],"collection":[{"href":"https:\/\/apacame.org.br\/site\/wp-json\/wp\/v2\/pages"}],"about":[{"href":"https:\/\/apacame.org.br\/site\/wp-json\/wp\/v2\/types\/page"}],"author":[{"embeddable":true,"href":"https:\/\/apacame.org.br\/site\/wp-json\/wp\/v2\/users\/20"}],"replies":[{"embeddable":true,"href":"https:\/\/apacame.org.br\/site\/wp-json\/wp\/v2\/comments?post=4519"}],"version-history":[{"count":1,"href":"https:\/\/apacame.org.br\/site\/wp-json\/wp\/v2\/pages\/4519\/revisions"}],"predecessor-version":[{"id":4520,"href":"https:\/\/apacame.org.br\/site\/wp-json\/wp\/v2\/pages\/4519\/revisions\/4520"}],"up":[{"embeddable":true,"href":"https:\/\/apacame.org.br\/site\/wp-json\/wp\/v2\/pages\/4512"}],"wp:attachment":[{"href":"https:\/\/apacame.org.br\/site\/wp-json\/wp\/v2\/media?parent=4519"}],"curies":[{"name":"wp","href":"https:\/\/api.w.org\/{rel}","templated":true}]}}

<h1 style="text-align: center;">CONGRESSOS NA APICULTURA</h1>
<p><span style="font-size: large;"><a href="https://apacame.org.br/site/wp-content/uploads/2021/08/Foto_Editorial.jpg"><img fetchpriority="high" decoding="async" class="alignleft size-full wp-image-4205" src="https://apacame.org.br/site/wp-content/uploads/2021/08/Foto_Editorial.jpg" alt="Foto_Editorial" width="385" height="350" srcset="https://apacame.org.br/site/wp-content/uploads/2021/08/Foto_Editorial.jpg 385w, https://apacame.org.br/site/wp-content/uploads/2021/08/Foto_Editorial-300x273.jpg 300w, https://apacame.org.br/site/wp-content/uploads/2021/08/Foto_Editorial-150x136.jpg 150w" sizes="(max-width: 385px) 100vw, 385px" /></a>Entendemos que o ponto alto dos eventos apicolas são os congressos, onde há uma enorme interação com outros apicultores. São vários dias de glória em que só se fala de abelhas e seus produtos, sem contar o lado científico que é muito interessante. Vem gente de todo o Brasil e de outros países, no caso do brasileiro com cerca de 3 a 4 mil participantes, e no mundial realizado pela APIMONDIA temos apicultores do mundo todo com mais de 7 mil congressistas. É fantástico.</span></p>
<p><span style="font-size: large;">No Brasil estava marcado o congresso de Brasília para 2020 e de São Paulo para 2022, mas por causa da pandemia todos estão sem data para serem realizados. Em conversa com o presidente da (CBA), José de Assis Aragão, ele confirmou a realização de ambos, mas ainda não há datas.</span></p>
<p><span style="font-size: large;">Já o congresso da APIMONDIA marcado para 5 a 10 de Setembro de 2022 na cidade de Ufa, na Rússia, está definido, o do Chile, em 2023, provavelmente será confirmado em Ufa.</span></p>
<p><span style="font-size: large;">A APACAME vai organizar, como sempre, nossa caravana através de seu Departamento de Eventos.</span></p>
<p><span style="font-size: large;">Temos um matéria na revista com o apicultor da Hungria, o Dr. Dénes Hegedús, em visita ao Brasil e à nossa associação, falando de sua associação húngara, um exemplo de organização a ser seguido, portanto, não deixe de ler.</span></p>
<p><span style="font-size: large;">“E que as abelhas sejam motivos de reunião e união entre os homens” </span></p>
<p><span style="font-size: large;">Uma associação se faz com associados.</span></p>
<p><span style="font-size: large;"><i><b>Eloi Viana da Silva – Presidente Executivo &#8211; <a href="mailto:eloi@apacame.org.br">eloi@apacame.org.br</a></b></i></span></p>

<p>CONGRESSOS NA APICULTURA Entendemos que o ponto alto dos eventos apicolas são os congressos, onde há uma enorme interação com outros apicultores. São vários dias de glória em que só [&hellip;]</p>
