{"id":4266,"date":"2021-08-10T18:18:06","date_gmt":"2021-08-10T18:18:06","guid":{"rendered":"https:\/\/apacame.org.br\/site\/?page_id=4266"},"modified":"2021-08-10T18:23:03","modified_gmt":"2021-08-10T18:23:03","slug":"homenagem","status":"publish","type":"page","link":"https:\/\/apacame.org.br\/site\/revista\/mensagem-doce-n-162-julho-de-2021\/homenagem\/","title":{"rendered":"Homenagem"},"content":{"rendered":"<h1 style=\"text-align: center;\">Homenagem ao meliponicultor Paulo Menezes<\/h1>\n<blockquote><p>Marilda Cortopassi-Laurino &#8211; possui gradua\u00e7\u00e3o em Ci\u00eancias Biol\u00f3gicas pela Universidade de S\u00e3o Paulo (1973), mestrado em Ci\u00eancias Biol\u00f3gicas (Zoologia) pela Universidade de S\u00e3o Paulo (1978) e doutorado em Ci\u00eancias Biol\u00f3gicas (Zoologia) pela Universidade de S\u00e3o Paulo (1982).<\/p><\/blockquote>\n<p><span style=\"font-size: large;\">Paulo Menezes acaba de partir para outras esferas, mas dedicou pelo menos 37 anos da sua vida divulgando conhecimento principalmente sobre a abelha jandaira \u2013 a rainha do sert\u00e3o \u2013Tendo sido um dos herdeiros dos ensinamentos e do meliponario do Monsenhor Huberto Bruening de Mossor\u00f3-RN, Paulo expandiu estes conhecimentos regionais para muito al\u00e9m da sua cidade natal atrav\u00e9s de cursos, colabora\u00e7\u00f5es com pesquisadores e presen\u00e7a em congressos.<\/span><\/p>\n<figure id=\"attachment_4267\" aria-describedby=\"caption-attachment-4267\" style=\"width: 300px\" class=\"wp-caption alignright\"><a href=\"https:\/\/apacame.org.br\/site\/wp-content\/uploads\/2021\/08\/Figura_Homenagem.jpg\"><img fetchpriority=\"high\" decoding=\"async\" class=\"size-medium wp-image-4267\" src=\"https:\/\/apacame.org.br\/site\/wp-content\/uploads\/2021\/08\/Figura_Homenagem-300x177.jpg\" alt=\"Dia Especial no tempo de Paulo Menezes ladeado por Paulo Nogueira-Neto e Warwick Estevan Kerr. Foto Marilda Cortopassi-Laurino.\" width=\"300\" height=\"177\" srcset=\"https:\/\/apacame.org.br\/site\/wp-content\/uploads\/2021\/08\/Figura_Homenagem-300x177.jpg 300w, https:\/\/apacame.org.br\/site\/wp-content\/uploads\/2021\/08\/Figura_Homenagem-150x88.jpg 150w, https:\/\/apacame.org.br\/site\/wp-content\/uploads\/2021\/08\/Figura_Homenagem-500x295.jpg 500w, https:\/\/apacame.org.br\/site\/wp-content\/uploads\/2021\/08\/Figura_Homenagem.jpg 748w\" sizes=\"(max-width: 300px) 100vw, 300px\" \/><\/a><figcaption id=\"caption-attachment-4267\" class=\"wp-caption-text\">Dia Especial no tempo de Paulo Menezes ladeado por Paulo Nogueira-Neto e<br \/>Warwick Estevan Kerr. Foto Marilda Cortopassi-Laurino.<\/figcaption><\/figure>\n<p><span style=\"font-size: large;\">Foi a primeira pessoa que vi, h\u00e1 mais de vinte anos, usar serra el\u00e9trica para abrir troncos de \u00e1rvores com ninhos de abelhas- para n\u00e3o danificar suas estruturas- ao contr\u00e1rio do m\u00e9todo reinante que usava cunhas e marretas. E de fazer a extra\u00e7\u00e3o do mel dentro de uma cabana de tela que era desmont\u00e1vel, e de tamb\u00e9m usar alimentador externo para as abelhas instaladas no quintal da sua casa. Foi ele a primeira pessoa que conseguiu um SIE (Servi\u00e7o de Inspe\u00e7\u00e3o Estadual) no Rio Grande do Norte para m\u00e9is da janda\u00edra.<\/span><\/p>\n<p><span style=\"font-size: large;\">Mais recentemente, tinha uma trailler atrelado ao carro que utilizava para transportar material das aulas e da extra\u00e7\u00e3o dos m\u00e9is. Ao mesmo tempo, foi gestor e\/ou colaborador de projetos na \u00e1rea rural do RN, este principalmente dedicado e desenvolvido por mulheres, al\u00e9m de outros no sert\u00e3o do Canind\u00e9-CE e em Icapu\u00ed-CE.<\/span><\/p>\n<p><span style=\"font-size: large;\">Paulo Menezes uma vez escreveu: \u201c Um dos muitos ensinamento que aprendi com o mestre Monsenhor Bruening foi de que procur\u00e1ssemos sempre passar o nosso conhecimento aos que nos rodeiam a fim de que a chama nunca se apague\u201d. Foi aluno exemplar.<\/span><\/p>\n","protected":false},"excerpt":{"rendered":"<p>Homenagem ao meliponicultor Paulo Menezes Marilda Cortopassi-Laurino &#8211; possui gradua\u00e7\u00e3o em Ci\u00eancias Biol\u00f3gicas pela Universidade de S\u00e3o Paulo (1973), mestrado em Ci\u00eancias Biol\u00f3gicas (Zoologia) pela Universidade de S\u00e3o Paulo (1978) [&hellip;]<\/p>\n","protected":false},"author":20,"featured_media":0,"parent":4196,"menu_order":0,"comment_status":"open","ping_status":"open","template":"","meta":{"pmpro_default_level":"","_price":"","_stock":"","_tribe_ticket_header":"","_tribe_default_ticket_provider":"","_tribe_ticket_capacity":"0","_ticket_start_date":"","_ticket_end_date":"","_tribe_ticket_show_description":"","_tribe_ticket_show_not_going":false,"_tribe_ticket_use_global_stock":"","_tribe_ticket_global_stock_level":"","_global_stock_mode":"","_global_stock_cap":"","_tribe_rsvp_for_event":"","_tribe_ticket_going_count":"","_tribe_ticket_not_going_count":"","_tribe_tickets_list":"[]","_tribe_ticket_has_attendee_info_fields":false,"cybocfi_hide_featured_image":"","footnotes":""},"class_list":["post-4266","page","type-page","status-publish","hentry","pmpro-has-access"],"_links":{"self":[{"href":"https:\/\/apacame.org.br\/site\/wp-json\/wp\/v2\/pages\/4266"}],"collection":[{"href":"https:\/\/apacame.org.br\/site\/wp-json\/wp\/v2\/pages"}],"about":[{"href":"https:\/\/apacame.org.br\/site\/wp-json\/wp\/v2\/types\/page"}],"author":[{"embeddable":true,"href":"https:\/\/apacame.org.br\/site\/wp-json\/wp\/v2\/users\/20"}],"replies":[{"embeddable":true,"href":"https:\/\/apacame.org.br\/site\/wp-json\/wp\/v2\/comments?post=4266"}],"version-history":[{"count":3,"href":"https:\/\/apacame.org.br\/site\/wp-json\/wp\/v2\/pages\/4266\/revisions"}],"predecessor-version":[{"id":4273,"href":"https:\/\/apacame.org.br\/site\/wp-json\/wp\/v2\/pages\/4266\/revisions\/4273"}],"up":[{"embeddable":true,"href":"https:\/\/apacame.org.br\/site\/wp-json\/wp\/v2\/pages\/4196"}],"wp:attachment":[{"href":"https:\/\/apacame.org.br\/site\/wp-json\/wp\/v2\/media?parent=4266"}],"curies":[{"name":"wp","href":"https:\/\/api.w.org\/{rel}","templated":true}]}}