{"id":4075,"date":"2021-06-08T19:10:31","date_gmt":"2021-06-08T19:10:31","guid":{"rendered":"http:\/\/apacame.org.br\/site\/?page_id=4075"},"modified":"2021-06-08T19:14:48","modified_gmt":"2021-06-08T19:14:48","slug":"editorial","status":"publish","type":"page","link":"https:\/\/apacame.org.br\/site\/revista\/mensagem-doce-n-161-maio-de-2021\/editorial\/","title":{"rendered":"Editorial"},"content":{"rendered":"<h1 style=\"text-align: center;\">O FANT\u00c1STICO MUNDO AP\u00cdCOLA BRASILEIRO<\/h1>\n<p><span style=\"font-size: large;\"><a href=\"https:\/\/apacame.org.br\/site\/wp-content\/uploads\/2021\/06\/eloi-viana.jpg\"><img fetchpriority=\"high\" decoding=\"async\" class=\"alignleft size-medium wp-image-4079\" src=\"https:\/\/apacame.org.br\/site\/wp-content\/uploads\/2021\/06\/eloi-viana-300x273.jpg\" alt=\"eloi-viana\" width=\"300\" height=\"273\" srcset=\"https:\/\/apacame.org.br\/site\/wp-content\/uploads\/2021\/06\/eloi-viana.jpg 300w, https:\/\/apacame.org.br\/site\/wp-content\/uploads\/2021\/06\/eloi-viana-150x137.jpg 150w\" sizes=\"(max-width: 300px) 100vw, 300px\" \/><\/a>A apicultura vive tempos de efervesc\u00eancia como nunca visto, com o pre\u00e7o da pr\u00f3polis nas alturas, assim como o mel, exporta\u00e7\u00f5es batendo recorde e produ\u00e7\u00e3o insuficiente para atender a todos. No caso da pr\u00f3polis temos muita dificuldade de encontrar o produto, que quando encontrado \u00e9 imposs\u00edvel de se pagar. Aonde vamos chegar? O mercado vai ditar as regras automaticamente, n\u00e3o podemos esquecer. Os consumidores internos s\u00e3o o nosso alicerce, pois as exporta\u00e7\u00f5es s\u00e3o espor\u00e1dicas e n\u00e3o podemos ficar dependentes, como a hist\u00f3ria nos ensina. Portanto, apicultores, aproveitem, mas com os dois p\u00e9s no ch\u00e3o e as duas m\u00e3os para os c\u00e9us.<\/span><\/p>\n<p><span style=\"font-size: large;\"> H\u00e1 nesta edi\u00e7\u00e3o a reportagem sobre um de nossos associados e ex-aluno do Curso B\u00e1sico de apicultura da APACAME, Vitorino, exemplo de determina\u00e7\u00e3o e dedica\u00e7\u00e3o no trato com as abelhas e com o pasto ap\u00edcola. Hoje ele at\u00e9 exporta produtos cuja qualidade s\u00f3 o Brasil tem, com destaque para Minas Gerais. A ele apresentamos a satisfa\u00e7\u00e3o como apicultor e coordenador do curso, por nos dar a oportunidade de conhecer toda a estrutura de seu api\u00e1rio, parab\u00e9ns.<\/span><\/p>\n<p><span style=\"font-size: large;\">\u201cE que as abelhas sejam motivos de reuni\u00e3o e uni\u00e3o entre os homens\u201d <\/span><\/p>\n<p><span style=\"font-size: large;\">Uma associa\u00e7\u00e3o se faz com associados.<\/span><\/p>\n<p><span style=\"font-size: large;\"><i><b>Eloi Viana da Silva \u2013 Presidente Executivo &#8211; <a href=\"mailto:eloi@apacame.org.br\">eloi@apacame.org.br<\/a><\/b><\/i><\/span><\/p>\n","protected":false},"excerpt":{"rendered":"<p>O FANT\u00c1STICO MUNDO AP\u00cdCOLA BRASILEIRO A apicultura vive tempos de efervesc\u00eancia como nunca visto, com o pre\u00e7o da pr\u00f3polis nas alturas, assim como o mel, exporta\u00e7\u00f5es batendo recorde e produ\u00e7\u00e3o [&hellip;]<\/p>\n","protected":false},"author":20,"featured_media":0,"parent":4068,"menu_order":0,"comment_status":"open","ping_status":"open","template":"","meta":{"pmpro_default_level":"","_price":"","_stock":"","_tribe_ticket_header":"","_tribe_default_ticket_provider":"","_tribe_ticket_capacity":"0","_ticket_start_date":"","_ticket_end_date":"","_tribe_ticket_show_description":"","_tribe_ticket_show_not_going":false,"_tribe_ticket_use_global_stock":"","_tribe_ticket_global_stock_level":"","_global_stock_mode":"","_global_stock_cap":"","_tribe_rsvp_for_event":"","_tribe_ticket_going_count":"","_tribe_ticket_not_going_count":"","_tribe_tickets_list":"[]","_tribe_ticket_has_attendee_info_fields":false,"cybocfi_hide_featured_image":"","footnotes":""},"class_list":["post-4075","page","type-page","status-publish","hentry","pmpro-has-access"],"_links":{"self":[{"href":"https:\/\/apacame.org.br\/site\/wp-json\/wp\/v2\/pages\/4075"}],"collection":[{"href":"https:\/\/apacame.org.br\/site\/wp-json\/wp\/v2\/pages"}],"about":[{"href":"https:\/\/apacame.org.br\/site\/wp-json\/wp\/v2\/types\/page"}],"author":[{"embeddable":true,"href":"https:\/\/apacame.org.br\/site\/wp-json\/wp\/v2\/users\/20"}],"replies":[{"embeddable":true,"href":"https:\/\/apacame.org.br\/site\/wp-json\/wp\/v2\/comments?post=4075"}],"version-history":[{"count":2,"href":"https:\/\/apacame.org.br\/site\/wp-json\/wp\/v2\/pages\/4075\/revisions"}],"predecessor-version":[{"id":4080,"href":"https:\/\/apacame.org.br\/site\/wp-json\/wp\/v2\/pages\/4075\/revisions\/4080"}],"up":[{"embeddable":true,"href":"https:\/\/apacame.org.br\/site\/wp-json\/wp\/v2\/pages\/4068"}],"wp:attachment":[{"href":"https:\/\/apacame.org.br\/site\/wp-json\/wp\/v2\/media?parent=4075"}],"curies":[{"name":"wp","href":"https:\/\/api.w.org\/{rel}","templated":true}]}}