{"id":40,"date":"2015-08-13T21:11:54","date_gmt":"2015-08-13T21:11:54","guid":{"rendered":"http:\/\/apacame.org.br\/site\/?page_id=40"},"modified":"2024-01-18T16:15:59","modified_gmt":"2024-01-18T16:15:59","slug":"plenario","status":"publish","type":"page","link":"https:\/\/apacame.org.br\/site\/plenario\/","title":{"rendered":"Plen\u00e1rio"},"content":{"rendered":"\n<p>Com a ferramenta aqui disponibilizada, pretendemos que n\u00e3o mais haja dist\u00e2ncia de comunica\u00e7\u00e3o entre associados, apicultores, pesquisadores, empres\u00e1rios e entusiastas da apicultura e da natureza. Esta ferramenta permite conversar (teclar) com todos, desde que cadastrados, n\u00e3o importando a localiza\u00e7\u00e3o.<\/p>\n\n\n\n<p>A barreira da dist\u00e2ncia \u00e9 quebrada aqui, facilitando a troca de informa\u00e7\u00f5es na comunidade ap\u00edcola!<br>Quanto aos temas abordados, naturalmente de interesse da apicultura, pretendemos que sejam amplos e abrangentes, atendendo aos interesses diversos da comunidade ap\u00edcola, portanto despreendidos de crit\u00e9rios que possam sugerir a &#8220;elitiza\u00e7\u00e3o&#8221; dos mesmos.<\/p>\n\n\n\n<p><\/p>\n\n\n\n<p>&#8220;A informa\u00e7\u00e3o tem por fim a forma\u00e7\u00e3o.&#8221;<\/p>\n\n\n\n<p>Use e abuse ! Este \u00e9 o nosso prop\u00f3sito, permitir o interc\u00e2mbio entre pessoas de modo amig\u00e1vel, r\u00e1pido, seguro e sem fronteiras !<br>Avise os amigos e participem do &#8220;Plen\u00e1rio&#8221;. Sua presen\u00e7a \u00e9 bem-vinda !!!<\/p>\n\n\n\n<div style=\"height:50px\" aria-hidden=\"true\" class=\"wp-block-spacer\"><\/div>\n\n\n\n<h3 class=\"wp-block-heading\">INSTRU\u00c7\u00d5ES PARA USO DO &#8220;PLEN\u00c1RIO APACAME&#8221;:<\/h3>\n\n\n\n<p><strong>1. Cadastro de Participa\u00e7\u00e3o:<\/strong><br>&nbsp;&nbsp;&nbsp; Enviar solicita\u00e7\u00e3o para: <a href=\"mailto:apacame-plenario+subscribe@googlegroups.com\">apacame-plenario+subscribe@googlegroups.com<\/a><\/p>\n\n\n\n<p><strong>2. Solicitar sa\u00edda do cadastro:<\/strong><br>&nbsp;&nbsp;&nbsp; Enviar solicita\u00e7\u00e3o para: <a href=\"mailto:apacame-plenario+unsubscribe@googlegroups.com\">apacame-plenario+unsubscribe@googlegroups.com<\/a><\/p>\n\n\n\n<p><strong>3. Enviar mensagem para o &#8220;Plen\u00e1rio&#8221;:<\/strong><br>&nbsp;&nbsp;&nbsp; Utilizar: <span style=\"color: #3333ff;\"><a href=\"mailto:apacame-plenario@googlegroups.com\">apacame-plenario@googlegroups.com<\/a><\/span><\/p>\n\n\n\n<p><strong>4. Enviar mensagem para o &#8220;Moderador&#8221;:<\/strong><br>&nbsp;&nbsp;&nbsp; Utilizar: <span style=\"color: #3333ff;\"><a href=\"mailto:apacame-plenario+owner@googlegroups.com\">apacame-plenario+owner@googlegroups.com<\/a><\/span><\/p>\n","protected":false},"excerpt":{"rendered":"<p>Com a ferramenta aqui disponibilizada, pretendemos que n\u00e3o mais haja dist\u00e2ncia de comunica\u00e7\u00e3o entre associados, apicultores, pesquisadores, empres\u00e1rios e entusiastas da apicultura e da natureza. Esta ferramenta permite conversar (teclar) [&hellip;]<\/p>\n","protected":false},"author":1,"featured_media":41,"parent":0,"menu_order":0,"comment_status":"open","ping_status":"closed","template":"page-secret.php","meta":{"pmpro_default_level":"","_price":"","_stock":"","_tribe_ticket_header":"","_tribe_default_ticket_provider":"","_tribe_ticket_capacity":"0","_ticket_start_date":"","_ticket_end_date":"","_tribe_ticket_show_description":"","_tribe_ticket_show_not_going":false,"_tribe_ticket_use_global_stock":"","_tribe_ticket_global_stock_level":"","_global_stock_mode":"","_global_stock_cap":"","_tribe_rsvp_for_event":"","_tribe_ticket_going_count":"","_tribe_ticket_not_going_count":"","_tribe_tickets_list":"[]","_tribe_ticket_has_attendee_info_fields":false,"cybocfi_hide_featured_image":"","footnotes":""},"class_list":["post-40","page","type-page","status-publish","has-post-thumbnail","hentry","pmpro-has-access"],"_links":{"self":[{"href":"https:\/\/apacame.org.br\/site\/wp-json\/wp\/v2\/pages\/40"}],"collection":[{"href":"https:\/\/apacame.org.br\/site\/wp-json\/wp\/v2\/pages"}],"about":[{"href":"https:\/\/apacame.org.br\/site\/wp-json\/wp\/v2\/types\/page"}],"author":[{"embeddable":true,"href":"https:\/\/apacame.org.br\/site\/wp-json\/wp\/v2\/users\/1"}],"replies":[{"embeddable":true,"href":"https:\/\/apacame.org.br\/site\/wp-json\/wp\/v2\/comments?post=40"}],"version-history":[{"count":7,"href":"https:\/\/apacame.org.br\/site\/wp-json\/wp\/v2\/pages\/40\/revisions"}],"predecessor-version":[{"id":6274,"href":"https:\/\/apacame.org.br\/site\/wp-json\/wp\/v2\/pages\/40\/revisions\/6274"}],"wp:featuredmedia":[{"embeddable":true,"href":"https:\/\/apacame.org.br\/site\/wp-json\/wp\/v2\/media\/41"}],"wp:attachment":[{"href":"https:\/\/apacame.org.br\/site\/wp-json\/wp\/v2\/media?parent=40"}],"curies":[{"name":"wp","href":"https:\/\/api.w.org\/{rel}","templated":true}]}}