{"id":3844,"date":"2020-12-08T20:30:23","date_gmt":"2020-12-08T20:30:23","guid":{"rendered":"http:\/\/apacame.org.br\/site\/?page_id=3844"},"modified":"2020-12-08T20:30:23","modified_gmt":"2020-12-08T20:30:23","slug":"gastronomia","status":"publish","type":"page","link":"https:\/\/apacame.org.br\/site\/revista\/mensagem-doce-n-159-novembro-de-2020\/gastronomia\/","title":{"rendered":"Gastronomia"},"content":{"rendered":"<h1 style=\"text-align: center;\">Presentear com mel<\/h1>\n<blockquote><p>Texto: Maria Cl\u00e1udia Gavioli.<\/p><\/blockquote>\n<p><span style=\"font-size: large;\"><a href=\"https:\/\/apacame.org.br\/site\/wp-content\/uploads\/2020\/12\/Abertura-materia-gastronomia.jpg\"><img decoding=\"async\" class=\"alignright size-medium wp-image-3845\" src=\"https:\/\/apacame.org.br\/site\/wp-content\/uploads\/2020\/12\/Abertura-materia-gastronomia-300x123.jpg\" alt=\"Abertura-materia-gastronomia\" width=\"300\" height=\"123\" srcset=\"https:\/\/apacame.org.br\/site\/wp-content\/uploads\/2020\/12\/Abertura-materia-gastronomia-300x123.jpg 300w, https:\/\/apacame.org.br\/site\/wp-content\/uploads\/2020\/12\/Abertura-materia-gastronomia-1024x420.jpg 1024w, https:\/\/apacame.org.br\/site\/wp-content\/uploads\/2020\/12\/Abertura-materia-gastronomia-150x62.jpg 150w, https:\/\/apacame.org.br\/site\/wp-content\/uploads\/2020\/12\/Abertura-materia-gastronomia-500x205.jpg 500w\" sizes=\"(max-width: 300px) 100vw, 300px\" \/><\/a>Uma hist\u00f3ria que quase todo mundo conhece \u00e9 a da visita dos reis magos a Maria, Jos\u00e9 e o menino Jesus, levando ouro, incenso e mirra. Antes de abandonar esta leitura porque ela sugere um car\u00e1ter doutrin\u00e1rio ou religioso, convido a refletir sobre o valor simb\u00f3lico dos presentes dados \u00e0 sagrada fam\u00edlia pelos magos viajantes, sem nem sequer esbarrar em religi\u00e3o. Ao aceitar o meu convite, voc\u00ea vai continuar lendo o texto, claro!<\/span><\/p>\n<p><span style=\"font-size: large;\">Mesmo que voc\u00ea n\u00e3o saiba, como eu n\u00e3o sabia, o que \u00e9 mirra* e pra que ela serve, pare um instante e pense no significado embutido no ato de presentear com ouro, por exemplo. Por tradi\u00e7\u00e3o, quando nasce uma crian\u00e7a, os av\u00f3s ou padrinhos, ainda hoje, de acordo com suas posses, presenteiam simbolicamente o rec\u00e9m-nascido com uma pecinha de ouro, que \u00e9 para ser guardada. Quando o beb\u00ea crescer um pouco saber\u00e1 que hist\u00f3ria est\u00e1 simbolizada naquele presente guardado. Os pais v\u00e3o contar \u00e0 crian\u00e7a quem foi que lhe deu aquela joia e ser\u00e1 lembrado o momento em que ela foi recebida, criando la\u00e7os simb\u00f3licos entre os envolvidos. <\/span><\/p>\n<p><span style=\"font-size: large;\">Um metal precioso, al\u00e9m de ter valor financeiro que o caracteriza como bem material importante, carrega uma certa ostenta\u00e7\u00e3o de nobreza ou realeza e o ouro, entre os metais, \u00e9 um dos mais resistentes e longevos, uma vez que ultrapassa gera\u00e7\u00f5es e se mant\u00e9m intacto, o que o fez, historicamente, lastro de valor acumulado pelas na\u00e7\u00f5es de todo o planeta. <\/span><\/p>\n<p><span style=\"font-size: large;\"><a href=\"https:\/\/apacame.org.br\/site\/wp-content\/uploads\/2020\/12\/box_Gastronomia.jpg\"><img decoding=\"async\" class=\"alignleft size-medium wp-image-3846\" src=\"https:\/\/apacame.org.br\/site\/wp-content\/uploads\/2020\/12\/box_Gastronomia-300x50.jpg\" alt=\"box_Gastronomia\" width=\"300\" height=\"50\" srcset=\"https:\/\/apacame.org.br\/site\/wp-content\/uploads\/2020\/12\/box_Gastronomia-300x50.jpg 300w, https:\/\/apacame.org.br\/site\/wp-content\/uploads\/2020\/12\/box_Gastronomia-1024x171.jpg 1024w, https:\/\/apacame.org.br\/site\/wp-content\/uploads\/2020\/12\/box_Gastronomia-150x25.jpg 150w, https:\/\/apacame.org.br\/site\/wp-content\/uploads\/2020\/12\/box_Gastronomia-500x84.jpg 500w, https:\/\/apacame.org.br\/site\/wp-content\/uploads\/2020\/12\/box_Gastronomia.jpg 1245w\" sizes=\"(max-width: 300px) 100vw, 300px\" \/><\/a>Toda essa hist\u00f3ria para sugerir o mel como presente. N\u00e3o apenas material, caracterizado somente como produto ou ingrediente fisicamente, mas tamb\u00e9m cheio de simbologias, as quais me atrevo a esbo\u00e7ar enquanto recomendo mel e seus aparentados (pr\u00f3polis, geleia real, al\u00e9m de produ\u00e7\u00f5es culin\u00e1rias e gastron\u00f4micas como bolos, doces e outros mais) como um bem a ser ofertado ou recebido. <\/span><\/p>\n<p><span style=\"font-size: large;\">Um vidro de mel, mesmo quando \u00e9 caro, no seu bolso, vai custar menos que uma \u201clembrancinha\u201d de boa qualidade que \u00e9 a que, de forma geral, buscamos para presentear pessoas queridas. Mas, n\u00e3o \u00e9 interessante pensar que, ao dar um pote de mel de presente, o regalo leva consigo uma d\u00e1diva de sabor doce com in\u00fameras possibilidades de usos que v\u00e3o do curativo medicinal ao gastron\u00f4mico? <\/span><\/p>\n<p><span style=\"font-size: large;\">Amarelo ou \u00e2mbar, assim como o ouro, o mel tornou-se sin\u00f4nimo de uma cor, que remete a valores positivos de do\u00e7ura e aconchego. Note que as embalagens de mel s\u00e3o, em sua maioria, transparentes, sejam elas de vidro ou pl\u00e1stico, e sempre prezam por deixar \u00e0 mostra a cor do que cont\u00e9m. Deixe um pouco de lado a ideia de pureza cristalina que se tem com a transpar\u00eancia do l\u00edquido viscoso e pense em como a cor de mel lhe d\u00e1 a uma boa sensa\u00e7\u00e3o, mesmo se um pouco turva. <\/span><\/p>\n<figure id=\"attachment_3847\" aria-describedby=\"caption-attachment-3847\" style=\"width: 300px\" class=\"wp-caption alignright\"><a href=\"https:\/\/apacame.org.br\/site\/wp-content\/uploads\/2020\/12\/Figura1_Gastronomia.jpg\"><img fetchpriority=\"high\" decoding=\"async\" class=\"size-medium wp-image-3847\" src=\"https:\/\/apacame.org.br\/site\/wp-content\/uploads\/2020\/12\/Figura1_Gastronomia-300x200.jpg\" alt=\"Incenso,ouro e mirra os presentes dos Reis Magos ao menino Jesus.\" width=\"300\" height=\"200\" srcset=\"https:\/\/apacame.org.br\/site\/wp-content\/uploads\/2020\/12\/Figura1_Gastronomia-300x200.jpg 300w, https:\/\/apacame.org.br\/site\/wp-content\/uploads\/2020\/12\/Figura1_Gastronomia-1024x683.jpg 1024w, https:\/\/apacame.org.br\/site\/wp-content\/uploads\/2020\/12\/Figura1_Gastronomia-150x100.jpg 150w, https:\/\/apacame.org.br\/site\/wp-content\/uploads\/2020\/12\/Figura1_Gastronomia-500x333.jpg 500w, https:\/\/apacame.org.br\/site\/wp-content\/uploads\/2020\/12\/Figura1_Gastronomia.jpg 1122w\" sizes=\"(max-width: 300px) 100vw, 300px\" \/><\/a><figcaption id=\"caption-attachment-3847\" class=\"wp-caption-text\">Incenso,ouro e mirra os presentes dos Reis Magos ao menino Jesus.<\/figcaption><\/figure>\n<p><span style=\"font-size: large;\">Encanta-me tamb\u00e9m pensar no mel como resultado do trabalho de uma sociedade feminina organizada na qual a produ\u00e7\u00e3o se d\u00e1 por meio de trabalho coletivo, de abelhas oper\u00e1rias que labutam numa hierarquia em que existe uma abelha rainha. Uma sociedade feminina&#8230; A mim, que sou mulher, soa mais justa, respons\u00e1vel e igualit\u00e1ria, menos competitiva e predadora. Isso sem contar na generosidade de quem produz. Uma produ\u00e7\u00e3o que ser\u00e1 consumida por outra esp\u00e9cie animal, que n\u00e3o serve somente para o pr\u00f3prio sustento das abelhas. Ah! E que, tampouco, \u00e9 cobrada monetariamente de quem a consome. Se, numa \u00e1rvore do seu quintal, surgir um enxame de abelhas e ali for produzido mel, as abelhas n\u00e3o cobrar\u00e3o um \u00fanico centavo pelo produto que vir\u00e1 da extra\u00e7\u00e3o. Seja qual for a qualidade do mel retirado dali, as oper\u00e1rias n\u00e3o estabelecem pre\u00e7o a ser pago por sua produ\u00e7\u00e3o.<\/span><\/p>\n<p><span style=\"font-size: large;\">Diante de tanta simbologia, os meles em suas diversas vers\u00f5es passam a figurar entre as op\u00e7\u00f5es de presente mais deliciosas tanto de dar, quanto de receber. Para quem, quando e em que formato vai depender de cada oportunidade. <\/span><\/p>\n<p><span style=\"font-size: large;\">Seja para amigos ou parentes, de perto ou de longe, para gente que a gente convive no trabalho, na vizinhan\u00e7a, na comunidade ou na escola; pode ser em virtude de uma data comemorativa, como agradecimento ou numa visita de cortesia; talvez, apenas voc\u00ea tenha tido vontade de preparar aquela receita de p\u00e3o de mel que tanto ama ou, quem sabe, passou em frente \u00e0 vitrine de um emp\u00f3rio e foi arrebatado por sentimentos da inf\u00e2ncia ao notar aquela tripa de saquinhos de mel ao lado de um queijo da canastra; sempre h\u00e1 um bom motivo, sempre h\u00e1 um significado para presentear com mel. <\/span><\/p>\n<p><span style=\"font-size: large;\">Para os amantes da culin\u00e1ria e da gastronomia, um pote de mel \u00e9 um \u201cinfinito particular\u201d de possibilidades. Para comer puro, com queijo, no p\u00e3o, para usar no preparo de doces, nas receitas de saladas, nos assados, nas finaliza\u00e7\u00f5es dando o brilho que o prato de chef precisa, tudo \u00e9 motivo para querer ganhar um pote, um saco, um litro ou um balde de mel. <\/span><\/p>\n<p><span style=\"font-size: large;\">Agora, voltando \u00e0 hist\u00f3ria do ouro, incenso e mirra. J\u00e1 que quem conta a hist\u00f3ria, sempre a reconta, podia ser ouro, azeite e mel, n\u00e3o acha?<\/span><\/p>\n","protected":false},"excerpt":{"rendered":"<p>Presentear com mel Texto: Maria Cl\u00e1udia Gavioli. Uma hist\u00f3ria que quase todo mundo conhece \u00e9 a da visita dos reis magos a Maria, Jos\u00e9 e o menino Jesus, levando ouro, [&hellip;]<\/p>\n","protected":false},"author":20,"featured_media":0,"parent":3801,"menu_order":0,"comment_status":"open","ping_status":"open","template":"","meta":{"pmpro_default_level":"","_price":"","_stock":"","_tribe_ticket_header":"","_tribe_default_ticket_provider":"","_tribe_ticket_capacity":"0","_ticket_start_date":"","_ticket_end_date":"","_tribe_ticket_show_description":"","_tribe_ticket_show_not_going":false,"_tribe_ticket_use_global_stock":"","_tribe_ticket_global_stock_level":"","_global_stock_mode":"","_global_stock_cap":"","_tribe_rsvp_for_event":"","_tribe_ticket_going_count":"","_tribe_ticket_not_going_count":"","_tribe_tickets_list":"[]","_tribe_ticket_has_attendee_info_fields":false,"cybocfi_hide_featured_image":"","footnotes":""},"class_list":["post-3844","page","type-page","status-publish","hentry","pmpro-has-access"],"_links":{"self":[{"href":"https:\/\/apacame.org.br\/site\/wp-json\/wp\/v2\/pages\/3844"}],"collection":[{"href":"https:\/\/apacame.org.br\/site\/wp-json\/wp\/v2\/pages"}],"about":[{"href":"https:\/\/apacame.org.br\/site\/wp-json\/wp\/v2\/types\/page"}],"author":[{"embeddable":true,"href":"https:\/\/apacame.org.br\/site\/wp-json\/wp\/v2\/users\/20"}],"replies":[{"embeddable":true,"href":"https:\/\/apacame.org.br\/site\/wp-json\/wp\/v2\/comments?post=3844"}],"version-history":[{"count":2,"href":"https:\/\/apacame.org.br\/site\/wp-json\/wp\/v2\/pages\/3844\/revisions"}],"predecessor-version":[{"id":3849,"href":"https:\/\/apacame.org.br\/site\/wp-json\/wp\/v2\/pages\/3844\/revisions\/3849"}],"up":[{"embeddable":true,"href":"https:\/\/apacame.org.br\/site\/wp-json\/wp\/v2\/pages\/3801"}],"wp:attachment":[{"href":"https:\/\/apacame.org.br\/site\/wp-json\/wp\/v2\/media?parent=3844"}],"curies":[{"name":"wp","href":"https:\/\/api.w.org\/{rel}","templated":true}]}}