{"id":3808,"date":"2020-12-08T19:43:32","date_gmt":"2020-12-08T19:43:32","guid":{"rendered":"http:\/\/apacame.org.br\/site\/?page_id=3808"},"modified":"2020-12-08T19:43:32","modified_gmt":"2020-12-08T19:43:32","slug":"editorial","status":"publish","type":"page","link":"https:\/\/apacame.org.br\/site\/revista\/mensagem-doce-n-159-novembro-de-2020\/editorial\/","title":{"rendered":"Editorial"},"content":{"rendered":"<h1 style=\"text-align: center;\">TEMPOS DE REFLEX\u00c3O<\/h1>\n<p><span style=\"font-size: large;\">Esses s\u00e3o tempos de reflex\u00e3o sobre a apicultura brasileira, tivemos um aumento nas vendas nos \u00faltimos meses, com todo o estoque esgotado n\u00e3o h\u00e1 mais produtos no mercado at\u00e9 a pr\u00f3xima safra, e os que existem est\u00e3o esperando o aumento dos pre\u00e7os para negocia-lo, deve-se tomar muito cuidado para n\u00e3o prejudicar principalmente o mercado interno, que tem de ser preservado, sabe-se tamb\u00e9m que o mercado controla o pre\u00e7o dos produtos ap\u00edcolas, por\u00e9m deve-se manter o mercado conquistado recentemente. <\/span><\/p>\n<p><span style=\"font-size: large;\">Os brasileiros est\u00e3o aprendendo a consumir os produtos das abelhas, isso \u00e9 muito importante, por\u00e9m n\u00e3o podemos deixar que os mesmos sejam explorados com pre\u00e7os absurdos, os apicultores precisam ser bem remunerados pelo trabalho que fazem, n\u00e3o faz sentido um apicultor receber cerca de R$ 15,00 por quilo de mel e ver esse produto sendo vendido em torno de R$ 70,00 a R$ 80,00 no mercado por pessoas que s\u00f3 tem o trabalho de envasar e vender. O melhor seria o produtor vender seu produto direto ao consumidor para evitar essa disparidade, mas nem sempre \u00e9 poss\u00edvel produzir e vender direto ao consumidor final, vamos fazer essa reflex\u00e3o para n\u00e3o deteriorar o nosso mercado, procurando assim melhorar ainda mais, porque \u00e9 nele que temos de manter o tempo todo ativado com produtos de qualidade das nossas fant\u00e1sticas abelhas.<\/span><\/p>\n<p><span style=\"font-size: large;\">Uma associa\u00e7\u00e3o se faz com associados. \u201ce que as abelhas sejam motivos de reuni\u00e3o e uni\u00e3o entre os homens\u201d.<\/span><\/p>\n<p><span style=\"font-size: large;\"><em><strong>Eloi Viana da Silva \u2013 presidente executivo.<\/strong><\/em><\/span><\/p>\n","protected":false},"excerpt":{"rendered":"<p>TEMPOS DE REFLEX\u00c3O Esses s\u00e3o tempos de reflex\u00e3o sobre a apicultura brasileira, tivemos um aumento nas vendas nos \u00faltimos meses, com todo o estoque esgotado n\u00e3o h\u00e1 mais produtos no [&hellip;]<\/p>\n","protected":false},"author":20,"featured_media":0,"parent":3801,"menu_order":0,"comment_status":"open","ping_status":"open","template":"","meta":{"pmpro_default_level":"","_price":"","_stock":"","_tribe_ticket_header":"","_tribe_default_ticket_provider":"","_tribe_ticket_capacity":"0","_ticket_start_date":"","_ticket_end_date":"","_tribe_ticket_show_description":"","_tribe_ticket_show_not_going":false,"_tribe_ticket_use_global_stock":"","_tribe_ticket_global_stock_level":"","_global_stock_mode":"","_global_stock_cap":"","_tribe_rsvp_for_event":"","_tribe_ticket_going_count":"","_tribe_ticket_not_going_count":"","_tribe_tickets_list":"[]","_tribe_ticket_has_attendee_info_fields":false,"cybocfi_hide_featured_image":"","footnotes":""},"class_list":["post-3808","page","type-page","status-publish","hentry","pmpro-has-access"],"_links":{"self":[{"href":"https:\/\/apacame.org.br\/site\/wp-json\/wp\/v2\/pages\/3808"}],"collection":[{"href":"https:\/\/apacame.org.br\/site\/wp-json\/wp\/v2\/pages"}],"about":[{"href":"https:\/\/apacame.org.br\/site\/wp-json\/wp\/v2\/types\/page"}],"author":[{"embeddable":true,"href":"https:\/\/apacame.org.br\/site\/wp-json\/wp\/v2\/users\/20"}],"replies":[{"embeddable":true,"href":"https:\/\/apacame.org.br\/site\/wp-json\/wp\/v2\/comments?post=3808"}],"version-history":[{"count":1,"href":"https:\/\/apacame.org.br\/site\/wp-json\/wp\/v2\/pages\/3808\/revisions"}],"predecessor-version":[{"id":3809,"href":"https:\/\/apacame.org.br\/site\/wp-json\/wp\/v2\/pages\/3808\/revisions\/3809"}],"up":[{"embeddable":true,"href":"https:\/\/apacame.org.br\/site\/wp-json\/wp\/v2\/pages\/3801"}],"wp:attachment":[{"href":"https:\/\/apacame.org.br\/site\/wp-json\/wp\/v2\/media?parent=3808"}],"curies":[{"name":"wp","href":"https:\/\/api.w.org\/{rel}","templated":true}]}}