{"id":3728,"date":"2020-10-16T13:38:47","date_gmt":"2020-10-16T13:38:47","guid":{"rendered":"http:\/\/apacame.org.br\/site\/?page_id=3728"},"modified":"2020-10-16T13:38:47","modified_gmt":"2020-10-16T13:38:47","slug":"artigo-2","status":"publish","type":"page","link":"https:\/\/apacame.org.br\/site\/revista\/mensagem-doce-n-158-setembro-de-2020\/artigo-2\/","title":{"rendered":"Artigo"},"content":{"rendered":"<h1 style=\"text-align: center;\">Abelhas de aluguel: entenda o crescimento na busca pelos insetos em culturas agr\u00edcolas<\/h1>\n<blockquote><p>Fonte: <a href=\"https:\/\/g1.globo.com\/sp\/campinas-regiao\/terra-da-gente\/noticia\/2020\/08\/06\/abelhas-de-aluguel-entenda-o-crescimento-na-busca-pelos-insetos-em-culturas-agricolas.ghtml\" target=\"_blank\" rel=\"noopener\">https:\/\/g1.globo.com\/sp\/campinas-regiao\/terra-da-gente\/noticia\/2020\/08\/06\/abelhas-de-aluguel-entenda-o-crescimento-na-busca-pelos-insetos-em-culturas-agricolas.ghtml<\/a> &#8211; Por Gabriela Brumatti, Terra da Gente .<\/p><\/blockquote>\n<p><span style=\"font-size: large;\"><b>Frutos maiores, mais doces e produ\u00e7\u00f5es eficientes dependem da abelha certa no lugar<\/b> certo.<\/span><\/p>\n<figure id=\"attachment_3731\" aria-describedby=\"caption-attachment-3731\" style=\"width: 300px\" class=\"wp-caption alignright\"><a href=\"https:\/\/apacame.org.br\/site\/wp-content\/uploads\/2020\/10\/figura_1_Abelhasaluguel.jpg\"><img fetchpriority=\"high\" decoding=\"async\" class=\"size-medium wp-image-3731\" src=\"https:\/\/apacame.org.br\/site\/wp-content\/uploads\/2020\/10\/figura_1_Abelhasaluguel-300x198.jpg\" alt=\"Foto 1 - Abelhas est\u00e3o sendo \u201ccontratadas\u201d como polinizadoras por conta de seu potencial nos cultivos agr\u00edcolas \u2014 Foto: Thais Diniz\/Acervo Pessoal\" width=\"300\" height=\"198\" srcset=\"https:\/\/apacame.org.br\/site\/wp-content\/uploads\/2020\/10\/figura_1_Abelhasaluguel-300x198.jpg 300w, https:\/\/apacame.org.br\/site\/wp-content\/uploads\/2020\/10\/figura_1_Abelhasaluguel-150x99.jpg 150w, https:\/\/apacame.org.br\/site\/wp-content\/uploads\/2020\/10\/figura_1_Abelhasaluguel-500x330.jpg 500w, https:\/\/apacame.org.br\/site\/wp-content\/uploads\/2020\/10\/figura_1_Abelhasaluguel.jpg 748w\" sizes=\"(max-width: 300px) 100vw, 300px\" \/><\/a><figcaption id=\"caption-attachment-3731\" class=\"wp-caption-text\">Foto 1 &#8211; Abelhas est\u00e3o sendo \u201ccontratadas\u201d como polinizadoras por conta de seu potencial nos cultivos agr\u00edcolas \u2014 Foto: Thais Diniz\/Acervo Pessoal<\/figcaption><\/figure>\n<p><span style=\"font-size: large;\">Quantas abelhas foram necess\u00e1rias para o seu caf\u00e9 da manh\u00e3 de hoje? E para a sobremesa do fim de semana ou at\u00e9 para o jantar de ontem \u00e0 noite? Em cada prato de refei\u00e7\u00e3o, a presen\u00e7a de certos alimentos traduz o potencial bem sucedido de uma a\u00e7\u00e3o t\u00edpica desses insetos: a poliniza\u00e7\u00e3o. As abelhas s\u00e3o respons\u00e1veis por 70% nesse ato que permite a forma\u00e7\u00e3o de frutos e sementes. N\u00e3o por menos, produtores e criadores t\u00eam se articulado em busca da retomada do contato desses animais com as culturas agr\u00edcolas.<\/span><\/p>\n<p><span style=\"font-size: large;\">A presen\u00e7a das abelhas \u00e9 capaz de modificar drasticamente tais ambientes. Frutos que n\u00e3o entraram em contato com elas podem ficar menores, menos doces, mais suscet\u00edveis \u00e0s deformidades, menos vistosos ou apresentarem uma produ\u00e7\u00e3o at\u00e9 30% mais deficiente. Apesar da modifica\u00e7\u00e3o vis\u00edvel, tal percep\u00e7\u00e3o, por\u00e9m, ocorreu de forma tardia no Brasil.<\/span><\/p>\n<figure id=\"attachment_3732\" aria-describedby=\"caption-attachment-3732\" style=\"width: 178px\" class=\"wp-caption alignleft\"><a href=\"https:\/\/apacame.org.br\/site\/wp-content\/uploads\/2020\/10\/figura_2_Abelhasaluguel.jpg\"><img decoding=\"async\" class=\"size-medium wp-image-3732\" src=\"https:\/\/apacame.org.br\/site\/wp-content\/uploads\/2020\/10\/figura_2_Abelhasaluguel-178x300.jpg\" alt=\"Foto 2 - \u00c0 esquerda, tomate, morango e a\u00e7a\u00ed bem polinizados e, \u00e0 direita, os mesmos frutos sem a poliniza\u00e7\u00e3o por abelhas \u2014 Foto: Cristiano Menezes\/Acervo Pessoal\" width=\"178\" height=\"300\" srcset=\"https:\/\/apacame.org.br\/site\/wp-content\/uploads\/2020\/10\/figura_2_Abelhasaluguel-178x300.jpg 178w, https:\/\/apacame.org.br\/site\/wp-content\/uploads\/2020\/10\/figura_2_Abelhasaluguel-607x1024.jpg 607w, https:\/\/apacame.org.br\/site\/wp-content\/uploads\/2020\/10\/figura_2_Abelhasaluguel-150x253.jpg 150w, https:\/\/apacame.org.br\/site\/wp-content\/uploads\/2020\/10\/figura_2_Abelhasaluguel-296x500.jpg 296w, https:\/\/apacame.org.br\/site\/wp-content\/uploads\/2020\/10\/figura_2_Abelhasaluguel.jpg 750w\" sizes=\"(max-width: 178px) 100vw, 178px\" \/><\/a><figcaption id=\"caption-attachment-3732\" class=\"wp-caption-text\">Foto 2 &#8211; \u00c0 esquerda, tomate, morango e a\u00e7a\u00ed bem polinizados e, \u00e0 direita, os mesmos frutos sem a poliniza\u00e7\u00e3o por abelhas \u2014 Foto: Cristiano Menezes\/Acervo Pessoal<\/figcaption><\/figure>\n<p><span style=\"font-size: large;\">Para o bi\u00f3logo Cristiano Menezes, pesquisador da Embrapa Meio Ambiente que trabalha com abelhas sem-ferr\u00e3o h\u00e1 mais de 15 anos, nosso pa\u00eds ainda se encontra em est\u00e1gio embrion\u00e1rio da utiliza\u00e7\u00e3o delas na agricultura, em rela\u00e7\u00e3o a outros pa\u00edses. \u201cDurante muito tempo, expandir a \u00e1rea para produzir mais era algo f\u00e1cil de ser feito no Brasil. Hoje, a gente quer produzir mais em menos \u00e1rea e, para isso, tivemos que passar por uma mudan\u00e7a de concep\u00e7\u00e3o\u201d, afirma ele.<\/span><\/p>\n<p><span style=\"font-size: large;\">Segundo a bi\u00f3loga Yara Sbrolin Rold\u00e3o-Sbordoni, que trabalha com abelhas desde 2007 e pesquisa o impacto desses insetos na agricultura brasileira pela USP de Ribeir\u00e3o Preto, foi a partir de 2018 que um cuidado mais inteligente com esses seres come\u00e7ou a ser aplicado seguindo as tend\u00eancias. \u201cEm pa\u00edses como os Estudos Unidos o forte da apicultura n\u00e3o \u00e9 o uso das abelhas para a produ\u00e7\u00e3o de mel, mas sim para a poliniza\u00e7\u00e3o. A am\u00eandoa produzida l\u00e1, por exemplo, depende 100% desse processo\u201d, contextualiza.<\/span><\/p>\n<p><span style=\"font-size: large;\">Garantir o sucesso na gera\u00e7\u00e3o de alguns produtos, dessa forma, exige a \u201cado\u00e7\u00e3o\u201d de abelhas. Em um processo semelhante a um aluguel, apicultores e meliponicultores negociam colmeias a serem levadas na \u00e9poca da florada para os cultivos agr\u00edcolas e retiradas, atrav\u00e9s de caixas, ap\u00f3s a passagem do tempo pr\u00e9-determinado. O valor dessa \u201cm\u00e3o de obra\u201d varia de acordo com a \u00e1rea da propriedade e, em algumas circunst\u00e2ncias, cada caixa de abelhas pode custar R$ 50.<\/span><\/p>\n<p><span style=\"font-size: large;\">Marcelo Ribeiro trabalha com os animais h\u00e1 mais de duas d\u00e9cadas e, h\u00e1 pelo menos um ano, realiza o aluguel de abelhas. Ele, que acumula mais de 800 colmeias para a produ\u00e7\u00e3o de pr\u00f3polis e quase 500 para a poliniza\u00e7\u00e3o de morango e caf\u00e9, refor\u00e7a que apicultores e donos das fazendas devem ser cadastrados no IBAMA. \u201cEsse servi\u00e7o de poliniza\u00e7\u00e3o assistida tem sido cada vez mais procurado e, tanto para o pequeno produtor quanto para o grande, o impacto da poliniza\u00e7\u00e3o feita por abelhas \u00e9 o mesmo\u201d, acrescenta o meliponicultor.<\/span><\/p>\n<figure id=\"attachment_3733\" aria-describedby=\"caption-attachment-3733\" style=\"width: 300px\" class=\"wp-caption alignright\"><a href=\"https:\/\/apacame.org.br\/site\/wp-content\/uploads\/2020\/10\/figura_3_Abelhasaluguel.jpg\"><img decoding=\"async\" class=\"size-medium wp-image-3733\" src=\"https:\/\/apacame.org.br\/site\/wp-content\/uploads\/2020\/10\/figura_3_Abelhasaluguel-300x226.jpg\" alt=\"Foto 3 - Apis Mellifera, abelha africanizada introduzida no Brasil, \u00e9 polinizadora essencial de mel\u00f5es, caj\u00e1s e ab\u00f3boras \u2014 Foto: Thais Diniz\/Acervo Pessoal.\" width=\"300\" height=\"226\" srcset=\"https:\/\/apacame.org.br\/site\/wp-content\/uploads\/2020\/10\/figura_3_Abelhasaluguel-300x226.jpg 300w, https:\/\/apacame.org.br\/site\/wp-content\/uploads\/2020\/10\/figura_3_Abelhasaluguel-150x113.jpg 150w, https:\/\/apacame.org.br\/site\/wp-content\/uploads\/2020\/10\/figura_3_Abelhasaluguel-500x376.jpg 500w, https:\/\/apacame.org.br\/site\/wp-content\/uploads\/2020\/10\/figura_3_Abelhasaluguel.jpg 748w\" sizes=\"(max-width: 300px) 100vw, 300px\" \/><\/a><figcaption id=\"caption-attachment-3733\" class=\"wp-caption-text\">Foto 3 &#8211; Apis Mellifera, abelha africanizada introduzida no Brasil, \u00e9 polinizadora essencial de mel\u00f5es, caj\u00e1s e ab\u00f3boras \u2014 Foto: Thais Diniz\/Acervo Pessoal.<\/figcaption><\/figure>\n<p><span style=\"font-size: large;\">O produtor rural Junior Jos\u00e9 da Silva percebeu a diferen\u00e7a causada pela presen\u00e7a das abelhas em sua propriedade na cidade de Jacu\u00ed (MG). Na \u00e1rea de 4,7 hectares, os mais de 15 mil p\u00e9s de caf\u00e9s plantados s\u00e3o polinizados pelos insetos que ocorrem em uma reserva pr\u00f3xima. \u201cEu senti que a minha produ\u00e7\u00e3o aumentou, o gr\u00e3o do caf\u00e9 passou a ficar melhor e o principal: o sabor. A minha bebida agora \u00e9 sempre muito boa e me pagam at\u00e9 mais por conta disso\u201d, conta ele.<\/span><\/p>\n<p><span style=\"font-size: large;\"><b>A abelha certa no lugar certo<\/b><\/span><\/p>\n<p><span style=\"font-size: large;\">Mas ter abelhas por perto n\u00e3o \u00e9 garantia de sucesso na produ\u00e7\u00e3o. Com quase 3 mil esp\u00e9cies vivendo hoje no Brasil, a poliniza\u00e7\u00e3o efetiva \u00e9 o resultado da an\u00e1lise de muitos fatores. \u201cN\u00e3o \u00e9 pegar a abelha e colocar ela l\u00e1. Deve haver \u00e1gua nas proximidades, \u00e1reas de sombra, \u00e9 necess\u00e1rio realizar uma an\u00e1lise do campo e, principalmente, estudar o tipo floral\u201d, define a pesquisadora Yara Rold\u00e3o.<\/span><\/p>\n<p><span style=\"font-size: large;\">Entender a reprodu\u00e7\u00e3o das plantas \u00e9 um passo para detectar quais s\u00e3o as abelhas mais eficientes: os gr\u00e3os de p\u00f3len devem ser retirados da antera (parte masculina da flor) e levados ao estigma (parte feminina onde h\u00e1 \u00f3vulos para gerar uma nova planta). Em flores muito pequenas, apenas esp\u00e9cies igualmente diminutas conseguem alcan\u00e7\u00e1-las. E o mesmo ocorre com as grandes: \u201cabelhas pequenas n\u00e3o conseguem polinizar o maracuj\u00e1, com a flor enorme, e \u00e9 a\u00ed que entram as mamangavas, as mais eficientes na poliniza\u00e7\u00e3o\u201d, explica a bi\u00f3loga.<\/span><\/p>\n<p><span style=\"font-size: large;\"><b><a href=\"https:\/\/apacame.org.br\/site\/wp-content\/uploads\/2020\/10\/box_1.jpg\"><img loading=\"lazy\" decoding=\"async\" class=\"alignleft size-medium wp-image-3729\" src=\"https:\/\/apacame.org.br\/site\/wp-content\/uploads\/2020\/10\/box_1-300x300.jpg\" alt=\"box_1\" width=\"300\" height=\"300\" srcset=\"https:\/\/apacame.org.br\/site\/wp-content\/uploads\/2020\/10\/box_1-300x300.jpg 300w, https:\/\/apacame.org.br\/site\/wp-content\/uploads\/2020\/10\/box_1-150x149.jpg 150w, https:\/\/apacame.org.br\/site\/wp-content\/uploads\/2020\/10\/box_1-100x100.jpg 100w, https:\/\/apacame.org.br\/site\/wp-content\/uploads\/2020\/10\/box_1.jpg 448w\" sizes=\"(max-width: 300px) 100vw, 300px\" \/><\/a>No combate \u00e0 desinforma\u00e7\u00e3o<\/b><\/span><\/p>\n<p><span style=\"font-size: large;\">Defensivos agr\u00edcolas s\u00e3o hoje os principais inimigos \u00e0 vida das abelhas. A pesquisadora Yara Rold\u00e3o explica os dois poss\u00edveis efeitos que eles geram no organismo desses insetos: \u201cum deles \u00e9 capaz de matar as abelhas na hora, j\u00e1 o outro faz com que o indiv\u00edduo carregue a subst\u00e2ncia para dentro da col\u00f4nia e isso cause a morte das crias, o desenvolvimento de problemas cognitivos (afetando na mem\u00f3ria e aprendizagem dos insetos) e a consequente redu\u00e7\u00e3o de popula\u00e7\u00f5es\u201d.<\/span><\/p>\n<p><span style=\"font-size: large;\">T\u00e3o dif\u00edcil quanto driblar esses compostos \u00e9 convencer produtores a substitu\u00edrem o uso de alguns agroqu\u00edmicos que afetam as abelhas por defensivos que tenham como base produtos naturais. Cristiano Menezes, por\u00e9m, avalia o cen\u00e1rio como solucion\u00e1vel e afirma j\u00e1 ver mudan\u00e7as consider\u00e1veis. \u201cA Embrapa tem contribu\u00eddo fortemente para pesquisas sobre a mortalidade de abelhas e o impacto de pesticidas. O qu\u00edmico \u00e9 uma ferramenta importante e, se for usado corretamente, n\u00e3o \u00e9 inimigo delas. O que vamos ver no futuro, em rela\u00e7\u00e3o a essas informa\u00e7\u00f5es produzidas, \u00e9 uma mudan\u00e7a nas regras de uso dos produtos\u201d, ressalta.<a href=\"https:\/\/apacame.org.br\/site\/wp-content\/uploads\/2020\/10\/box_2.jpg\"><img loading=\"lazy\" decoding=\"async\" class=\"alignright size-medium wp-image-3730\" src=\"https:\/\/apacame.org.br\/site\/wp-content\/uploads\/2020\/10\/box_2-267x300.jpg\" alt=\"box_2\" width=\"267\" height=\"300\" srcset=\"https:\/\/apacame.org.br\/site\/wp-content\/uploads\/2020\/10\/box_2-267x300.jpg 267w, https:\/\/apacame.org.br\/site\/wp-content\/uploads\/2020\/10\/box_2-150x169.jpg 150w, https:\/\/apacame.org.br\/site\/wp-content\/uploads\/2020\/10\/box_2-444x500.jpg 444w, https:\/\/apacame.org.br\/site\/wp-content\/uploads\/2020\/10\/box_2.jpg 448w\" sizes=\"(max-width: 267px) 100vw, 267px\" \/><\/a><\/span><\/p>\n<p><span style=\"font-size: large;\">Al\u00e9m de conscientizar sobre os defensivos agr\u00edcolas, os pesquisadores ainda enfrentam o desafio de educar sobre as abelhas, j\u00e1 que muitos temem a presen\u00e7a delas. O receio de uma ferroada, por\u00e9m, \u00e9 uma marca do desconhecimento e do contato com as esp\u00e9cies \u201cestrangeiras\u201d, introduzidas no Brasil. \u201cMuita gente n\u00e3o conhece as abelhas sem ferr\u00e3o e as abelhas solit\u00e1rias, nativas do nosso pa\u00eds. A primeira coisa que voc\u00ea ouve ao falar de colocar abelhas em uma \u00e1rea \u00e9 o temor do produtor pelo risco do ferr\u00e3o\u201d, comenta Yara Rold\u00e3o.<\/span><\/p>\n<p><span style=\"font-size: large;\">O aumento do contato com as abelhas sem-ferr\u00e3o ascendeu mercados importantes como o da poliniza\u00e7\u00e3o, apontado por Cristiano Menezes como uma das tend\u00eancias do futuro. \u201cAcho que essa se tornar\u00e1 uma das \u00e1reas mais relevantes por tr\u00eas motivos: o primeiro \u00e9 estarmos observando a redu\u00e7\u00e3o no uso de pesticidas e utiliza\u00e7\u00e3o de controles de pragas que n\u00e3o coloquem as abelhas em risco, o segundo ponto \u00e9 o aumento no volume de informa\u00e7\u00f5es cient\u00edficas e o terceiro \u00e9 o ganho na tecnologia de\u00a0cria\u00e7\u00e3o de abelhas\u201d, refor\u00e7a ele.<\/span><\/p>\n<p><span style=\"font-size: large;\"><b>Fiscais do campo<\/b><\/span><\/p>\n<p><span style=\"font-size: large;\">Como as abelhas s\u00e3o indicadores de que a \u00e1rea est\u00e1 bem conservada, os pesquisadores analisam que elas se tornar\u00e3o aliadas dos produtores com boas pr\u00e1ticas agr\u00edcolas. \u201cQuando o agricultor utilizar m\u00e9todos que n\u00e3o s\u00e3o permitidos, vai se tornar evidente quando as abelhas morrerem. E, futuramente, nas g\u00f4ndolas de mercados poderemos ver indica\u00e7\u00f5es como \u201cesse tomate foi polinizado por abelhas\u201d, um selo que traz muita informa\u00e7\u00e3o positiva para o consumidor\u201d, afirma o pesquisador da Embrapa.<\/span><\/p>\n<div id='gallery-1' class='gallery galleryid-3728 gallery-columns-2 gallery-size-medium'><figure class='gallery-item'>\n\t\t\t<div class='gallery-icon landscape'>\n\t\t\t\t<a href=\"https:\/\/apacame.org.br\/site\/wp-content\/uploads\/2020\/10\/figura_4_Abelhasaluguel.jpg\"><img loading=\"lazy\" decoding=\"async\" width=\"300\" height=\"213\" src=\"https:\/\/apacame.org.br\/site\/wp-content\/uploads\/2020\/10\/figura_4_Abelhasaluguel-300x213.jpg\" class=\"attachment-medium size-medium\" alt=\"\" aria-describedby=\"gallery-1-3734\" srcset=\"https:\/\/apacame.org.br\/site\/wp-content\/uploads\/2020\/10\/figura_4_Abelhasaluguel-300x213.jpg 300w, https:\/\/apacame.org.br\/site\/wp-content\/uploads\/2020\/10\/figura_4_Abelhasaluguel-150x107.jpg 150w, https:\/\/apacame.org.br\/site\/wp-content\/uploads\/2020\/10\/figura_4_Abelhasaluguel-500x356.jpg 500w, https:\/\/apacame.org.br\/site\/wp-content\/uploads\/2020\/10\/figura_4_Abelhasaluguel.jpg 748w\" sizes=\"(max-width: 300px) 100vw, 300px\" \/><\/a>\n\t\t\t<\/div>\n\t\t\t\t<figcaption class='wp-caption-text gallery-caption' id='gallery-1-3734'>\n\t\t\t\tFoto 4 &#8211; Algumas plantas dependem de duas ou at\u00e9 tr\u00eas esp\u00e9cies de abelhas agindo simultaneamente, mostrando que a biodiversidade \u00e9 potencializador da cultura \u2014 Foto: Cristiano Menezes\/Acervo Pessoal.\n\t\t\t\t<\/figcaption><\/figure><figure class='gallery-item'>\n\t\t\t<div class='gallery-icon landscape'>\n\t\t\t\t<a href=\"https:\/\/apacame.org.br\/site\/wp-content\/uploads\/2020\/10\/figura_5_Abelhasaluguel.jpg\"><img loading=\"lazy\" decoding=\"async\" width=\"300\" height=\"220\" src=\"https:\/\/apacame.org.br\/site\/wp-content\/uploads\/2020\/10\/figura_5_Abelhasaluguel-300x220.jpg\" class=\"attachment-medium size-medium\" alt=\"\" aria-describedby=\"gallery-1-3735\" srcset=\"https:\/\/apacame.org.br\/site\/wp-content\/uploads\/2020\/10\/figura_5_Abelhasaluguel-300x220.jpg 300w, https:\/\/apacame.org.br\/site\/wp-content\/uploads\/2020\/10\/figura_5_Abelhasaluguel-150x110.jpg 150w, https:\/\/apacame.org.br\/site\/wp-content\/uploads\/2020\/10\/figura_5_Abelhasaluguel-500x366.jpg 500w, https:\/\/apacame.org.br\/site\/wp-content\/uploads\/2020\/10\/figura_5_Abelhasaluguel.jpg 748w\" sizes=\"(max-width: 300px) 100vw, 300px\" \/><\/a>\n\t\t\t<\/div>\n\t\t\t\t<figcaption class='wp-caption-text gallery-caption' id='gallery-1-3735'>\n\t\t\t\tfoto 5 &#8211; Confira quem s\u00e3o as polinizadoras mais eficientes de algumas culturas agr\u00edcolas \u2014 Foto: Arte\/TG.\n\t\t\t\t<\/figcaption><\/figure><figure class='gallery-item'>\n\t\t\t<div class='gallery-icon landscape'>\n\t\t\t\t<a href=\"https:\/\/apacame.org.br\/site\/wp-content\/uploads\/2020\/10\/figura_6_Abelhasaluguel.jpg\"><img loading=\"lazy\" decoding=\"async\" width=\"300\" height=\"218\" src=\"https:\/\/apacame.org.br\/site\/wp-content\/uploads\/2020\/10\/figura_6_Abelhasaluguel-300x218.jpg\" class=\"attachment-medium size-medium\" alt=\"\" aria-describedby=\"gallery-1-3736\" srcset=\"https:\/\/apacame.org.br\/site\/wp-content\/uploads\/2020\/10\/figura_6_Abelhasaluguel-300x218.jpg 300w, https:\/\/apacame.org.br\/site\/wp-content\/uploads\/2020\/10\/figura_6_Abelhasaluguel-150x109.jpg 150w, https:\/\/apacame.org.br\/site\/wp-content\/uploads\/2020\/10\/figura_6_Abelhasaluguel-500x363.jpg 500w, https:\/\/apacame.org.br\/site\/wp-content\/uploads\/2020\/10\/figura_6_Abelhasaluguel.jpg 747w\" sizes=\"(max-width: 300px) 100vw, 300px\" \/><\/a>\n\t\t\t<\/div>\n\t\t\t\t<figcaption class='wp-caption-text gallery-caption' id='gallery-1-3736'>\n\t\t\t\tFoto 6 &#8211; No a\u00e7a\u00ed, as abelhas possuem o potencial de incentivarem a produ\u00e7\u00e3o de frutos nos cachos &#8211; Foto: Cristiano Menezes\/Acervo Pessoal.\n\t\t\t\t<\/figcaption><\/figure><figure class='gallery-item'>\n\t\t\t<div class='gallery-icon landscape'>\n\t\t\t\t<a href=\"https:\/\/apacame.org.br\/site\/wp-content\/uploads\/2020\/10\/figura_7_Abelhasaluguel.jpg\"><img loading=\"lazy\" decoding=\"async\" width=\"300\" height=\"196\" src=\"https:\/\/apacame.org.br\/site\/wp-content\/uploads\/2020\/10\/figura_7_Abelhasaluguel-300x196.jpg\" class=\"attachment-medium size-medium\" alt=\"\" aria-describedby=\"gallery-1-3737\" srcset=\"https:\/\/apacame.org.br\/site\/wp-content\/uploads\/2020\/10\/figura_7_Abelhasaluguel-300x196.jpg 300w, https:\/\/apacame.org.br\/site\/wp-content\/uploads\/2020\/10\/figura_7_Abelhasaluguel-150x98.jpg 150w, https:\/\/apacame.org.br\/site\/wp-content\/uploads\/2020\/10\/figura_7_Abelhasaluguel-500x326.jpg 500w, https:\/\/apacame.org.br\/site\/wp-content\/uploads\/2020\/10\/figura_7_Abelhasaluguel.jpg 748w\" sizes=\"(max-width: 300px) 100vw, 300px\" \/><\/a>\n\t\t\t<\/div>\n\t\t\t\t<figcaption class='wp-caption-text gallery-caption' id='gallery-1-3737'>\n\t\t\t\tFoto_7 &#8211; As abelhas podem buscar flores mais atrativas pr\u00f3ximas \u00e0 \u00e1rea que se deseja polinizar, o que pode afetar a efetividade no cuidado com a cultura \u2014 Foto: Cristiano Menezes\/Acervo Pessoal\n\t\t\t\t<\/figcaption><\/figure>\n\t\t<\/div>\n\n","protected":false},"excerpt":{"rendered":"<p>Abelhas de aluguel: entenda o crescimento na busca pelos insetos em culturas agr\u00edcolas Fonte: https:\/\/g1.globo.com\/sp\/campinas-regiao\/terra-da-gente\/noticia\/2020\/08\/06\/abelhas-de-aluguel-entenda-o-crescimento-na-busca-pelos-insetos-em-culturas-agricolas.ghtml &#8211; Por Gabriela Brumatti, Terra da Gente . Frutos maiores, mais doces e produ\u00e7\u00f5es eficientes [&hellip;]<\/p>\n","protected":false},"author":20,"featured_media":0,"parent":3681,"menu_order":0,"comment_status":"open","ping_status":"open","template":"","meta":{"pmpro_default_level":"","_price":"","_stock":"","_tribe_ticket_header":"","_tribe_default_ticket_provider":"","_tribe_ticket_capacity":"0","_ticket_start_date":"","_ticket_end_date":"","_tribe_ticket_show_description":"","_tribe_ticket_show_not_going":false,"_tribe_ticket_use_global_stock":"","_tribe_ticket_global_stock_level":"","_global_stock_mode":"","_global_stock_cap":"","_tribe_rsvp_for_event":"","_tribe_ticket_going_count":"","_tribe_ticket_not_going_count":"","_tribe_tickets_list":"[]","_tribe_ticket_has_attendee_info_fields":false,"cybocfi_hide_featured_image":"","footnotes":""},"class_list":["post-3728","page","type-page","status-publish","hentry","pmpro-has-access"],"_links":{"self":[{"href":"https:\/\/apacame.org.br\/site\/wp-json\/wp\/v2\/pages\/3728"}],"collection":[{"href":"https:\/\/apacame.org.br\/site\/wp-json\/wp\/v2\/pages"}],"about":[{"href":"https:\/\/apacame.org.br\/site\/wp-json\/wp\/v2\/types\/page"}],"author":[{"embeddable":true,"href":"https:\/\/apacame.org.br\/site\/wp-json\/wp\/v2\/users\/20"}],"replies":[{"embeddable":true,"href":"https:\/\/apacame.org.br\/site\/wp-json\/wp\/v2\/comments?post=3728"}],"version-history":[{"count":2,"href":"https:\/\/apacame.org.br\/site\/wp-json\/wp\/v2\/pages\/3728\/revisions"}],"predecessor-version":[{"id":3739,"href":"https:\/\/apacame.org.br\/site\/wp-json\/wp\/v2\/pages\/3728\/revisions\/3739"}],"up":[{"embeddable":true,"href":"https:\/\/apacame.org.br\/site\/wp-json\/wp\/v2\/pages\/3681"}],"wp:attachment":[{"href":"https:\/\/apacame.org.br\/site\/wp-json\/wp\/v2\/media?parent=3728"}],"curies":[{"name":"wp","href":"https:\/\/api.w.org\/{rel}","templated":true}]}}