{"id":3716,"date":"2020-10-15T19:41:49","date_gmt":"2020-10-15T19:41:49","guid":{"rendered":"http:\/\/apacame.org.br\/site\/?page_id=3716"},"modified":"2020-10-15T20:17:31","modified_gmt":"2020-10-15T20:17:31","slug":"noticia","status":"publish","type":"page","link":"https:\/\/apacame.org.br\/site\/revista\/mensagem-doce-n-158-setembro-de-2020\/noticia\/","title":{"rendered":"Not\u00edcia"},"content":{"rendered":"<h1 style=\"text-align: center;\">Poliniza\u00e7\u00e3o pode aumentar a produtividade de culturas de grande import\u00e2ncia agr\u00edcola no Brasil<\/h1>\n<blockquote><p>fonte: <a href=\"https:\/\/www.gov.br\/agricultura\/pt-br\/assuntos\/noticias\/polinizacao-pode-aumentar-a-produtividade-de-culturas-de-grande-importancia-agricola-no-brasil\" target=\"_blank\" rel=\"noopener\">https:\/\/www.gov.br\/agricultura\/pt-br\/assuntos\/noticias\/polinizacao-pode-aumentar-a-produtividade-de-culturas-de-grande-importancia-agricola-no-brasil<\/a><\/p><\/blockquote>\n<p><span style=\"font-size: large;\"><b>Tema foi debatido em live com a participa\u00e7\u00e3o da ministra Tereza Cristina<\/b><\/span><\/p>\n<p><span style=\"font-size: large;\">A ministra Tereza Cristina (Agricultura, Pecu\u00e1ria e Abastecimento) participou no dia 6\/08\/2020 da live Mulheres no Agroneg\u00f3cio Sustent\u00e1vel atrav\u00e9s do Processo de Poliniza\u00e7\u00e3o com Abelhas, promovido pela Associa\u00e7\u00e3o Brasileira de Exportadores de Mel (ABEMEL). No encontro, foi debatida a import\u00e2ncia da poliniza\u00e7\u00e3o para aumentar a produ\u00e7\u00e3o em culturas de grande relev\u00e2ncia agr\u00edcola no Brasil, como soja e caf\u00e9.\u00a0<\/span><\/p>\n<figure id=\"attachment_3719\" aria-describedby=\"caption-attachment-3719\" style=\"width: 300px\" class=\"wp-caption alignright\"><a href=\"https:\/\/apacame.org.br\/site\/wp-content\/uploads\/2020\/10\/Figura_1_polinizacao.jpg\"><img fetchpriority=\"high\" decoding=\"async\" class=\"size-medium wp-image-3719\" src=\"https:\/\/apacame.org.br\/site\/wp-content\/uploads\/2020\/10\/Figura_1_polinizacao-300x174.jpg\" alt=\"A flor de um cafeeiro sendo polinizada por uma abelha - Foto: Istock\/Mapa\" width=\"300\" height=\"174\" srcset=\"https:\/\/apacame.org.br\/site\/wp-content\/uploads\/2020\/10\/Figura_1_polinizacao-300x174.jpg 300w, https:\/\/apacame.org.br\/site\/wp-content\/uploads\/2020\/10\/Figura_1_polinizacao-150x87.jpg 150w, https:\/\/apacame.org.br\/site\/wp-content\/uploads\/2020\/10\/Figura_1_polinizacao-500x291.jpg 500w, https:\/\/apacame.org.br\/site\/wp-content\/uploads\/2020\/10\/Figura_1_polinizacao.jpg 748w\" sizes=\"(max-width: 300px) 100vw, 300px\" \/><\/a><figcaption id=\"caption-attachment-3719\" class=\"wp-caption-text\">A flor de um cafeeiro sendo polinizada por uma abelha &#8211; Foto: Istock\/Mapa<\/figcaption><\/figure>\n<p><span style=\"font-size: large;\">A ministra destacou que o Brasil pode trabalhar para aumentar sua atua\u00e7\u00e3o nesse setor. \u201cPela nossa dimens\u00e3o, diversidade das culturas e pelo nosso clima, poder\u00edamos ter uma atua\u00e7\u00e3o muito mais efetiva nesse setor. A poliniza\u00e7\u00e3o ser usada como bioinsumo \u00e9 uma coisa nova temos um espa\u00e7o enorme para trabalhar mais esse assunto\u201d, disse.<\/span><\/p>\n<p><span style=\"font-size: large;\">Para a presidente da Abemel, Andressa Berretta, as abelhas podem ser um importante bioinsumo para o agroneg\u00f3cio brasileiro. \u201cAs abelhas podem ser essenciais como pol\u00edticas p\u00fablicas para ajudar a criar a consci\u00eancia de como podemos evitar a gera\u00e7\u00e3o de carbono para o ambiente, o consumo de \u00e1gua s\u00f3 usando as abelhas como insumo para aumentar a produ\u00e7\u00e3o\u201d. \u00a0<\/span><\/p>\n<p><span style=\"font-size: large;\">A diretora-executiva da Associa\u00e7\u00e3o Brasileira de Caf\u00e9s Especiais (BSCA), Vanusia Nogueira, ressaltou que, al\u00e9m do aumento da produtividade proporcionado pelo uso de polinizadores na cultura do caf\u00e9, a pr\u00e1tica possibilita a redu\u00e7\u00e3o do uso de outros recursos e pode alavancar o valor agregado do produto. \u201cEsse aumento de produtividade fica totalmente em linha com tudo o que o agro brasileiro tem defendido e buscado mostrar para o mundo: que n\u00f3s temos uma agricultura extremamente sustent\u00e1vel e que podemos aumentar a produtividade, o n\u00edvel de alimentos que entregamos para o mundo sem necessariamente aumentar as \u00e1reas que precisamos para fazer isso\u201d, disse.<\/span><\/p>\n<p><span style=\"font-size: large;\">Segundo ela, os primeiros testes com polinizadores na cultura do caf\u00e9 t\u00eam gerado resultados promissores. \u201cOs produtores j\u00e1 est\u00e3o animados em se engajar nesse processo a partir da pr\u00f3xima florada, em setembro\u201d, concluiu.\u00a0Dados da Startup Agrobee referentes \u00e0 safra 2019\/2020 mostraram um aumento m\u00e9dio de 20% na cultura de caf\u00e9 que teve a poliniza\u00e7\u00e3o assistida e inteligente promovida pela empresa.\u00a0\u00a0<\/span><\/p>\n<p><span style=\"font-size: large;\">A s\u00f3cia fundadora da iniciativa Pretaterra, Paula Costa, falou sobre a import\u00e2ncia de alavancar no Brasil o sistema de pagamentos por servi\u00e7os ecossist\u00eamicos dentro dos sistemas produtivos. A ministra concordou que \u00e9 preciso avan\u00e7ar neste tema e convidou as participantes da live para a elabora\u00e7\u00e3o de uma proposta no Mapa.<\/span><\/p>\n<p><span style=\"font-size: large;\">A ministra tamb\u00e9m comentou sobre o Selo Arte para produtos artesanais provenientes da apicultura e meliponicultura (mel, pr\u00f3polis e cera), que deve ser regulamentado em breve pelo Mapa. O selo permite que os produtos artesanais de origem animal sejam comercializados em todo o territ\u00f3rio nacional.<\/span><\/p>\n<p><span style=\"font-size: large;\"><b>Valor econ\u00f4mico<\/b><\/span><\/p>\n<p><span style=\"font-size: large;\">O servi\u00e7o ecossist\u00eamico prestado pelos animais polinizadores \u00e0 agricultura brasileira contribuiu com um valor econ\u00f4mico estimado de R$ 43 bilh\u00f5es em 2018. A estimativa se refere aos valores que seriam gastos pelos agricultores caso os polinizadores n\u00e3o contribu\u00edssem para a produ\u00e7\u00e3o de alimentos.\u00a0A soja responde por 60% do valor estimado, seguida pelo caf\u00e9 (12%), laranja (5%) e ma\u00e7\u00e3 (4%).\u00a0\u00a0<\/span><\/p>\n<p><span style=\"font-size: large;\">Os dados s\u00e3o do\u00a0Relat\u00f3rio Tem\u00e1tico sobre Poliniza\u00e7\u00e3o, Polinizadores e Produ\u00e7\u00e3o de Alimento no Brasil, fruto da parceria entre a Plataforma Brasileira de Biodiversidade e Servi\u00e7os Ecossist\u00eamicos e a Rede Brasileira de Intera\u00e7\u00f5es Planta-Polinizador. Segundo o estudo, a interven\u00e7\u00e3o de polinizadores em cultivos de caf\u00e9 favorece um aumento de 30% no rendimento desse cultivo.\u00a0<\/span><\/p>\n<p><span style=\"font-size: large;\">As abelhas s\u00e3o o grupo de polinizadores mais abundante na agricultura, pois visitam mais de 90% dos 107 principais cultivos agr\u00edcolas j\u00e1 estudados no mundo.\u00a0<\/span><\/p>\n<p><span style=\"font-size: large;\"><b>Produ\u00e7\u00e3o e exporta\u00e7\u00e3o\u00a0de mel<\/b><\/span><\/p>\n<p><span style=\"font-size: large;\">A produ\u00e7\u00e3o de mel no Brasil foi de 42,35 mil toneladas em 2018, com valor de produ\u00e7\u00e3o de R$ 502,84 milh\u00f5es. A Regi\u00e3o Sul \u00e9 respons\u00e1vel por 38,9% do total produzido, e a Regi\u00e3o Nordeste, 33,6%. Os dados s\u00e3o da Pesquisa da Pecu\u00e1ria Municipal, do Instituto Brasileiro de Geografia e Estat\u00edstica (IBGE).\u00a0<\/span><\/p>\n<p><span style=\"font-size: large;\">Em 2019, o Brasil exportou 30 mil toneladas de mel natural, com valor de US$ 68,3 milh\u00f5es. Em 2020, as exporta\u00e7\u00f5es subiram 35,7%, em compara\u00e7\u00e3o ao primeiro semestre de 2019.\u00a0<\/span><\/p>\n<p><span style=\"font-size: large;\">Os Estados Unidos s\u00e3o respons\u00e1veis por 78% das aquisi\u00e7\u00f5es de mel do Brasil, em valor. Em 2019, foram exportados para o pa\u00eds 24,1 mil toneladas de mel, com US$ 54,2 milh\u00f5es. O segundo pa\u00eds importador \u00e9 a Alemanha, com 1,8 mil toneladas e US$ 4,7 milh\u00f5es em valor.\u00a0<\/span><\/p>\n<p><span style=\"font-size: large;\">Em 2019, o\u00a0Kuwait abriu o mercado de mel\u00a0para o Brasil. Desde 2016, era aguardada a autoriza\u00e7\u00e3o pelo pa\u00eds \u00e1rabe.<\/span><\/p>\n","protected":false},"excerpt":{"rendered":"<p>Poliniza\u00e7\u00e3o pode aumentar a produtividade de culturas de grande import\u00e2ncia agr\u00edcola no Brasil fonte: https:\/\/www.gov.br\/agricultura\/pt-br\/assuntos\/noticias\/polinizacao-pode-aumentar-a-produtividade-de-culturas-de-grande-importancia-agricola-no-brasil Tema foi debatido em live com a participa\u00e7\u00e3o da ministra Tereza Cristina A ministra Tereza [&hellip;]<\/p>\n","protected":false},"author":20,"featured_media":0,"parent":3681,"menu_order":0,"comment_status":"open","ping_status":"open","template":"","meta":{"pmpro_default_level":"","_price":"","_stock":"","_tribe_ticket_header":"","_tribe_default_ticket_provider":"","_tribe_ticket_capacity":"0","_ticket_start_date":"","_ticket_end_date":"","_tribe_ticket_show_description":"","_tribe_ticket_show_not_going":false,"_tribe_ticket_use_global_stock":"","_tribe_ticket_global_stock_level":"","_global_stock_mode":"","_global_stock_cap":"","_tribe_rsvp_for_event":"","_tribe_ticket_going_count":"","_tribe_ticket_not_going_count":"","_tribe_tickets_list":"[]","_tribe_ticket_has_attendee_info_fields":false,"cybocfi_hide_featured_image":"","footnotes":""},"class_list":["post-3716","page","type-page","status-publish","hentry","pmpro-has-access"],"_links":{"self":[{"href":"https:\/\/apacame.org.br\/site\/wp-json\/wp\/v2\/pages\/3716"}],"collection":[{"href":"https:\/\/apacame.org.br\/site\/wp-json\/wp\/v2\/pages"}],"about":[{"href":"https:\/\/apacame.org.br\/site\/wp-json\/wp\/v2\/types\/page"}],"author":[{"embeddable":true,"href":"https:\/\/apacame.org.br\/site\/wp-json\/wp\/v2\/users\/20"}],"replies":[{"embeddable":true,"href":"https:\/\/apacame.org.br\/site\/wp-json\/wp\/v2\/comments?post=3716"}],"version-history":[{"count":3,"href":"https:\/\/apacame.org.br\/site\/wp-json\/wp\/v2\/pages\/3716\/revisions"}],"predecessor-version":[{"id":3718,"href":"https:\/\/apacame.org.br\/site\/wp-json\/wp\/v2\/pages\/3716\/revisions\/3718"}],"up":[{"embeddable":true,"href":"https:\/\/apacame.org.br\/site\/wp-json\/wp\/v2\/pages\/3681"}],"wp:attachment":[{"href":"https:\/\/apacame.org.br\/site\/wp-json\/wp\/v2\/media?parent=3716"}],"curies":[{"name":"wp","href":"https:\/\/api.w.org\/{rel}","templated":true}]}}