{"id":3711,"date":"2020-10-15T19:33:01","date_gmt":"2020-10-15T19:33:01","guid":{"rendered":"http:\/\/apacame.org.br\/site\/?page_id=3711"},"modified":"2020-10-15T19:33:01","modified_gmt":"2020-10-15T19:33:01","slug":"homenagem-2","status":"publish","type":"page","link":"https:\/\/apacame.org.br\/site\/revista\/mensagem-doce-n-158-setembro-de-2020\/homenagem-2\/","title":{"rendered":"Homenagem"},"content":{"rendered":"<h1 style=\"text-align: center;\">Mais Um Ano se Foi!<\/h1>\n<blockquote><p>Mario Isao Otsuka &#8211; Associado 362<\/p><\/blockquote>\n<p><span style=\"font-size: large;\">S\u00e3o dois anos que se passaram ap\u00f3s aquele dia fat\u00eddico de 20 de setembro de 2018, data de passamento do Dr. Constantino Zara Filho que foi presidente da APACAME desde os idos de 1980 ou 1981, pois quando o conheci em 1982 j\u00e1 ocupava aquela posi\u00e7\u00e3o. Na vida privada foi um excelente advogado militante.<\/span><\/p>\n<figure id=\"attachment_3712\" aria-describedby=\"caption-attachment-3712\" style=\"width: 300px\" class=\"wp-caption alignright\"><a href=\"https:\/\/apacame.org.br\/site\/wp-content\/uploads\/2020\/10\/Figura_1_Mais.jpg\"><img decoding=\"async\" class=\"size-medium wp-image-3712\" src=\"https:\/\/apacame.org.br\/site\/wp-content\/uploads\/2020\/10\/Figura_1_Mais-300x117.jpg\" alt=\"Constantino Zara Filho compondo a mesa do debate contra a pulveriza\u00e7\u00e3o a\u00e9rea\" width=\"300\" height=\"117\" srcset=\"https:\/\/apacame.org.br\/site\/wp-content\/uploads\/2020\/10\/Figura_1_Mais-300x117.jpg 300w, https:\/\/apacame.org.br\/site\/wp-content\/uploads\/2020\/10\/Figura_1_Mais-150x58.jpg 150w, https:\/\/apacame.org.br\/site\/wp-content\/uploads\/2020\/10\/Figura_1_Mais-500x195.jpg 500w, https:\/\/apacame.org.br\/site\/wp-content\/uploads\/2020\/10\/Figura_1_Mais.jpg 748w\" sizes=\"(max-width: 300px) 100vw, 300px\" \/><\/a><figcaption id=\"caption-attachment-3712\" class=\"wp-caption-text\">Constantino Zara Filho compondo a mesa do debate contra a pulveriza\u00e7\u00e3o a\u00e9rea<\/figcaption><\/figure>\n<p><span style=\"font-size: large;\">Gra\u00e7as ao seu intenso esfor\u00e7o a APACAME tornou-se uma institui\u00e7\u00e3o reconhecida que sempre lutou em prol da apicultura brasileira, embora a Associa\u00e7\u00e3o tivesse sede no munic\u00edpio de S\u00e3o Paulo. E assim seguindo o seu ideal foi institu\u00eddo o lema da Associa\u00e7\u00e3o que \u00e9 Abelhas \u00c1 Servi\u00e7o da Agricultura.\u00a0\u00a0<\/span><\/p>\n<p><span style=\"font-size: large;\">O significado efetivo deste lema \u00e9 de que as abelhas mel\u00edferas n\u00e3o s\u00e3o s\u00e3o mais importantes ao homem por causa do mel, p\u00f3len ap\u00edcola, pr\u00f3polis, geleia real e apitoxina que elas produzem, mas pelo seu trabalho efetivo e invis\u00edvel na manuten\u00e7\u00e3o das esp\u00e9cies vegetais nativas e pelo incremento na produ\u00e7\u00e3o das plantas consideradas econ\u00f4micas.<\/span><\/p>\n<p><span style=\"font-size: large;\">Sem a exist\u00eancia delas as vegeta\u00e7\u00f5es nativas tamb\u00e9m seriam prejudicadas como produtoras de chuvas e de oxig\u00eanio como j\u00e1 acontecem h\u00e1 mil\u00eanios. \u00c9 evidente que tamb\u00e9m as abelhas nativas e outros insetos e animais participam do trabalho da poliniza\u00e7\u00e3o.<\/span><\/p>\n<p><span style=\"font-size: large;\">Constantino lutou muito pelo controle de uso desmedido de agrot\u00f3xicos que contamina intensamente o meio-ambiente e causando mesmo doen\u00e7as aos seres humanos.<\/span><\/p>\n<p><span style=\"font-size: large;\">A APACAME sem a presen\u00e7a do Constantino sobrevive tranquilamente devido \u00e0 base criada e fortalecida na sua longa gest\u00e3o. Como nada \u00e9 insubstitu\u00edvel neste mundo agora sob a nova diretoria eleita encabe\u00e7ada pelos apicultores El\u00f3i Viana e Radam\u00e9s Zovaro, que com certeza continuar\u00e3o o longo e bem feito trabalho da Associa\u00e7\u00e3o.<\/span><\/p>\n<p><span style=\"font-size: large;\">Como foi dito na homenagem do primeiro ano de sua ida ao Plano Espiritual, ou ao Oriente Eterno como alguns de seus irm\u00e3os da jornada terrena dizem, ele continuar\u00e1 sempre nos intuindo com os seus\u00a0bons pensamentos para que a APACAME seja sempre conduzida aos seus des\u00edgnios tra\u00e7ados.<\/span><\/p>\n","protected":false},"excerpt":{"rendered":"<p>Mais Um Ano se Foi! Mario Isao Otsuka &#8211; Associado 362 S\u00e3o dois anos que se passaram ap\u00f3s aquele dia fat\u00eddico de 20 de setembro de 2018, data de passamento [&hellip;]<\/p>\n","protected":false},"author":20,"featured_media":0,"parent":3681,"menu_order":0,"comment_status":"open","ping_status":"open","template":"","meta":{"pmpro_default_level":"","_price":"","_stock":"","_tribe_ticket_header":"","_tribe_default_ticket_provider":"","_tribe_ticket_capacity":"0","_ticket_start_date":"","_ticket_end_date":"","_tribe_ticket_show_description":"","_tribe_ticket_show_not_going":false,"_tribe_ticket_use_global_stock":"","_tribe_ticket_global_stock_level":"","_global_stock_mode":"","_global_stock_cap":"","_tribe_rsvp_for_event":"","_tribe_ticket_going_count":"","_tribe_ticket_not_going_count":"","_tribe_tickets_list":"[]","_tribe_ticket_has_attendee_info_fields":false,"cybocfi_hide_featured_image":"","footnotes":""},"class_list":["post-3711","page","type-page","status-publish","hentry","pmpro-has-access"],"_links":{"self":[{"href":"https:\/\/apacame.org.br\/site\/wp-json\/wp\/v2\/pages\/3711"}],"collection":[{"href":"https:\/\/apacame.org.br\/site\/wp-json\/wp\/v2\/pages"}],"about":[{"href":"https:\/\/apacame.org.br\/site\/wp-json\/wp\/v2\/types\/page"}],"author":[{"embeddable":true,"href":"https:\/\/apacame.org.br\/site\/wp-json\/wp\/v2\/users\/20"}],"replies":[{"embeddable":true,"href":"https:\/\/apacame.org.br\/site\/wp-json\/wp\/v2\/comments?post=3711"}],"version-history":[{"count":2,"href":"https:\/\/apacame.org.br\/site\/wp-json\/wp\/v2\/pages\/3711\/revisions"}],"predecessor-version":[{"id":3714,"href":"https:\/\/apacame.org.br\/site\/wp-json\/wp\/v2\/pages\/3711\/revisions\/3714"}],"up":[{"embeddable":true,"href":"https:\/\/apacame.org.br\/site\/wp-json\/wp\/v2\/pages\/3681"}],"wp:attachment":[{"href":"https:\/\/apacame.org.br\/site\/wp-json\/wp\/v2\/media?parent=3711"}],"curies":[{"name":"wp","href":"https:\/\/api.w.org\/{rel}","templated":true}]}}