{"id":3603,"date":"2020-08-19T20:40:29","date_gmt":"2020-08-19T20:40:29","guid":{"rendered":"http:\/\/apacame.org.br\/site\/?page_id=3603"},"modified":"2020-08-19T20:40:29","modified_gmt":"2020-08-19T20:40:29","slug":"noticia-2","status":"publish","type":"page","link":"https:\/\/apacame.org.br\/site\/revista\/mensagem-doce-n-157-julho-de-2020\/noticia-2\/","title":{"rendered":"Not\u00edcia"},"content":{"rendered":"<h1 style=\"text-align: center;\">Produ\u00e7\u00e3o de p\u00f3len \u00e9 alternativa de renda para apicultores no Norte de Minas<\/h1>\n<blockquote><p>Fonte: SENAR MINAS<\/p><\/blockquote>\n<p><span style=\"font-size: large;\">Afonso Santos Oliveira \u00e9 apicultor desde 2012 e tem na produ\u00e7\u00e3o de mel a sua principal fonte de renda. Membro das diretorias da Cooperativa dos Apicultores do Norte de Minas e das Associa\u00e7\u00f5es de Apicultores de Bocai\u00fava (APIBOC) e de Guaraciama (APIGUA), ele \u00e9 um dos 30 apicultores participantes do Programa de Assist\u00eancia T\u00e9cnica e Gerencial &#8211; ATeG \/ Apicultura do Sistema Faemg\/Senar Minas, atendido com o treinamento de produ\u00e7\u00e3o de P\u00f3len, realizado no final de maio em Bocaiuva.<a href=\"https:\/\/apacame.org.br\/site\/wp-content\/uploads\/2020\/08\/Figura-Producao.jpg\"><img fetchpriority=\"high\" decoding=\"async\" class=\"alignright size-medium wp-image-3604\" src=\"https:\/\/apacame.org.br\/site\/wp-content\/uploads\/2020\/08\/Figura-Producao-258x300.jpg\" alt=\"Figura-Producao\" width=\"258\" height=\"300\" srcset=\"https:\/\/apacame.org.br\/site\/wp-content\/uploads\/2020\/08\/Figura-Producao-258x300.jpg 258w, https:\/\/apacame.org.br\/site\/wp-content\/uploads\/2020\/08\/Figura-Producao-882x1024.jpg 882w, https:\/\/apacame.org.br\/site\/wp-content\/uploads\/2020\/08\/Figura-Producao-150x174.jpg 150w, https:\/\/apacame.org.br\/site\/wp-content\/uploads\/2020\/08\/Figura-Producao-431x500.jpg 431w, https:\/\/apacame.org.br\/site\/wp-content\/uploads\/2020\/08\/Figura-Producao.jpg 1122w\" sizes=\"(max-width: 258px) 100vw, 258px\" \/><\/a><\/span><\/p>\n<p><span style=\"font-size: large;\">A pretens\u00e3o de Afonso \u00e9 passar a comercializar o p\u00f3len. Ele diz que, com as chuvas desse ano na regi\u00e3o, que ultrapassaram a m\u00e9dia dos \u00faltimos anos, houve uma queda na produ\u00e7\u00e3o e no pre\u00e7o do mel \u2013 assim, o p\u00f3len passou a ser mais uma alternativa de ganho para os apicultores do Norte de Minas.<\/span><\/p>\n<p><span style=\"font-size: large;\">Segundo o t\u00e9cnico de campo do Programa ATeG em Bocaiuva, o tecn\u00f3logo em Apicultura e t\u00e9cnico em Agropecu\u00e1ria J\u00falio C\u00e9sar Pereira, j\u00e1 tem apicultor produzindo p\u00f3len em quantidade e qualidade para a comercializa\u00e7\u00e3o. \u201cO p\u00f3len, tamb\u00e9m chamado de \u2018p\u00e3o das abelhas\u2019, \u00e9 muito valorizado no mercado. Ele apresenta em sua composi\u00e7\u00e3o grande quantidade de amino\u00e1cidos essenciais, \u00e1cidos graxos, vitaminas, oligoelementos, fibras vegetais, minerais e mol\u00e9culas proteicas como os flavonoides. Hoje o quilo custa em m\u00e9dia R$100,00\u201d, explica.<\/span><\/p>\n<p><span style=\"font-size: large;\">Ainda segundo o t\u00e9cnico, a apicultura oferece v\u00e1rias op\u00e7\u00f5es de produ\u00e7\u00e3o. As abelhas podem produzir, al\u00e9m do mel, a pr\u00f3polis, a geleia real e a cera.\u00a0 \u201c\u00c9 uma atividade sustent\u00e1vel e que tem baixo custo de implanta\u00e7\u00e3o e manuten\u00e7\u00e3o. A regi\u00e3o tamb\u00e9m possui uma excelente florada nativa de v\u00e1rias esp\u00e9cies, fontes de p\u00f3len e n\u00e9ctar para alimenta\u00e7\u00e3o das abelhas\u201d, disse.<\/span><\/p>\n<p><span style=\"font-size: large;\"><b>Desenvolvimento na regi\u00e3o<\/b><\/span><\/p>\n<p><span style=\"font-size: large;\">Participaram do treinamento, oferecido pelo Sindicato dos Produtores Rurais de Bocaiuva em parceria com o\u00a0Sistema Faemg\/Senar Minas, 10 apicultores dos munic\u00edpios de Bocaiuva, Guaraciama e Montes Claros.<\/span><\/p>\n<p><span style=\"font-size: large;\">\u00ab\u00c9 importante salientar que, desde 2015, estamos aumentando gradativamente as capacita\u00e7\u00f5es de produtores e trabalhadores rurais e estamos participando ativamente, junto com outras entidades, de a\u00e7\u00f5es e projetos em prol do desenvolvimento desta cadeia produtiva na regi\u00e3o\u00bb, acrescentou o gerente regional do Sistema Faemg\/Senar Minas em Montes Claros, Dirceu Martins.<\/span><\/p>\n","protected":false},"excerpt":{"rendered":"<p>Produ\u00e7\u00e3o de p\u00f3len \u00e9 alternativa de renda para apicultores no Norte de Minas Fonte: SENAR MINAS Afonso Santos Oliveira \u00e9 apicultor desde 2012 e tem na produ\u00e7\u00e3o de mel a [&hellip;]<\/p>\n","protected":false},"author":20,"featured_media":0,"parent":3535,"menu_order":0,"comment_status":"open","ping_status":"open","template":"","meta":{"pmpro_default_level":"","_price":"","_stock":"","_tribe_ticket_header":"","_tribe_default_ticket_provider":"","_tribe_ticket_capacity":"0","_ticket_start_date":"","_ticket_end_date":"","_tribe_ticket_show_description":"","_tribe_ticket_show_not_going":false,"_tribe_ticket_use_global_stock":"","_tribe_ticket_global_stock_level":"","_global_stock_mode":"","_global_stock_cap":"","_tribe_rsvp_for_event":"","_tribe_ticket_going_count":"","_tribe_ticket_not_going_count":"","_tribe_tickets_list":"[]","_tribe_ticket_has_attendee_info_fields":false,"cybocfi_hide_featured_image":"","footnotes":""},"class_list":["post-3603","page","type-page","status-publish","hentry","pmpro-has-access"],"_links":{"self":[{"href":"https:\/\/apacame.org.br\/site\/wp-json\/wp\/v2\/pages\/3603"}],"collection":[{"href":"https:\/\/apacame.org.br\/site\/wp-json\/wp\/v2\/pages"}],"about":[{"href":"https:\/\/apacame.org.br\/site\/wp-json\/wp\/v2\/types\/page"}],"author":[{"embeddable":true,"href":"https:\/\/apacame.org.br\/site\/wp-json\/wp\/v2\/users\/20"}],"replies":[{"embeddable":true,"href":"https:\/\/apacame.org.br\/site\/wp-json\/wp\/v2\/comments?post=3603"}],"version-history":[{"count":2,"href":"https:\/\/apacame.org.br\/site\/wp-json\/wp\/v2\/pages\/3603\/revisions"}],"predecessor-version":[{"id":3606,"href":"https:\/\/apacame.org.br\/site\/wp-json\/wp\/v2\/pages\/3603\/revisions\/3606"}],"up":[{"embeddable":true,"href":"https:\/\/apacame.org.br\/site\/wp-json\/wp\/v2\/pages\/3535"}],"wp:attachment":[{"href":"https:\/\/apacame.org.br\/site\/wp-json\/wp\/v2\/media?parent=3603"}],"curies":[{"name":"wp","href":"https:\/\/api.w.org\/{rel}","templated":true}]}}