{"id":3432,"date":"2020-06-15T19:15:11","date_gmt":"2020-06-15T19:15:11","guid":{"rendered":"http:\/\/apacame.org.br\/site\/?page_id=3432"},"modified":"2020-06-15T19:20:57","modified_gmt":"2020-06-15T19:20:57","slug":"artigo","status":"publish","type":"page","link":"https:\/\/apacame.org.br\/site\/revista\/mensagem-doce-n-156-maio-de-2020\/artigo\/","title":{"rendered":"Artigo"},"content":{"rendered":"<h1 style=\"text-align: center;\">Abelhas polinizadoras importantes para produ\u00e7\u00e3o agr\u00edcola e implica\u00e7\u00f5es sobre seu manejo<\/h1>\n<blockquote><p>Tereza Cristina Giannini<sup>1<\/sup>, Denise Araujo Alves<sup>2<\/sup>, Ronnie Alves<sup>1<\/sup>, Guaraci Duran Cordeiro<sup>2<\/sup>, Alistair John Campbell<sup>1<\/sup>, Marcelo Awade<sup>1<\/sup>, Jos\u00e9 Maur\u00edcio Sim\u00f5es Bento<sup>2<\/sup>, Antonio Mauro Saraiva<sup>2<\/sup>, Vera Lucia Imperatriz-Fonseca<sup>1<\/sup><br \/>\n<sup>1<\/sup> Instituto Tecnol\u00f3gico Vale Desenvolvimento Sustent\u00e1vel, Bel\u00e9m, Par\u00e1, Brasil<br \/>\n<sup>2<\/sup> Universidade de S\u00e3o Paulo, S\u00e3o Paulo, S\u00e3o Paulo, Brasil<\/p><\/blockquote>\n<p><span style=\"font-size: large;\"><b>Introdu\u00e7\u00e3o<\/b><\/span><\/p>\n<p><span style=\"font-size: large;\">As abelhas s\u00e3o os polinizadores de culturas agr\u00edcolas mais importantes do mundo, pois a produ\u00e7\u00e3o de frutos e sementes utilizados na alimenta\u00e7\u00e3o humana s\u00e3o dependentes delas. Logo, tanto o rendimento quanto os lucros da produ\u00e7\u00e3o agr\u00edcola est\u00e3o relacionados com as esp\u00e9cies nativas de abelhas presentes na \u00e1rea de cultivo e seu entorno.<\/span><\/p>\n<p><span style=\"font-size: large;\">O manejo de esp\u00e9cies de abelhas \u00e9 essencial para a produ\u00e7\u00e3o agr\u00edcola em muitos locais do mundo, especialmente no caso da abelha europeia (Apis mellifera) e algumas esp\u00e9cies de mamangavas de ch\u00e3o (Bombus spp). Essas esp\u00e9cies s\u00e3o utilizadas para poliniza\u00e7\u00e3o na \u00e9poca do florescimento das culturas. S\u00e3o especialmente \u00fateis, em locais onde h\u00e1 poucas abelhas nativas, como nas \u00e1reas de monoculturas com escassez de vegeta\u00e7\u00e3o nativa nos arredores. Exemplos positivos podem ser encontrados em todo o mundo. Abelhas t\u00eam sido manejadas e usadas em estufas para melhorar a produ\u00e7\u00e3o e a qualidade do tomate na Holanda e em outros pa\u00edses da Europa. Em outras regi\u00f5es, esp\u00e9cies de abelhas solit\u00e1rias s\u00e3o criadas em ninhos artificiais para incrementar a poliniza\u00e7\u00e3o de outras culturas agr\u00edcolas. Assim, pr\u00e1ticas agr\u00edcolas que integram diferentes tipos de abelhas manejadas e silvestres podem ser adotadas para melhorar a produ\u00e7\u00e3o agr\u00edcola e aumentar o lucro dos agricultores, al\u00e9m de ajudar na conserva\u00e7\u00e3o da natureza.<\/span><\/p>\n<p><span style=\"font-size: large;\">Ainda pouco se sabe sobre as principais esp\u00e9cies de polinizadores de culturas agr\u00edcolas em regi\u00f5es tropicais. O Brasil \u00e9 um exemplo de pa\u00eds tropical com alta diversidade, e produz mais de 7% das exporta\u00e7\u00f5es agr\u00edcolas globais, tornando-se o terceiro maior exportador mundial de produtos agr\u00edcolas. De todas as esp\u00e9cies cultivadas no Brasil, mais de 60% dependem ou se beneficiam da poliniza\u00e7\u00e3o provida por 250 esp\u00e9cies de abelhas (Giannini et al. 2015a) e, aproximadamente, 30% do valor agr\u00edcola anual dessas culturas \u00e9 diretamente derivado da atividade desses polinizadores (Giannini et al. 2015b). Al\u00e9m disso, o Brasil possui o segundo maior n\u00famero de esp\u00e9cies de abelhas, com mais de 1.860 esp\u00e9cies descritas. No entanto, dadas as atuais previs\u00f5es de crescimento populacional (aumento de 15% at\u00e9 2030 segundo dados do IBGE em 2017), a demanda por produ\u00e7\u00e3o de alimentos deve aumentar consideravelmente. Sabe-se que a convers\u00e3o de habitats naturais tem impactos negativos sobre os polinizadores e \u00e9 urgente tanto identificar esp\u00e9cies-chave de polinizadores agr\u00edcolas quanto desenvolver abordagens mais amig\u00e1veis \u200b\u200ba essas esp\u00e9cies de abelhas para melhorar a produ\u00e7\u00e3o agr\u00edcola.<\/span><\/p>\n<p><span style=\"font-size: large;\">No presente estudo, nosso objetivo foi determinar as esp\u00e9cies de abelhas mais importantes para a poliniza\u00e7\u00e3o das culturas brasileiras e discutir seu manejo. Devido \u00e0 alta diversidade de abelhas encontrada nas regi\u00f5es tropicais e \u00e0s lacunas de conhecimento existentes sobre a poliniza\u00e7\u00e3o de culturas, definir uma lista de esp\u00e9cies importantes de polinizadores e fornecer sugest\u00f5es para seu manejo podem ser a\u00e7\u00f5es extremamente \u00fateis para os processos de tomada de decis\u00e3o e de pol\u00edticas p\u00fablicas.<\/span><\/p>\n<p><span style=\"font-size: large;\"><b>Procedimento experimental<\/b><\/span><\/p>\n<figure id=\"attachment_3434\" aria-describedby=\"caption-attachment-3434\" style=\"width: 600px\" class=\"wp-caption alignright\"><a href=\"https:\/\/apacame.org.br\/site\/wp-content\/uploads\/2020\/06\/Figura-1-Abelhas.jpg\"><img fetchpriority=\"high\" decoding=\"async\" class=\"size-full wp-image-3434\" src=\"https:\/\/apacame.org.br\/site\/wp-content\/uploads\/2020\/06\/Figura-1-Abelhas.jpg\" alt=\"Figura 1. Exemplos de esp\u00e9cies de abelhas solit\u00e1rias importantes para poliniza\u00e7\u00e3o de culturas agr\u00edcolas brasileiras. A) Centris aenea; B) C. similis; C) Oxaea flavescens; D) Eulaema nigrita; E) Xylocopa frontalis (fotos: Fernanda Trancoso).\" width=\"600\" height=\"359\" srcset=\"https:\/\/apacame.org.br\/site\/wp-content\/uploads\/2020\/06\/Figura-1-Abelhas.jpg 600w, https:\/\/apacame.org.br\/site\/wp-content\/uploads\/2020\/06\/Figura-1-Abelhas-300x180.jpg 300w, https:\/\/apacame.org.br\/site\/wp-content\/uploads\/2020\/06\/Figura-1-Abelhas-150x90.jpg 150w, https:\/\/apacame.org.br\/site\/wp-content\/uploads\/2020\/06\/Figura-1-Abelhas-500x299.jpg 500w\" sizes=\"(max-width: 600px) 100vw, 600px\" \/><\/a><figcaption id=\"caption-attachment-3434\" class=\"wp-caption-text\">Figura 1. Exemplos de esp\u00e9cies de abelhas solit\u00e1rias importantes para poliniza\u00e7\u00e3o de culturas agr\u00edcolas brasileiras. A) Centris<br \/>aenea; B) C. similis; C) Oxaea flavescens; D) Eulaema nigrita; E) Xylocopa frontalis (fotos: Fernanda Trancoso).<\/figcaption><\/figure>\n<p><span style=\"font-size: large;\">Os dados usados para a an\u00e1lise foram compilados em duas publica\u00e7\u00f5es anteriores realizadas no Brasil, e atualizados. Um deles est\u00e1 relacionado \u00e0 pesquisa bibliogr\u00e1fica realizada sobre polinizadores de culturas agr\u00edcolas (Giannini et al. 2015a). Esta primeira avalia\u00e7\u00e3o analisou 249 estudos e encontrou 2.545 intera\u00e7\u00f5es entre esp\u00e9cies de animais polinizadoras e\/ou visitantes florais (total de 321 esp\u00e9cies animais) com culturas agr\u00edcolas (85 culturas). O outro estudo determinou o grau de depend\u00eancia das culturas brasileiras em rela\u00e7\u00e3o \u00e0 poliniza\u00e7\u00e3o animal por meio dos mesmos trabalhos e mais 57 outros artigos (Giannini et al. 2015b). No total, foram avaliadas 141 culturas e o grau de sua depend\u00eancia aos polinizadores. Para o estudo apresentado aqui, o banco de dados foi filtrado e utilizamos apenas os dados sobre abelhas (a grande maioria) e sobre polinizadores efetivos, ou seja, foram exclu\u00eddos os dados de visitantes florais.<\/span><\/p>\n<p><span style=\"font-size: large;\">Para determinar as esp\u00e9cies de abelhas mais importantes para a agricultura brasileira, usamos os seguintes crit\u00e9rios: (1) N\u00famero de culturas com as quais cada esp\u00e9cie de abelha interage: quanto maior o n\u00famero de culturas, maior a import\u00e2ncia dessa esp\u00e9cie. (2) Grau de depend\u00eancia de cada cultura por polinizador: quanto maior a depend\u00eancia das culturas, maior a import\u00e2ncia do polinizador para o rendimento; portanto, as abelhas que interagem com as culturas com alta depend\u00eancia receber\u00e3o uma pontua\u00e7\u00e3o mais elevada. (3) Valor econ\u00f4mico da produ\u00e7\u00e3o agr\u00edcola: quanto maior o valor econ\u00f4mico da produ\u00e7\u00e3o de uma determinada cultura polinizada por uma esp\u00e9cie de abelha em particular, maior ser\u00e1 a import\u00e2ncia dessa abelha. Assim, as abelhas que interagem com culturas de alto valor atingem uma pontua\u00e7\u00e3o alta. Os \u00faltimos dois crit\u00e9rios foram multiplicados, de tal forma a obter um valor em d\u00f3lares (US$) que fosse mais facilmente compreens\u00edvel e que representasse o valor econ\u00f4mico relativo \u00e0 poliniza\u00e7\u00e3o de cada cultura agr\u00edcola produzida em 2015, considerando-se seu grau de depend\u00eancia por polinizadores. Atribu\u00edmos a esse valor o nome de \u201cservi\u00e7o de poliniza\u00e7\u00e3o\u201d.<\/span><\/p>\n<p><span style=\"font-size: large;\">Como cada esp\u00e9cie de abelha interage com diferentes culturas, somamos todos os crit\u00e9rios acima para cada esp\u00e9cie, a fim de obter um valor \u00fanico. Constru\u00edmos um gr\u00e1fico com quatro quadrantes, onde cada quadrante foi definido por valores limites. Consideramos como as esp\u00e9cies mais importantes, aquelas que apresentavam um valor total do servi\u00e7o de poliniza\u00e7\u00e3o de pelo menos US$ 1 bilh\u00e3o e que apresentavam pelo menos tr\u00eas intera\u00e7\u00f5es. <\/span><\/p>\n<p><span style=\"font-size: large;\"><b>Resultados obtidos<\/b><\/span><\/p>\n<figure id=\"attachment_3435\" aria-describedby=\"caption-attachment-3435\" style=\"width: 1024px\" class=\"wp-caption alignleft\"><a href=\"https:\/\/apacame.org.br\/site\/wp-content\/uploads\/2020\/06\/Tabela-1-Abelhas.jpg\"><img decoding=\"async\" class=\"size-large wp-image-3435\" src=\"https:\/\/apacame.org.br\/site\/wp-content\/uploads\/2020\/06\/Tabela-1-Abelhas-1024x403.jpg\" alt=\"Tabela 1. Lista das esp\u00e9cies de abelhas mais importantes para a poliniza\u00e7\u00e3o de culturas agr\u00edcolas brasileiras.\" width=\"1024\" height=\"403\" srcset=\"https:\/\/apacame.org.br\/site\/wp-content\/uploads\/2020\/06\/Tabela-1-Abelhas-1024x403.jpg 1024w, https:\/\/apacame.org.br\/site\/wp-content\/uploads\/2020\/06\/Tabela-1-Abelhas-300x118.jpg 300w, https:\/\/apacame.org.br\/site\/wp-content\/uploads\/2020\/06\/Tabela-1-Abelhas-150x59.jpg 150w, https:\/\/apacame.org.br\/site\/wp-content\/uploads\/2020\/06\/Tabela-1-Abelhas-500x197.jpg 500w, https:\/\/apacame.org.br\/site\/wp-content\/uploads\/2020\/06\/Tabela-1-Abelhas.jpg 1533w\" sizes=\"(max-width: 1024px) 100vw, 1024px\" \/><\/a><figcaption id=\"caption-attachment-3435\" class=\"wp-caption-text\">Tabela 1. Lista das esp\u00e9cies de abelhas mais importantes para a poliniza\u00e7\u00e3o de culturas agr\u00edcolas brasileiras.<\/figcaption><\/figure>\n<p><span style=\"font-size: large;\">Ao todo, analisamos 262 registros de intera\u00e7\u00f5es entre abelhas e culturas agr\u00edcolas, envolvendo 144 esp\u00e9cies de abelhas e 23 culturas agr\u00edcolas, relatadas em 131 publica\u00e7\u00f5es cient\u00edficas. Os g\u00eaneros com o maior n\u00famero de esp\u00e9cies citadas foram Centris (26 esp\u00e9cies); Xylocopa (12); Trigona (11); Epicharis e Melipona (10 esp\u00e9cies cada). As abelhas sociais compreendem 63 esp\u00e9cies (44%) e as solit\u00e1rias 81 esp\u00e9cies (56%).<\/span><\/p>\n<p><span style=\"font-size: large;\">Quatorze esp\u00e9cies de abelhas apresentaram o valor de servi\u00e7o de poliniza\u00e7\u00e3o acima do limite estipulado (&gt; US$ 1 bilh\u00e3o) e interagiram com tr\u00eas ou mais esp\u00e9cies vegetais (Tabela 1). Apis mellifera apresentou os maiores valores para ambas as vari\u00e1veis, em grande parte devido \u00e0 sua import\u00e2ncia na produ\u00e7\u00e3o de soja, que representou 66% do valor total do servi\u00e7o de poliniza\u00e7\u00e3o. Trigona spinipes teve o segundo maior valor para o n\u00famero de intera\u00e7\u00f5es, mas ficou em d\u00e9cimo lugar, considerando o valor total do servi\u00e7o de poliniza\u00e7\u00e3o. Tr\u00eas das esp\u00e9cies destacadas pertencem a Centris (C. aenea, C. similis, C. tarsata), tr\u00eas esp\u00e9cies s\u00e3o abelhas sem ferr\u00e3o (Melipona quadrifasciata, Tetragonisca angustula, Trigona spinipes) e duas s\u00e3o mamangavas de ch\u00e3o (Bombus morio, B. pauloensis). Tetragonisca angustula foi relatada como interagindo com oito culturas agr\u00edcolas e Xylocopa frontalis destaca-se por interagir com sete culturas. Ao todo, das esp\u00e9cies principais, oito s\u00e3o solit\u00e1rias (60%) e seis s\u00e3o sociais (40%). <\/span><\/p>\n<p><span style=\"font-size: large;\">Assim, demonstramos que as esp\u00e9cies de abelhas que interagem com plantas agr\u00edcolas e de alto valor monet\u00e1rio (em ordem decrescente, soja, caf\u00e9, tomate, a\u00e7a\u00ed e laranja) foram consideradas as mais importantes para a poliniza\u00e7\u00e3o das culturas. Mesmo para culturas com depend\u00eancia modesta de polinizadores, como soja, caf\u00e9 e laranja, seu alto valor monet\u00e1rio aumentou a pontua\u00e7\u00e3o das esp\u00e9cies de abelhas respons\u00e1veis por sua poliniza\u00e7\u00e3o. Requer cautela o fato de algumas esp\u00e9cies de abelha (especialmente a Apis mellifera) se destacarem devido \u00e0 sua intera\u00e7\u00e3o com a soja (uma das produ\u00e7\u00f5es de valor mais alto no pa\u00eds). Nem todos os cultivares de soja foram testados em termos de sua depend\u00eancia por polinizadores, o que pode afetar o resultado. Destaca-se que, das quatorze esp\u00e9cies mais importantes, oito s\u00e3o solit\u00e1rias, e que as esp\u00e9cies solit\u00e1rias tamb\u00e9m estiveram envolvidas no maior n\u00famero de intera\u00e7\u00f5es analisadas, o que deixa clara a sua import\u00e2ncia. <\/span><\/p>\n<p><span style=\"font-size: large;\">Algumas das abelhas sociais citadas aqui s\u00e3o manejadas em colmeias racionais, visando a poliniza\u00e7\u00e3o de culturas em estufa no Brasil. Um exemplo importante \u00e9 o uso da jata\u00ed (Tetragonisca angustula) para produ\u00e7\u00e3o de morango, com resultados encorajadores em rela\u00e7\u00e3o \u00e0 taxa de poliniza\u00e7\u00e3o e qualidade da fruta. Apesar disso, o manejo dessas abelhas ainda n\u00e3o \u00e9 praticado na escala necess\u00e1ria para a poliniza\u00e7\u00e3o dessa cultura. Embora a cria\u00e7\u00e3o de abelhas sem ferr\u00e3o seja amplamente estabelecida no Brasil, existe um enorme potencial para a poliniza\u00e7\u00e3o comercial. J\u00e1 as esp\u00e9cies brasileiras de mamangavas, Bombus pauloensis e B. morio, apresentam algumas diferen\u00e7as biol\u00f3gicas das esp\u00e9cies de mamangavas europeias comumente manejadas, e estudos sobre seu manejo ainda s\u00e3o escassos no Brasil.<\/span><\/p>\n<p><span style=\"font-size: large;\">Nossos resultados mostraram tamb\u00e9m que v\u00e1rias esp\u00e9cies solit\u00e1rias s\u00e3o particularmente importantes quando se considera a poliniza\u00e7\u00e3o das culturas agr\u00edcolas, principalmente, as esp\u00e9cies de abelhas coletoras de \u00f3leo (Centris). No Brasil, existe um alto n\u00famero dessas esp\u00e9cies, e estudos sobre seu potencial para uso em \u00e1reas agr\u00edcolas devem ser incentivados. Estudos pioneiros no Brasil j\u00e1 mostraram o potencial dos ninhos-armadilhas para atrair f\u00eameas de C. analis em culturas de acerola. As abelhas-carpinteiras ou mamangavas (Xylocopa), outro exemplo de esp\u00e9cie solit\u00e1ria, s\u00e3o polinizadoras essenciais do maracuj\u00e1, e ninhos artificiais ou armadilhas foram estabelecidos com sucesso em pomares de maracuj\u00e1. Para as outras esp\u00e9cies solit\u00e1rias destacadas por esse estudo (Epicharis flava, Eulaema nigrita, Exomalopsis auropilosa e Oxaea flavescens), quase n\u00e3o h\u00e1 informa\u00e7\u00f5es sobre seu manejo. <\/span><\/p>\n<p><span style=\"font-size: large;\">Exemplos bem-sucedidos de uso de ninhos artificiais indicam que eles podem ser uma boa estrat\u00e9gia para manejar abelhas solit\u00e1rias e garantir poliniza\u00e7\u00e3o para as culturas. No entanto, o conhecimento para isso ainda precisa ser aprimorado em rela\u00e7\u00e3o ao habitat dessas abelhas, estrutura dos ninhos, materiais de constru\u00e7\u00e3o, recursos alimentares fornecidos \u00e0s larvas, per\u00edodo de ocupa\u00e7\u00e3o dos ninhos, parasitas associados e mortalidade. Infelizmente, para a maioria das esp\u00e9cies de abelhas solit\u00e1rias no Brasil, nem mesmo seus h\u00e1bitos de nidifica\u00e7\u00e3o s\u00e3o conhecidos.<\/span><\/p>\n<p><span style=\"font-size: large;\">Enfatizamos tamb\u00e9m que h\u00e1 necessidade de mais dados sobre a produ\u00e7\u00e3o de culturas agr\u00edcolas, especialmente considerando as culturas locais. O Brasil possui alta diversidade de culturas regionais, mas pouco se sabe sobre o valor de sua produ\u00e7\u00e3o anual, o que dificulta o tipo de an\u00e1lise aqui desenvolvida. Al\u00e9m disso, pouco se sabe sobre as intera\u00e7\u00f5es das culturas regionais com os polinizadores. As culturas regionais talvez dependam de polinizadores mais especializados, que apresentam, provavelmente, distribui\u00e7\u00f5es mais restritas, mas para ter certeza disso, \u00e9 necess\u00e1rio aprofundar a pesquisa. Assim, estudos futuros devem priorizar a obten\u00e7\u00e3o de dados sobre a produ\u00e7\u00e3o agr\u00edcola regional, entendendo sua depend\u00eancia por polinizadores e quais s\u00e3o as principais esp\u00e9cies de polinizadores da regi\u00e3o. Dada a alta relev\u00e2ncia da poliniza\u00e7\u00e3o para a agricultura familiar e para a economia local, esse conhecimento pode ser \u00fatil para orientar os processos de tomada de decis\u00e3o, que seriam de suma import\u00e2ncia para agricultores e comunidades locais.<\/span><\/p>\n<p><span style=\"font-size: large;\">Esperamos que a lista fornecida aqui das esp\u00e9cies de abelhas mais importantes para a produ\u00e7\u00e3o agr\u00edcola possa incentivar outros estudos e ajudar a desenvolver novas estrat\u00e9gias para a conserva\u00e7\u00e3o e uso sustent\u00e1vel dos polinizadores agr\u00edcolas. A maioria dos agricultores brasileiros n\u00e3o tem conhecimento dos benef\u00edcios da poliniza\u00e7\u00e3o, de modo que muitas culturas dependem exclusivamente de polinizadores selvagens. Por esse motivo, o manejo das abelhas para fins de poliniza\u00e7\u00e3o das culturas ainda precisa ser promovido e aprimorado. Como o pa\u00eds possui uma alta produ\u00e7\u00e3o de culturas dependentes de polinizadores, o manejo de abelhas para poliniza\u00e7\u00e3o comercial \u00e9 uma boa oportunidade de neg\u00f3cios.<\/span><\/p>\n<p><span style=\"font-size: large;\"><b>Refer\u00eancias citadas<\/b><\/span><\/p>\n<p><span style=\"font-size: large;\">Giannini, T. C.; Boff, S.; Cordeiro, G. D.; Cartolano, E. A.; Veiga, A. K.; Imperatriz-Fonseca, V. L.; Saraiva, A. M. Crop pollinators in Brazil: a review of reported interactions. Apidologie v. 46, p. 209-223, 2015a. <\/span><\/p>\n<p><span style=\"font-size: large;\">Giannini, T. C.; Cordeiro, G. D.; Freitas, B. M.; Saraiva, A. M.; Imperatriz-Fonseca, V. L. The dependence of crops for pollinators and the economic value of pollination in Brazil. Journal of Economic Entomology v. 108, p. 849-857, 2015a.<\/span><\/p>\n<p><span style=\"font-size: large;\"><b>O presente artigo foi publicado na \u00edntegra em:<\/b><\/span><\/p>\n<p><span style=\"font-size: large;\">Giannini, T.C.; Alves, D.A.; Alves, R.; Cordeiro, G.D.; Campbell, A.J.; Awade, M.; Bento, J.M.S.; Saraiva, A.M.; Imperatriz-Fonseca, V.L. Unveiling the contribution of bee pollinators to Brazilian crops with implications for bee management. Apidologie 2020. <a href=\"https:\/\/link.springer.com\/article\/10.1007%2Fs13592-019-00727-3\" target=\"_blank\" rel=\"noopener\">https:\/\/link.springer.com\/article\/10.1007%2Fs13592-019-00727-3<\/a>. <\/span><\/p>\n","protected":false},"excerpt":{"rendered":"<p>Abelhas polinizadoras importantes para produ\u00e7\u00e3o agr\u00edcola e implica\u00e7\u00f5es sobre seu manejo Tereza Cristina Giannini1, Denise Araujo Alves2, Ronnie Alves1, Guaraci Duran Cordeiro2, Alistair John Campbell1, Marcelo Awade1, Jos\u00e9 Maur\u00edcio Sim\u00f5es [&hellip;]<\/p>\n","protected":false},"author":20,"featured_media":0,"parent":3421,"menu_order":0,"comment_status":"open","ping_status":"open","template":"","meta":{"pmpro_default_level":"","_price":"","_stock":"","_tribe_ticket_header":"","_tribe_default_ticket_provider":"","_tribe_ticket_capacity":"0","_ticket_start_date":"","_ticket_end_date":"","_tribe_ticket_show_description":"","_tribe_ticket_show_not_going":false,"_tribe_ticket_use_global_stock":"","_tribe_ticket_global_stock_level":"","_global_stock_mode":"","_global_stock_cap":"","_tribe_rsvp_for_event":"","_tribe_ticket_going_count":"","_tribe_ticket_not_going_count":"","_tribe_tickets_list":"[]","_tribe_ticket_has_attendee_info_fields":false,"cybocfi_hide_featured_image":"","footnotes":""},"class_list":["post-3432","page","type-page","status-publish","hentry","pmpro-has-access"],"_links":{"self":[{"href":"https:\/\/apacame.org.br\/site\/wp-json\/wp\/v2\/pages\/3432"}],"collection":[{"href":"https:\/\/apacame.org.br\/site\/wp-json\/wp\/v2\/pages"}],"about":[{"href":"https:\/\/apacame.org.br\/site\/wp-json\/wp\/v2\/types\/page"}],"author":[{"embeddable":true,"href":"https:\/\/apacame.org.br\/site\/wp-json\/wp\/v2\/users\/20"}],"replies":[{"embeddable":true,"href":"https:\/\/apacame.org.br\/site\/wp-json\/wp\/v2\/comments?post=3432"}],"version-history":[{"count":3,"href":"https:\/\/apacame.org.br\/site\/wp-json\/wp\/v2\/pages\/3432\/revisions"}],"predecessor-version":[{"id":3436,"href":"https:\/\/apacame.org.br\/site\/wp-json\/wp\/v2\/pages\/3432\/revisions\/3436"}],"up":[{"embeddable":true,"href":"https:\/\/apacame.org.br\/site\/wp-json\/wp\/v2\/pages\/3421"}],"wp:attachment":[{"href":"https:\/\/apacame.org.br\/site\/wp-json\/wp\/v2\/media?parent=3432"}],"curies":[{"name":"wp","href":"https:\/\/api.w.org\/{rel}","templated":true}]}}