{"id":3421,"date":"2020-06-15T17:54:46","date_gmt":"2020-06-15T17:54:46","guid":{"rendered":"http:\/\/apacame.org.br\/site\/?page_id=3421"},"modified":"2023-08-13T04:10:26","modified_gmt":"2023-08-13T04:10:26","slug":"mensagem-doce-n-156-maio-de-2020","status":"publish","type":"page","link":"https:\/\/apacame.org.br\/site\/revista\/mensagem-doce-n-156-maio-de-2020\/","title":{"rendered":"Mensagem Doce  n\u00b0 156 Maio de 2020"},"content":{"rendered":"\n<p class=\"has-text-align-center\">Capa: Abelha (Apis mellifera)<br>coletando n\u00e9ctar e p\u00f3len em Mentha<br>sachalinensis, conhecida pelo nome<br>comum de hortel\u00e3. Foto banco de<br>imagens Adobe Stock.<\/p>\n","protected":false},"excerpt":{"rendered":"<p>Capa: Abelha (Apis mellifera)coletando n\u00e9ctar e p\u00f3len em Menthasachalinensis, conhecida pelo nomecomum de hortel\u00e3. Foto banco deimagens Adobe Stock.<\/p>\n","protected":false},"author":20,"featured_media":3423,"parent":587,"menu_order":0,"comment_status":"open","ping_status":"open","template":"","meta":{"pmpro_default_level":"","_price":"","_stock":"","_tribe_ticket_header":"","_tribe_default_ticket_provider":"","_tribe_ticket_capacity":"0","_ticket_start_date":"","_ticket_end_date":"","_tribe_ticket_show_description":"","_tribe_ticket_show_not_going":false,"_tribe_ticket_use_global_stock":"","_tribe_ticket_global_stock_level":"","_global_stock_mode":"","_global_stock_cap":"","_tribe_rsvp_for_event":"","_tribe_ticket_going_count":"","_tribe_ticket_not_going_count":"","_tribe_tickets_list":"[]","_tribe_ticket_has_attendee_info_fields":false,"cybocfi_hide_featured_image":"","footnotes":""},"class_list":["post-3421","page","type-page","status-publish","has-post-thumbnail","hentry","pmpro-has-access"],"_links":{"self":[{"href":"https:\/\/apacame.org.br\/site\/wp-json\/wp\/v2\/pages\/3421"}],"collection":[{"href":"https:\/\/apacame.org.br\/site\/wp-json\/wp\/v2\/pages"}],"about":[{"href":"https:\/\/apacame.org.br\/site\/wp-json\/wp\/v2\/types\/page"}],"author":[{"embeddable":true,"href":"https:\/\/apacame.org.br\/site\/wp-json\/wp\/v2\/users\/20"}],"replies":[{"embeddable":true,"href":"https:\/\/apacame.org.br\/site\/wp-json\/wp\/v2\/comments?post=3421"}],"version-history":[{"count":3,"href":"https:\/\/apacame.org.br\/site\/wp-json\/wp\/v2\/pages\/3421\/revisions"}],"predecessor-version":[{"id":6155,"href":"https:\/\/apacame.org.br\/site\/wp-json\/wp\/v2\/pages\/3421\/revisions\/6155"}],"up":[{"embeddable":true,"href":"https:\/\/apacame.org.br\/site\/wp-json\/wp\/v2\/pages\/587"}],"wp:featuredmedia":[{"embeddable":true,"href":"https:\/\/apacame.org.br\/site\/wp-json\/wp\/v2\/media\/3423"}],"wp:attachment":[{"href":"https:\/\/apacame.org.br\/site\/wp-json\/wp\/v2\/media?parent=3421"}],"curies":[{"name":"wp","href":"https:\/\/api.w.org\/{rel}","templated":true}]}}