{"id":3381,"date":"2020-04-09T21:43:50","date_gmt":"2020-04-09T21:43:50","guid":{"rendered":"http:\/\/apacame.org.br\/site\/?page_id=3381"},"modified":"2020-04-09T21:50:31","modified_gmt":"2020-04-09T21:50:31","slug":"noticia","status":"publish","type":"page","link":"https:\/\/apacame.org.br\/site\/revista\/mensagem-doce-n-155-marco-de-2020\/noticia\/","title":{"rendered":"Not\u00edcia"},"content":{"rendered":"<h1 style=\"text-align: center;\">PRESIDENTE DA ABEMEL LIDERA TRABALHO DE ELABORA\u00c7\u00c3O DO PADR\u00c3O INTERNACIONAL<br \/>\nDE PR\u00d3POLIS NA ISO<\/h1>\n<figure id=\"attachment_3383\" aria-describedby=\"caption-attachment-3383\" style=\"width: 202px\" class=\"wp-caption alignright\"><a href=\"https:\/\/apacame.org.br\/site\/wp-content\/uploads\/2020\/04\/Fig_01_Presidente.jpg\"><img fetchpriority=\"high\" decoding=\"async\" class=\"size-medium wp-image-3383\" src=\"https:\/\/apacame.org.br\/site\/wp-content\/uploads\/2020\/04\/Fig_01_Presidente-202x300.jpg\" alt=\"Foto 1  - Reuni\u00e3o ISO \u2013 Paris, 2019 Terry Braggins (Nova Zel\u00e2ndia) e Dra. Andresa Berretta (Presidente ABEMEL).\" width=\"202\" height=\"300\" srcset=\"https:\/\/apacame.org.br\/site\/wp-content\/uploads\/2020\/04\/Fig_01_Presidente-202x300.jpg 202w, https:\/\/apacame.org.br\/site\/wp-content\/uploads\/2020\/04\/Fig_01_Presidente-691x1024.jpg 691w, https:\/\/apacame.org.br\/site\/wp-content\/uploads\/2020\/04\/Fig_01_Presidente-150x222.jpg 150w, https:\/\/apacame.org.br\/site\/wp-content\/uploads\/2020\/04\/Fig_01_Presidente-337x500.jpg 337w, https:\/\/apacame.org.br\/site\/wp-content\/uploads\/2020\/04\/Fig_01_Presidente.jpg 1248w\" sizes=\"(max-width: 202px) 100vw, 202px\" \/><\/a><figcaption id=\"caption-attachment-3383\" class=\"wp-caption-text\">Foto 1 &#8211; Reuni\u00e3o ISO \u2013 Paris, 2019<br \/>Terry Braggins (Nova Zel\u00e2ndia) e Dra. Andresa Berretta (Presidente ABEMEL).<\/figcaption><\/figure>\n<p><span style=\"font-size: large;\">Imagino que alguma vez na vida voc\u00ea j\u00e1 tenha ouvido falar em pr\u00f3polis ou j\u00e1 tenha at\u00e9 utilizado para aumentar sua imunidade ou tratar sua dor de garganta. Seja na forma de gotinhas, spray ou misturado aos m\u00e9is, a pr\u00f3polis faz muito bem \u00e0 sa\u00fade, e ela j\u00e1 est\u00e1 bem regulada no Brasil. Atualmente, a pr\u00f3polis, seja como mat\u00e9ria-prima ou extrato, tem regras de identidade e qualidade que devem ser seguidas junto ao Minist\u00e9rio da Agricultura, Pecu\u00e1ria e Abastecimento (MAPA). Al\u00e9m disso, a Ag\u00eancia Nacional de Vigil\u00e2ncia Sanit\u00e1ria (ANVISA) tamb\u00e9m j\u00e1 contemplou a pr\u00f3polis nas normas de suplementos alimentares e com isso, houve uma grande abertura em oportunidades para inova\u00e7\u00e3o no Brasil.<\/span><\/p>\n<p><span style=\"font-size: large;\">Apesar do arcabou\u00e7o legal j\u00e1 existente, temos grandes barreiras regulat\u00f3rias para exporta\u00e7\u00e3o de pr\u00f3polis \u201cin natura\u201d ou em extrato, pois cada pa\u00eds tem sua regula\u00e7\u00e3o pr\u00f3pria e essas regula\u00e7\u00f5es est\u00e3o pautadas nas pr\u00f3polis desses pa\u00edses, que s\u00e3o diferentes das pr\u00f3polis do Brasil. <\/span><\/p>\n<p><span style=\"font-size: large;\">Nesse sentido, a ISO (Organiza\u00e7\u00e3o Internacional para Padroniza\u00e7\u00e3o &#8211; em ingl\u00eas: International Organization for Standardization), \u00e9 uma entidade que congrega os \u00f3rg\u00e3os de padroniza\u00e7\u00e3o\/normaliza\u00e7\u00e3o de 162 pa\u00edses, e aprova normas internacionais em um grande n\u00famero de \u00e1reas de interesse econ\u00f4mico e t\u00e9cnico. E foi a\u00ed que surgiu uma grande oportunidade para o mercado ap\u00edcola, a elabora\u00e7\u00e3o de um padr\u00e3o internacional de identidade e qualidade de pr\u00f3polis para padronizar, em \u00e2mbito internacional, os par\u00e2metros que as diferentes pr\u00f3polis precisam atender para poderem ser consideradas pr\u00f3polis e terem entradas nos mais variados pa\u00edses. <\/span><\/p>\n<p><span style=\"font-size: large;\">V\u00e1rios pa\u00edses est\u00e3o participando da constru\u00e7\u00e3o desse documento que foi iniciado pela China. Uma vota\u00e7\u00e3o pelos pa\u00edses membros da ISO aprovou a presidente da ABEMEL, Dra. Andresa Berretta, como convenor para a condu\u00e7\u00e3o desse importante trabalho. Escolha que n\u00e3o foi por acaso, j\u00e1 que Dra. Andresa Berretta vem realizando pesquisas cient\u00edficas com pr\u00f3polis h\u00e1 mais de 20 anos, fez sua gradua\u00e7\u00e3o e p\u00f3s-gradua\u00e7\u00e3o na USP de Ribeir\u00e3o Preto tendo j\u00e1 publicado mais de 35 trabalhos na \u00e1rea, e com dep\u00f3sito de mais de 7 patentes, al\u00e9m de ter atuado no desenvolvimento de uma grande linha de produtos \u00e0 base de produtos ap\u00edcolas na Apis Flora, tradicional entreposto do segmento.<\/span><\/p>\n<p><span style=\"font-size: large;\">A fun\u00e7\u00e3o de um convenor junto ao grupo de trabalho da ISO \u00e9 reunir pesquisadores e especialistas de todo o mundo, afim de tratar sobre o tema e trabalhar de forma a convergir o grupo para uma decis\u00e3o consensual. As tradu\u00e7\u00f5es literais da palavra levam \u00e0 \u201cconvocador\u201d, \u201corganizador\u201d, mas a fun\u00e7\u00e3o vai al\u00e9m desses conceitos e visa, principalmente, levar o grupo a convergir para uma decis\u00e3o comum e gerar um documento que ser\u00e1 observado por todo o mundo.<\/span><\/p>\n<p><span style=\"font-size: large;\"><a href=\"https:\/\/apacame.org.br\/site\/wp-content\/uploads\/2020\/04\/Quadro-final.jpg\"><img decoding=\"async\" class=\"alignleft size-medium wp-image-3384\" src=\"https:\/\/apacame.org.br\/site\/wp-content\/uploads\/2020\/04\/Quadro-final-300x173.jpg\" alt=\"Quadro-final\" width=\"300\" height=\"173\" srcset=\"https:\/\/apacame.org.br\/site\/wp-content\/uploads\/2020\/04\/Quadro-final-300x173.jpg 300w, https:\/\/apacame.org.br\/site\/wp-content\/uploads\/2020\/04\/Quadro-final-1024x589.jpg 1024w, https:\/\/apacame.org.br\/site\/wp-content\/uploads\/2020\/04\/Quadro-final-150x86.jpg 150w, https:\/\/apacame.org.br\/site\/wp-content\/uploads\/2020\/04\/Quadro-final-500x288.jpg 500w\" sizes=\"(max-width: 300px) 100vw, 300px\" \/><\/a>As reuni\u00f5es para a constru\u00e7\u00e3o desse documento est\u00e3o acontecendo atrav\u00e9s de videoconfer\u00eancias mensais, e no m\u00eas de junho, o Brasil sediar\u00e1 a primeira reuni\u00e3o presencial do Grupo de Trabalho de Pr\u00f3polis (ISO\/TC34\/SC19\/WG2) e a primeira reuni\u00e3o do Projeto de Padroniza\u00e7\u00e3o Internacional de Pr\u00f3polis, recebendo especialistas de todo o mundo.<\/span><\/p>\n<p><span style=\"font-size: large;\">As demandas e os impactos desse importante marco tem sido amplamente discutida na nossa associa\u00e7\u00e3o, com objetivo de defender o interesse do nosso setor. <\/span><\/p>\n<p><span style=\"font-size: large;\">Os trabalhos est\u00e3o em fase inicial, mas representar\u00e3o um grande avan\u00e7o para um maior reconhecimento e padroniza\u00e7\u00e3o da pr\u00f3polis brasileira em todo o mundo. Novidades e atualiza\u00e7\u00f5es ser\u00e3o amplamente divulgadas, acompanhe os desdobramentos nas publica\u00e7\u00f5es do setor.<\/span><\/p>\n","protected":false},"excerpt":{"rendered":"<p>PRESIDENTE DA ABEMEL LIDERA TRABALHO DE ELABORA\u00c7\u00c3O DO PADR\u00c3O INTERNACIONAL DE PR\u00d3POLIS NA ISO Imagino que alguma vez na vida voc\u00ea j\u00e1 tenha ouvido falar em pr\u00f3polis ou j\u00e1 tenha [&hellip;]<\/p>\n","protected":false},"author":20,"featured_media":0,"parent":3339,"menu_order":0,"comment_status":"open","ping_status":"open","template":"","meta":{"pmpro_default_level":"","_price":"","_stock":"","_tribe_ticket_header":"","_tribe_default_ticket_provider":"","_tribe_ticket_capacity":"0","_ticket_start_date":"","_ticket_end_date":"","_tribe_ticket_show_description":"","_tribe_ticket_show_not_going":false,"_tribe_ticket_use_global_stock":"","_tribe_ticket_global_stock_level":"","_global_stock_mode":"","_global_stock_cap":"","_tribe_rsvp_for_event":"","_tribe_ticket_going_count":"","_tribe_ticket_not_going_count":"","_tribe_tickets_list":"[]","_tribe_ticket_has_attendee_info_fields":false,"cybocfi_hide_featured_image":"","footnotes":""},"class_list":["post-3381","page","type-page","status-publish","hentry","pmpro-has-access"],"_links":{"self":[{"href":"https:\/\/apacame.org.br\/site\/wp-json\/wp\/v2\/pages\/3381"}],"collection":[{"href":"https:\/\/apacame.org.br\/site\/wp-json\/wp\/v2\/pages"}],"about":[{"href":"https:\/\/apacame.org.br\/site\/wp-json\/wp\/v2\/types\/page"}],"author":[{"embeddable":true,"href":"https:\/\/apacame.org.br\/site\/wp-json\/wp\/v2\/users\/20"}],"replies":[{"embeddable":true,"href":"https:\/\/apacame.org.br\/site\/wp-json\/wp\/v2\/comments?post=3381"}],"version-history":[{"count":3,"href":"https:\/\/apacame.org.br\/site\/wp-json\/wp\/v2\/pages\/3381\/revisions"}],"predecessor-version":[{"id":3386,"href":"https:\/\/apacame.org.br\/site\/wp-json\/wp\/v2\/pages\/3381\/revisions\/3386"}],"up":[{"embeddable":true,"href":"https:\/\/apacame.org.br\/site\/wp-json\/wp\/v2\/pages\/3339"}],"wp:attachment":[{"href":"https:\/\/apacame.org.br\/site\/wp-json\/wp\/v2\/media?parent=3381"}],"curies":[{"name":"wp","href":"https:\/\/api.w.org\/{rel}","templated":true}]}}