{"id":3216,"date":"2019-10-14T18:59:52","date_gmt":"2019-10-14T18:59:52","guid":{"rendered":"http:\/\/apacame.org.br\/site\/?page_id=3216"},"modified":"2019-10-14T18:59:52","modified_gmt":"2019-10-14T18:59:52","slug":"artigo-7","status":"publish","type":"page","link":"https:\/\/apacame.org.br\/site\/revista\/mensagem-doce-n-153-setembro-de-2019\/artigo-7\/","title":{"rendered":"Artigo"},"content":{"rendered":"<h1 style=\"text-align: center;\">Apicultura ind\u00edgena do Xingu:<br \/>\nAlternativa econ\u00f4mica com a floresta em p\u00e9!<\/h1>\n<blockquote><p>Texto: Wemerson Ballester \u2013 Engenheiro Agr\u00f4nomo &#8211; Rainforest Foundation Japan<br \/>\ne-mail: <a href=\"mailto:wemersoncb2011@hotmail.com\">wemersoncb2011@hotmail.com<\/a><\/p><\/blockquote>\n<figure id=\"attachment_3217\" aria-describedby=\"caption-attachment-3217\" style=\"width: 225px\" class=\"wp-caption alignright\"><a href=\"https:\/\/apacame.org.br\/site\/wp-content\/uploads\/2019\/10\/Foto-cacique.jpg\"><img fetchpriority=\"high\" decoding=\"async\" class=\"size-medium wp-image-3217\" src=\"https:\/\/apacame.org.br\/site\/wp-content\/uploads\/2019\/10\/Foto-cacique-225x300.jpg\" alt=\"Cacique Arifir\u00e1 Matipu - Foto: Manoel Silveira da Motta (MAPA)\" width=\"225\" height=\"300\" srcset=\"https:\/\/apacame.org.br\/site\/wp-content\/uploads\/2019\/10\/Foto-cacique-225x300.jpg 225w, https:\/\/apacame.org.br\/site\/wp-content\/uploads\/2019\/10\/Foto-cacique-150x200.jpg 150w, https:\/\/apacame.org.br\/site\/wp-content\/uploads\/2019\/10\/Foto-cacique-375x500.jpg 375w, https:\/\/apacame.org.br\/site\/wp-content\/uploads\/2019\/10\/Foto-cacique.jpg 749w\" sizes=\"(max-width: 225px) 100vw, 225px\" \/><\/a><figcaption id=\"caption-attachment-3217\" class=\"wp-caption-text\">Cacique Arifir\u00e1 Matipu &#8211; Foto: Manoel Silveira da Motta (MAPA)<\/figcaption><\/figure>\n<p><span style=\"font-size: large;\">A cria\u00e7\u00e3o de abelhas para produ\u00e7\u00e3o de mel em Territ\u00f3rios Ind\u00edgenas tornou-se uma atividade importante, pois produz alimento de alta qualidade, renda e o mais importante, com a floresta em p\u00e9!!! A atividade possui um apelo ambiental muito forte, pois as abelhas s\u00e3o indispens\u00e1veis \u00e0 preserva\u00e7\u00e3o das florestas, onde s\u00e3o respons\u00e1veis pela reprodu\u00e7\u00e3o vegetal, atrav\u00e9s do servi\u00e7o de poliniza\u00e7\u00e3o que prestam. Neste contexto, no Territ\u00f3rio Ind\u00edgena do Xingu (TIX), localizado ao norte de Mato Grosso, a apicultura e meliponicultura v\u00eam sendo desenvolvidas com um potencial socioambiental enorme, pois possuem, al\u00e9m de t\u00e9cnicos ind\u00edgenas especializados, uma \u00e1rea preservada com florada abundante livre de agrot\u00f3xicos!<\/span><\/p>\n<p><span style=\"font-size: large;\">Recentemente apicultores e lideran\u00e7as ind\u00edgenas das etnias Kalapalo e Matipu, do Alto Xingu, solicitaram formalmente \u00e0 Associa\u00e7\u00e3o Terra Ind\u00edgena Xingu (ATIX) a certifica\u00e7\u00e3o do mel produzido nas respectivas aldeias, para integrarem a rede de comercializa\u00e7\u00e3o do Mel dos \u00cdndios do Xingu.<\/span><\/p>\n<p><span style=\"font-size: large;\">A ATIX trabalha como certificadora org\u00e2nica do mel proveniente das aldeias do TIX, desde 2015, atrav\u00e9s do Sistema Participativo de Garantia (SPG), e tem como ferramenta o Organismo Participativo de Avalia\u00e7\u00e3o da Conformidade (OPAC), que atua no controle social e na responsabilidade coletiva, atrav\u00e9s das visitas t\u00e9cnicas que ocorrem durante o ano. Ap\u00f3s a solicita\u00e7\u00e3o de ades\u00e3o dos apicultores do Alto Xingu, a ATIX juntamente com o Minist\u00e9rio da Agricultura Pecu\u00e1ria e Abastecimento (MAPA) se organizaram no per\u00edodo de 03 a 06 de junho de 2019, para visitar e verificar se todos procedimentos t\u00e9cnicos e sanit\u00e1rios utilizados nas aldeias est\u00e3o em conformidade \u00e0s exig\u00eancias legais da produ\u00e7\u00e3o ap\u00edcola org\u00e2nica brasileira. <\/span><\/p>\n<p><span style=\"font-size: large;\">De maneira geral o resultado foi satisfat\u00f3rio e paulatinamente observa-se um avan\u00e7o importante dos apicultores do Alto Xingu quanto a troca de conhecimentos t\u00e9cnicos com outros apicultores ind\u00edgenas e tamb\u00e9m na gest\u00e3o ap\u00edcola. As duas aldeias juntas apresentam uma expectativa de comercializa\u00e7\u00e3o junto \u00e0 ATIX de 300 quilos de mel certificado em 2019!<\/span><\/p>\n","protected":false},"excerpt":{"rendered":"<p>Apicultura ind\u00edgena do Xingu: Alternativa econ\u00f4mica com a floresta em p\u00e9! Texto: Wemerson Ballester \u2013 Engenheiro Agr\u00f4nomo &#8211; Rainforest Foundation Japan e-mail: wemersoncb2011@hotmail.com A cria\u00e7\u00e3o de abelhas para produ\u00e7\u00e3o de [&hellip;]<\/p>\n","protected":false},"author":20,"featured_media":0,"parent":3143,"menu_order":0,"comment_status":"open","ping_status":"open","template":"","meta":{"pmpro_default_level":"","_price":"","_stock":"","_tribe_ticket_header":"","_tribe_default_ticket_provider":"","_tribe_ticket_capacity":"0","_ticket_start_date":"","_ticket_end_date":"","_tribe_ticket_show_description":"","_tribe_ticket_show_not_going":false,"_tribe_ticket_use_global_stock":"","_tribe_ticket_global_stock_level":"","_global_stock_mode":"","_global_stock_cap":"","_tribe_rsvp_for_event":"","_tribe_ticket_going_count":"","_tribe_ticket_not_going_count":"","_tribe_tickets_list":"[]","_tribe_ticket_has_attendee_info_fields":false,"cybocfi_hide_featured_image":"","footnotes":""},"class_list":["post-3216","page","type-page","status-publish","hentry","pmpro-has-access"],"_links":{"self":[{"href":"https:\/\/apacame.org.br\/site\/wp-json\/wp\/v2\/pages\/3216"}],"collection":[{"href":"https:\/\/apacame.org.br\/site\/wp-json\/wp\/v2\/pages"}],"about":[{"href":"https:\/\/apacame.org.br\/site\/wp-json\/wp\/v2\/types\/page"}],"author":[{"embeddable":true,"href":"https:\/\/apacame.org.br\/site\/wp-json\/wp\/v2\/users\/20"}],"replies":[{"embeddable":true,"href":"https:\/\/apacame.org.br\/site\/wp-json\/wp\/v2\/comments?post=3216"}],"version-history":[{"count":2,"href":"https:\/\/apacame.org.br\/site\/wp-json\/wp\/v2\/pages\/3216\/revisions"}],"predecessor-version":[{"id":3219,"href":"https:\/\/apacame.org.br\/site\/wp-json\/wp\/v2\/pages\/3216\/revisions\/3219"}],"up":[{"embeddable":true,"href":"https:\/\/apacame.org.br\/site\/wp-json\/wp\/v2\/pages\/3143"}],"wp:attachment":[{"href":"https:\/\/apacame.org.br\/site\/wp-json\/wp\/v2\/media?parent=3216"}],"curies":[{"name":"wp","href":"https:\/\/api.w.org\/{rel}","templated":true}]}}