{"id":3180,"date":"2019-10-11T20:02:56","date_gmt":"2019-10-11T20:02:56","guid":{"rendered":"http:\/\/apacame.org.br\/site\/?page_id=3180"},"modified":"2019-10-11T20:02:56","modified_gmt":"2019-10-11T20:02:56","slug":"artigo-4","status":"publish","type":"page","link":"https:\/\/apacame.org.br\/site\/revista\/mensagem-doce-n-153-setembro-de-2019\/artigo-4\/","title":{"rendered":"Artigo"},"content":{"rendered":"<h1 style=\"text-align: center;\">Laudo mostra que agrot\u00f3xicos causaram morte de milh\u00f5es de abelhas no RS<\/h1>\n<blockquote><p>Fonte: <a href=\"https:\/\/gauchazh.clicrbs.com.br\/economia\/campo-e-lavoura\/noticia\/2019\/07\/laudo-mostra-que-agrotoxicos-causaram-morte-de-milhoes-de-abelhas-no-rs-cjyhei8yp008701k0q6pdxkpm.html\" target=\"_blank\" rel=\"noopener\">https:\/\/gauchazh.clicrbs.com.br\/economia\/campo-e-lavoura\/noticia\/2019\/07\/laudo-mostra-que-agrotoxicos-causaram-morte-de-milhoes-de-abelhas-no-rs-cjyhei8yp008701k0q6pdxkpm.html<\/a><\/p><\/blockquote>\n<p><span style=\"font-size: large;\"><b>Mortandade ocorreu nas cidades de Mata, Santiago, Jaguari, S\u00e3o Jos\u00e9 das Miss\u00f5es, Campo Novo e Cruz Alta.<\/b><\/span><\/p>\n<p><span style=\"font-size: large;\"><a href=\"https:\/\/apacame.org.br\/site\/wp-content\/uploads\/2019\/10\/Foto-Laudo.jpg\"><img fetchpriority=\"high\" decoding=\"async\" class=\"alignright size-medium wp-image-3181\" src=\"https:\/\/apacame.org.br\/site\/wp-content\/uploads\/2019\/10\/Foto-Laudo-300x200.jpg\" alt=\"Foto-Laudo\" width=\"300\" height=\"200\" srcset=\"https:\/\/apacame.org.br\/site\/wp-content\/uploads\/2019\/10\/Foto-Laudo-300x200.jpg 300w, https:\/\/apacame.org.br\/site\/wp-content\/uploads\/2019\/10\/Foto-Laudo-150x100.jpg 150w, https:\/\/apacame.org.br\/site\/wp-content\/uploads\/2019\/10\/Foto-Laudo-500x334.jpg 500w, https:\/\/apacame.org.br\/site\/wp-content\/uploads\/2019\/10\/Foto-Laudo.jpg 748w\" sizes=\"(max-width: 300px) 100vw, 300px\" \/><\/a>Do ch\u00e3o, abelhas mortas eram retiradas aos montes. As oper\u00e1rias ca\u00edam sem vida das caixas onde a colmeia antes trabalhava em sintonia com a rainha para produzir mel. O apicultor Maicon Folgerini, 25, estranhou a morte em massa em meados de outubro passado, em plena primavera, o auge do trabalho dos enxames.<\/span><\/p>\n<p><span style=\"font-size: large;\">O produtor telefonou para outros apicultores das redondezas de Mata, cidade de 5.141 habitantes a 316 quil\u00f4metros de Porto Alegre, na regi\u00e3o central do Rio Grande do Sul.\u00a0<\/span><\/p>\n<p><span style=\"font-size: large;\">Avisei para o pessoal olhar as caixas e todo mundo foi olhando. Ligavam de volta contando \u201caqui morreram 40 colmeias, aqui morreram 10\u201d. Fizemos boletim de ocorr\u00eancia para ter uma prova e chamamos a patrulha ambiental conta Folgerini.<\/span><\/p>\n<p><span style=\"font-size: large;\">O caso foi um dos mais graves registrados no Estado, onde morreram ao menos 500 milh\u00f5es de abelhas mel\u00edferas entre outubro de 2018 e mar\u00e7o de 2019 em decorr\u00eancia de agrot\u00f3xicos.<\/span><\/p>\n<p><span style=\"font-size: large;\">Cada colmeia tem at\u00e9 60 mil abelhas. Al\u00e9m de Mata, mortandades ocorrem no mesmo per\u00edodo em cidades como Santiago, Jaguari, S\u00e3o Jos\u00e9 das Miss\u00f5es, Campo Novo e Cruz Alta.<\/span><\/p>\n<p><span style=\"font-size: large;\">O n\u00famero de mortes pode ser muito maior porque os casos nem sempre se tornam p\u00fablicose n\u00e3o h\u00e1 uma base de dados oficial. Tampouco existem dados nacionais. Al\u00e9m disso, n\u00e3o h\u00e1 controle do impacto dos pesticidas sobre as abelhas nativas do Brasil \u2014 as mel\u00edferas foram trazidas ao pa\u00eds com os imigrantes no s\u00e9culo 19.\u00a0<\/span><\/p>\n<p><span style=\"font-size: large;\">Os apicultores de Mata reagiram e conseguiram mais do que um caso de pol\u00edcia. Laudo t\u00e9cnico do Laborat\u00f3rio Nacional Agropecu\u00e1rio do Rio Grande do Sul (Lanagro-RS), o laborat\u00f3rio do Minist\u00e9rio da Agricultura, realizado na sequ\u00eancia do evento, encontrou cinco tipos de agrot\u00f3xicos nas abelhas mortas, no mel, nas crias e nos favos. A variedade indica que foi pulverizado um \u00abcoquetel\u00bb de agrot\u00f3xicos. Entre os produtos encontrados pelo laborat\u00f3rio est\u00e1 o fipronil, utilizado nas lavouras de soja que predominam na \u00e1rea.<\/span><\/p>\n<p><span style=\"font-size: large;\">Quando compra os produtos, existem procedimentos que na teoria s\u00e3o muito bonitos. \u00c9 como uma receita m\u00e9dica sobre quantidade e uso, deveria ter a fiscaliza\u00e7\u00e3o da pulveriza\u00e7\u00e3o no avi\u00e3o.<\/span><\/p>\n<p><span style=\"font-size: large;\">Mas est\u00e3o misturando v\u00e1rios tipos de produtos e jogando do avi\u00e3o \u2014 diz Ant\u00f4nio Philomena, professor aposentado da Universidade Federal de Rio Grande (Furg), que realizou uma per\u00edcia em Mata e j\u00e1 trabalhou em Mariana e Brumadinho ap\u00f3s os crimes ambientais que mataram centenas de pessoas.<\/span><\/p>\n<p><span style=\"font-size: large;\">O caso de Mata \u00e9 simb\u00f3lico porque \u00e9 comum que as ind\u00fastrias do setor de agrot\u00f3xicos apontem a aus\u00eancia do nexo causal entre a aplica\u00e7\u00e3o de defensivos e as mortes das abelhas para evitar que os produtos sejam banidos, como j\u00e1 acontece na Europa, e para que os casos n\u00e3o avancem na Justi\u00e7a.\u00a0<\/span><\/p>\n<p><span style=\"font-size: large;\">N\u00e3o \u00e9 mais suposi\u00e7\u00e3o, h\u00e1 provas robustas da contamina\u00e7\u00e3o por agrot\u00f3xico. Se isso n\u00e3o for coibido, as mortes podem se repetir quando chegar a \u00e9poca em que os fazendeiros aplicam agrot\u00f3xico.<\/span><\/p>\n<p><span style=\"font-size: large;\">O medo de perder as abelhas, o investimento feito e a renda da venda do mel gera ang\u00fastia nos apicultores \u2014 diz Jos\u00e9 Renato de Oliveira Barcelos, advogado e integrante da Articula\u00e7\u00e3o pela Preserva\u00e7\u00e3o da Integridade dos Seres e da Biodiversidade (ApisBio).\u00a0<\/span><\/p>\n<p><span style=\"font-size: large;\">Antes, nosso o medo era o inverno, quando a gente precisa alimentar as abelhas para elas resistirem. Agora \u00e9 a primavera, porque chega junto o avi\u00e3o de agrot\u00f3xico \u2014 diz o apicultor Ja\u00edlson Mack Bressan, 27.\u00a0<\/span><\/p>\n<p><span style=\"font-size: large;\">Bressan perdeu 28 colmeias. Mas conseguiu salvar cinco rainhas, cada colmeia tem uma. E agora trata das sobreviventes com homeopatia.\u00a0<\/span><\/p>\n<p><span style=\"font-size: large;\">Tr\u00eas dias antes da mortandade, moradores de Mata avistaram um avi\u00e3o pulverizando lavouras. Pelo menos 50 pessoas foram atendidas no hospital da cidade, incluindo o prefeito, com sintomas como v\u00f4mito e tontura, t\u00edpicos de intoxica\u00e7\u00e3o por agrot\u00f3xico.\u00a0<\/span><\/p>\n<p><span style=\"font-size: large;\">Os testemunhos e per\u00edcias constam em uma representa\u00e7\u00e3o entregue ao Minist\u00e9rio P\u00fablico Federal (MPF) solicitando uma a\u00e7\u00e3o civil p\u00fablica e a\u00e7\u00e3o penal.<\/span><\/p>\n<p><span style=\"font-size: large;\">Entre as medidas propostas pelos autores da representa\u00e7\u00e3o, entre eles a ApisBio e o Movimento Justi\u00e7a e Direitos Humanos (MJDH), est\u00e1 a proibi\u00e7\u00e3o das subst\u00e2ncias e a cria\u00e7\u00e3o \u00abzonas de exclus\u00e3o\u00bb de plantios de culturas que levem agrot\u00f3xico.\u00a0<\/span><\/p>\n<p><span style=\"font-size: large;\">O procurador federal do caso, Nilo Marcelo de Almeida Camargo, coordenador do N\u00facleo de Meio Ambiente, ir\u00e1 investigar se existe omiss\u00e3o dos \u00f3rg\u00e3os respons\u00e1veis pela libera\u00e7\u00e3o do com\u00e9rcio dos defensivos e se o uso n\u00e3o respeita as normas.\u00a0<\/span><\/p>\n<p><span style=\"font-size: large;\">Em tese, sempre existe a possibilidade de responsabiliza\u00e7\u00e3o do empreendedor, a qual depende da prova do nexo causal entre a conduta e o dano \u2014 disse o procurador.<\/span><\/p>\n<p><span style=\"font-size: large;\">Empresas que produzem agrot\u00f3xicos, como Bayer, Basf e Syngenta, e Sindicato Nacional da Ind\u00fastria de Produtos para a Defesa Vegetal (Sindiveg) criaram o movimento Colmeia Viva cuja miss\u00e3o \u00e9 \u00abpromover o uso correto de defensivos agr\u00edcolas\u00bb e disponibiliza uma central de atendimento t\u00e9cnico.\u00a0<\/span><\/p>\n<p><span style=\"font-size: large;\">Procurado pela reportagem sobre a mortandade no Rio Grande do Sul, o movimento afirma que \u00abuma das principais causas da mortalidade de abelhas tem sido ainda a falta de comunica\u00e7\u00e3o entre agricultores e apicultores\u00bb para \u00abdefini\u00e7\u00e3o em conjunto de locais seguros para implanta\u00e7\u00e3o do api\u00e1rio\u00bb.\u00a0<\/span><\/p>\n<p><span style=\"font-size: large;\">Em S\u00e3o Paulo, um estudo do Colmeia Viva em parceria com a Universidade Estadual Paulista (Unesp) e Universidade Federal de S\u00e3o Carlos (Ufscar), detectou as mortes causadas por agrot\u00f3xicos, a \u00abmaioria era por uso incorreto de uso fora da lavoura, relatos de uso para controle de formigas e carrapatos na pecu\u00e1ria e contamina\u00e7\u00e3o intencional das abelhas\u00bb.<\/span><\/p>\n<p><span style=\"font-size: large;\">Por\u00e9m, mesmo com o uso em doses recomendadas pela bula, agrot\u00f3xicos podem encurtar a vida das abelhas em at\u00e9 50% do tempo e modificar seu comportamento. Um estudo com apoio da Funda\u00e7\u00e3o de Amparo \u00e0 Pesquisa do Estado de S\u00e3o Paulo (Fapesp) com as mesmas universidades parceiras do Colmeia Viva e a Universidade de S\u00e3o Paulo (USP) foi publicado na revista Scientific Reports.<\/span><\/p>\n<p><span style=\"font-size: large;\">Por este motivo, outros pesquisadores enxergam na agricultura sem defensivos a sa\u00edda para a preserva\u00e7\u00e3o das abelhas.\u00a0<\/span><\/p>\n<p><span style=\"font-size: large;\">A sa\u00edda ideal \u00e9 a agroecologia, buscando m\u00e9todos sem agrot\u00f3xicos. Nenhuma das diversas t\u00e9cnicas de produ\u00e7\u00e3o limpa impede o uso em larga escala \u2014 explica o pesquisador da Embrapa Clima Temperado, Luis Fernando Wolff.\u00a0<\/span><\/p>\n<p>Abelhas tamb\u00e9m funcionam como alerta para a sa\u00fade do ambiente.<\/p>\n<p><span style=\"font-size: large;\">Abelhas s\u00e3o reconhecidos indicadores ambientais e est\u00e3o indicando que h\u00e1 algo errado com o uso dos agrot\u00f3xicos. Um uso incentivado com a libera\u00e7\u00e3o de novos 290 agrot\u00f3xicos pelo governo de Jair Bolsonaro (PSL) \u2014 explica Althen Teixeira Filho, m\u00e9dico veterin\u00e1rio e professor do Instituto de Biologia da Universidade Federal de Pelotas (UFPel).<\/span><\/p>\n<p><span style=\"font-size: large;\">Mais do que produzir mel, as abelhas s\u00e3o essenciais para existam alimentos para consumo humano. Elas s\u00e3o necess\u00e1rias para tr\u00eas entre quatro tipos de alimentos, como as frutas, precisam de algum tipo de poliniza\u00e7\u00e3o, segundo a FAO, bra\u00e7o da ONU para agricultura e alimenta\u00e7\u00e3o.<\/span><\/p>\n<p><span style=\"font-size: large;\">As abelhas nos prestam um servi\u00e7o inestim\u00e1vel: a poliniza\u00e7\u00e3o. \u00c9 o que nos garante alimenta\u00e7\u00e3o. \u00c9 o que chamamos de seguran\u00e7a alimentar. Est\u00e1 ligado ao direito fundamental, que \u00e9 a vida, e por isso tamb\u00e9m \u00e9 uma quest\u00e3o de direitos humanos \u2014 diz Jair Krischke, presidente do Movimento de Justi\u00e7a e Direitos Humanos (MJDH), que tamb\u00e9m assina a representa\u00e7\u00e3o entregue ao MPF.<\/span><\/p>\n","protected":false},"excerpt":{"rendered":"<p>Laudo mostra que agrot\u00f3xicos causaram morte de milh\u00f5es de abelhas no RS Fonte: https:\/\/gauchazh.clicrbs.com.br\/economia\/campo-e-lavoura\/noticia\/2019\/07\/laudo-mostra-que-agrotoxicos-causaram-morte-de-milhoes-de-abelhas-no-rs-cjyhei8yp008701k0q6pdxkpm.html Mortandade ocorreu nas cidades de Mata, Santiago, Jaguari, S\u00e3o Jos\u00e9 das Miss\u00f5es, Campo Novo e Cruz [&hellip;]<\/p>\n","protected":false},"author":20,"featured_media":0,"parent":3143,"menu_order":0,"comment_status":"open","ping_status":"open","template":"","meta":{"pmpro_default_level":"","_price":"","_stock":"","_tribe_ticket_header":"","_tribe_default_ticket_provider":"","_tribe_ticket_capacity":"0","_ticket_start_date":"","_ticket_end_date":"","_tribe_ticket_show_description":"","_tribe_ticket_show_not_going":false,"_tribe_ticket_use_global_stock":"","_tribe_ticket_global_stock_level":"","_global_stock_mode":"","_global_stock_cap":"","_tribe_rsvp_for_event":"","_tribe_ticket_going_count":"","_tribe_ticket_not_going_count":"","_tribe_tickets_list":"[]","_tribe_ticket_has_attendee_info_fields":false,"cybocfi_hide_featured_image":"","footnotes":""},"class_list":["post-3180","page","type-page","status-publish","hentry","pmpro-has-access"],"_links":{"self":[{"href":"https:\/\/apacame.org.br\/site\/wp-json\/wp\/v2\/pages\/3180"}],"collection":[{"href":"https:\/\/apacame.org.br\/site\/wp-json\/wp\/v2\/pages"}],"about":[{"href":"https:\/\/apacame.org.br\/site\/wp-json\/wp\/v2\/types\/page"}],"author":[{"embeddable":true,"href":"https:\/\/apacame.org.br\/site\/wp-json\/wp\/v2\/users\/20"}],"replies":[{"embeddable":true,"href":"https:\/\/apacame.org.br\/site\/wp-json\/wp\/v2\/comments?post=3180"}],"version-history":[{"count":2,"href":"https:\/\/apacame.org.br\/site\/wp-json\/wp\/v2\/pages\/3180\/revisions"}],"predecessor-version":[{"id":3183,"href":"https:\/\/apacame.org.br\/site\/wp-json\/wp\/v2\/pages\/3180\/revisions\/3183"}],"up":[{"embeddable":true,"href":"https:\/\/apacame.org.br\/site\/wp-json\/wp\/v2\/pages\/3143"}],"wp:attachment":[{"href":"https:\/\/apacame.org.br\/site\/wp-json\/wp\/v2\/media?parent=3180"}],"curies":[{"name":"wp","href":"https:\/\/api.w.org\/{rel}","templated":true}]}}

<h1 style="text-align: center;">Laudo mostra que agrotóxicos causaram morte de milhões de abelhas no RS</h1>
<blockquote><p>Fonte: <a href="https://gauchazh.clicrbs.com.br/economia/campo-e-lavoura/noticia/2019/07/laudo-mostra-que-agrotoxicos-causaram-morte-de-milhoes-de-abelhas-no-rs-cjyhei8yp008701k0q6pdxkpm.html" target="_blank" rel="noopener">https://gauchazh.clicrbs.com.br/economia/campo-e-lavoura/noticia/2019/07/laudo-mostra-que-agrotoxicos-causaram-morte-de-milhoes-de-abelhas-no-rs-cjyhei8yp008701k0q6pdxkpm.html</a></p></blockquote>
<p><span style="font-size: large;"><b>Mortandade ocorreu nas cidades de Mata, Santiago, Jaguari, São José das Missões, Campo Novo e Cruz Alta.</b></span></p>
<p><span style="font-size: large;"><a href="https://apacame.org.br/site/wp-content/uploads/2019/10/Foto-Laudo.jpg"><img fetchpriority="high" decoding="async" class="alignright size-medium wp-image-3181" src="https://apacame.org.br/site/wp-content/uploads/2019/10/Foto-Laudo-300x200.jpg" alt="Foto-Laudo" width="300" height="200" srcset="https://apacame.org.br/site/wp-content/uploads/2019/10/Foto-Laudo-300x200.jpg 300w, https://apacame.org.br/site/wp-content/uploads/2019/10/Foto-Laudo-150x100.jpg 150w, https://apacame.org.br/site/wp-content/uploads/2019/10/Foto-Laudo-500x334.jpg 500w, https://apacame.org.br/site/wp-content/uploads/2019/10/Foto-Laudo.jpg 748w" sizes="(max-width: 300px) 100vw, 300px" /></a>Do chão, abelhas mortas eram retiradas aos montes. As operárias caíam sem vida das caixas onde a colmeia antes trabalhava em sintonia com a rainha para produzir mel. O apicultor Maicon Folgerini, 25, estranhou a morte em massa em meados de outubro passado, em plena primavera, o auge do trabalho dos enxames.</span></p>
<p><span style="font-size: large;">O produtor telefonou para outros apicultores das redondezas de Mata, cidade de 5.141 habitantes a 316 quilômetros de Porto Alegre, na região central do Rio Grande do Sul. </span></p>
<p><span style="font-size: large;">Avisei para o pessoal olhar as caixas e todo mundo foi olhando. Ligavam de volta contando “aqui morreram 40 colmeias, aqui morreram 10”. Fizemos boletim de ocorrência para ter uma prova e chamamos a patrulha ambiental conta Folgerini.</span></p>
<p><span style="font-size: large;">O caso foi um dos mais graves registrados no Estado, onde morreram ao menos 500 milhões de abelhas melíferas entre outubro de 2018 e março de 2019 em decorrência de agrotóxicos.</span></p>
<p><span style="font-size: large;">Cada colmeia tem até 60 mil abelhas. Além de Mata, mortandades ocorrem no mesmo período em cidades como Santiago, Jaguari, São José das Missões, Campo Novo e Cruz Alta.</span></p>
<p><span style="font-size: large;">O número de mortes pode ser muito maior porque os casos nem sempre se tornam públicose não há uma base de dados oficial. Tampouco existem dados nacionais. Além disso, não há controle do impacto dos pesticidas sobre as abelhas nativas do Brasil — as melíferas foram trazidas ao país com os imigrantes no século 19. </span></p>
<p><span style="font-size: large;">Os apicultores de Mata reagiram e conseguiram mais do que um caso de polícia. Laudo técnico do Laboratório Nacional Agropecuário do Rio Grande do Sul (Lanagro-RS), o laboratório do Ministério da Agricultura, realizado na sequência do evento, encontrou cinco tipos de agrotóxicos nas abelhas mortas, no mel, nas crias e nos favos. A variedade indica que foi pulverizado um «coquetel» de agrotóxicos. Entre os produtos encontrados pelo laboratório está o fipronil, utilizado nas lavouras de soja que predominam na área.</span></p>
<p><span style="font-size: large;">Quando compra os produtos, existem procedimentos que na teoria são muito bonitos. É como uma receita médica sobre quantidade e uso, deveria ter a fiscalização da pulverização no avião.</span></p>
<p><span style="font-size: large;">Mas estão misturando vários tipos de produtos e jogando do avião — diz Antônio Philomena, professor aposentado da Universidade Federal de Rio Grande (Furg), que realizou uma perícia em Mata e já trabalhou em Mariana e Brumadinho após os crimes ambientais que mataram centenas de pessoas.</span></p>
<p><span style="font-size: large;">O caso de Mata é simbólico porque é comum que as indústrias do setor de agrotóxicos apontem a ausência do nexo causal entre a aplicação de defensivos e as mortes das abelhas para evitar que os produtos sejam banidos, como já acontece na Europa, e para que os casos não avancem na Justiça. </span></p>
<p><span style="font-size: large;">Não é mais suposição, há provas robustas da contaminação por agrotóxico. Se isso não for coibido, as mortes podem se repetir quando chegar a época em que os fazendeiros aplicam agrotóxico.</span></p>
<p><span style="font-size: large;">O medo de perder as abelhas, o investimento feito e a renda da venda do mel gera angústia nos apicultores — diz José Renato de Oliveira Barcelos, advogado e integrante da Articulação pela Preservação da Integridade dos Seres e da Biodiversidade (ApisBio). </span></p>
<p><span style="font-size: large;">Antes, nosso o medo era o inverno, quando a gente precisa alimentar as abelhas para elas resistirem. Agora é a primavera, porque chega junto o avião de agrotóxico — diz o apicultor Jaílson Mack Bressan, 27. </span></p>
<p><span style="font-size: large;">Bressan perdeu 28 colmeias. Mas conseguiu salvar cinco rainhas, cada colmeia tem uma. E agora trata das sobreviventes com homeopatia. </span></p>
<p><span style="font-size: large;">Três dias antes da mortandade, moradores de Mata avistaram um avião pulverizando lavouras. Pelo menos 50 pessoas foram atendidas no hospital da cidade, incluindo o prefeito, com sintomas como vômito e tontura, típicos de intoxicação por agrotóxico. </span></p>
<p><span style="font-size: large;">Os testemunhos e perícias constam em uma representação entregue ao Ministério Público Federal (MPF) solicitando uma ação civil pública e ação penal.</span></p>
<p><span style="font-size: large;">Entre as medidas propostas pelos autores da representação, entre eles a ApisBio e o Movimento Justiça e Direitos Humanos (MJDH), está a proibição das substâncias e a criação «zonas de exclusão» de plantios de culturas que levem agrotóxico. </span></p>
<p><span style="font-size: large;">O procurador federal do caso, Nilo Marcelo de Almeida Camargo, coordenador do Núcleo de Meio Ambiente, irá investigar se existe omissão dos órgãos responsáveis pela liberação do comércio dos defensivos e se o uso não respeita as normas. </span></p>
<p><span style="font-size: large;">Em tese, sempre existe a possibilidade de responsabilização do empreendedor, a qual depende da prova do nexo causal entre a conduta e o dano — disse o procurador.</span></p>
<p><span style="font-size: large;">Empresas que produzem agrotóxicos, como Bayer, Basf e Syngenta, e Sindicato Nacional da Indústria de Produtos para a Defesa Vegetal (Sindiveg) criaram o movimento Colmeia Viva cuja missão é «promover o uso correto de defensivos agrícolas» e disponibiliza uma central de atendimento técnico. </span></p>
<p><span style="font-size: large;">Procurado pela reportagem sobre a mortandade no Rio Grande do Sul, o movimento afirma que «uma das principais causas da mortalidade de abelhas tem sido ainda a falta de comunicação entre agricultores e apicultores» para «definição em conjunto de locais seguros para implantação do apiário». </span></p>
<p><span style="font-size: large;">Em São Paulo, um estudo do Colmeia Viva em parceria com a Universidade Estadual Paulista (Unesp) e Universidade Federal de São Carlos (Ufscar), detectou as mortes causadas por agrotóxicos, a «maioria era por uso incorreto de uso fora da lavoura, relatos de uso para controle de formigas e carrapatos na pecuária e contaminação intencional das abelhas».</span></p>
<p><span style="font-size: large;">Porém, mesmo com o uso em doses recomendadas pela bula, agrotóxicos podem encurtar a vida das abelhas em até 50% do tempo e modificar seu comportamento. Um estudo com apoio da Fundação de Amparo à Pesquisa do Estado de São Paulo (Fapesp) com as mesmas universidades parceiras do Colmeia Viva e a Universidade de São Paulo (USP) foi publicado na revista Scientific Reports.</span></p>
<p><span style="font-size: large;">Por este motivo, outros pesquisadores enxergam na agricultura sem defensivos a saída para a preservação das abelhas. </span></p>
<p><span style="font-size: large;">A saída ideal é a agroecologia, buscando métodos sem agrotóxicos. Nenhuma das diversas técnicas de produção limpa impede o uso em larga escala — explica o pesquisador da Embrapa Clima Temperado, Luis Fernando Wolff. </span></p>
<p>Abelhas também funcionam como alerta para a saúde do ambiente.</p>
<p><span style="font-size: large;">Abelhas são reconhecidos indicadores ambientais e estão indicando que há algo errado com o uso dos agrotóxicos. Um uso incentivado com a liberação de novos 290 agrotóxicos pelo governo de Jair Bolsonaro (PSL) — explica Althen Teixeira Filho, médico veterinário e professor do Instituto de Biologia da Universidade Federal de Pelotas (UFPel).</span></p>
<p><span style="font-size: large;">Mais do que produzir mel, as abelhas são essenciais para existam alimentos para consumo humano. Elas são necessárias para três entre quatro tipos de alimentos, como as frutas, precisam de algum tipo de polinização, segundo a FAO, braço da ONU para agricultura e alimentação.</span></p>
<p><span style="font-size: large;">As abelhas nos prestam um serviço inestimável: a polinização. É o que nos garante alimentação. É o que chamamos de segurança alimentar. Está ligado ao direito fundamental, que é a vida, e por isso também é uma questão de direitos humanos — diz Jair Krischke, presidente do Movimento de Justiça e Direitos Humanos (MJDH), que também assina a representação entregue ao MPF.</span></p>

<p>Laudo mostra que agrotóxicos causaram morte de milhões de abelhas no RS Fonte: https://gauchazh.clicrbs.com.br/economia/campo-e-lavoura/noticia/2019/07/laudo-mostra-que-agrotoxicos-causaram-morte-de-milhoes-de-abelhas-no-rs-cjyhei8yp008701k0q6pdxkpm.html Mortandade ocorreu nas cidades de Mata, Santiago, Jaguari, São José das Missões, Campo Novo e Cruz [&hellip;]</p>
