{"id":3159,"date":"2019-10-11T19:10:14","date_gmt":"2019-10-11T19:10:14","guid":{"rendered":"http:\/\/apacame.org.br\/site\/?page_id=3159"},"modified":"2019-10-11T19:10:14","modified_gmt":"2019-10-11T19:10:14","slug":"artigo-2","status":"publish","type":"page","link":"https:\/\/apacame.org.br\/site\/revista\/mensagem-doce-n-153-setembro-de-2019\/artigo-2\/","title":{"rendered":"Artigo"},"content":{"rendered":"<h1 style=\"text-align: center;\">MANIFESTO DA ABEMEL EM FAVOR DA POLINIZA\u00c7\u00c3O ASSISTIDA<\/h1>\n<blockquote><p>Carlos Pamplona Rehder &#8211; ABEMEL<\/p><\/blockquote>\n<p><b>Rio Claro, 10 de julho de 2019.<br \/>\nOf\u00edcio n\u00ba. 019\/2019<br \/>\nAo Minist\u00e9rio da Agricultura, Pecu\u00e1ria e Abastecimento \u2013 MAPA. \u00c0 Ministra da Agricultura<br \/>\nExma. Sra. Tereza Cristina C\u00f4rrea da Costa Dias<\/b><\/p>\n<p><span style=\"font-size: large;\"><a href=\"https:\/\/apacame.org.br\/site\/wp-content\/uploads\/2019\/10\/Logo-ABEMEL.jpg\"><img fetchpriority=\"high\" decoding=\"async\" class=\"alignright size-medium wp-image-3160\" src=\"https:\/\/apacame.org.br\/site\/wp-content\/uploads\/2019\/10\/Logo-ABEMEL-300x300.jpg\" alt=\"Logo-ABEMEL\" width=\"300\" height=\"300\" srcset=\"https:\/\/apacame.org.br\/site\/wp-content\/uploads\/2019\/10\/Logo-ABEMEL-300x300.jpg 300w, https:\/\/apacame.org.br\/site\/wp-content\/uploads\/2019\/10\/Logo-ABEMEL-150x150.jpg 150w, https:\/\/apacame.org.br\/site\/wp-content\/uploads\/2019\/10\/Logo-ABEMEL-100x100.jpg 100w, https:\/\/apacame.org.br\/site\/wp-content\/uploads\/2019\/10\/Logo-ABEMEL-500x500.jpg 500w, https:\/\/apacame.org.br\/site\/wp-content\/uploads\/2019\/10\/Logo-ABEMEL.jpg 561w\" sizes=\"(max-width: 300px) 100vw, 300px\" \/><\/a>A C\u00e2mara Setorial da Apicultura da Secretaria do Estado de S\u00e3o Paulo inovou e criou um plano de longo prazo (10 anos) para desenvolver a agricultura paulista atrav\u00e9s de um novo insumo agr\u00edcola. Esse insumo agr\u00edcola, se implementado, injetar\u00e1 R$ 2 bilh\u00f5es de produtos agr\u00edcolas a mais na economia paulista por ano, poderia ser R$ 20 bilh\u00f5es em 10 anos. O investimento seria da ordem de R$ 450 milh\u00f5es. O payback do projeto \u00e9 em menos de 1 ano. Se estendermos para o Brasil, este projeto geraria 60 bilh\u00f5es anuais ou 600 bilh\u00f5es em 10 anos, equivalente a uma \u201cmini\u201d reforma da previd\u00eancia.<\/span><\/p>\n<p><span style=\"font-size: large;\">Esse novo insumo que faria uma revolu\u00e7\u00e3o sustent\u00e1vel na agricultura \u00e9 a POLINIZA\u00c7\u00c3O ASSISTIDA.<\/span><\/p>\n<p><span style=\"font-size: large;\">Os servi\u00e7os de poliniza\u00e7\u00e3o s\u00e3o necess\u00e1rios para quase 80% das culturas de frutas, hort\u00edcolas e sementes cultivadas nos Estados Unidos (MCGREGOR, 1976; BUCHMANN E NABHAN, 1996).<\/span><\/p>\n<p><span style=\"font-size: large;\">O valor econ\u00f4mico total da poliniza\u00e7\u00e3o no mundo somou 153 bilh\u00f5es de euros, que representaram 9,5% do valor da produ\u00e7\u00e3o agr\u00edcola mundial para alimenta\u00e7\u00e3o humana em 2005 (GALLAI ET AL., 2009). Klein et al. (2007) estabeleceram que 87 culturas agr\u00edcolas, isto \u00e9, 70% das 124 principais culturas usadas diretamente para consumo humano no mundo, s\u00e3o dependentes de polinizadores.<\/span><\/p>\n<p><span style=\"font-size: large;\">Nos Estados Unidos, o valor da poliniza\u00e7\u00e3o paga pelo agricultor, por meio de aluguel de col\u00f4nias, alcan\u00e7ou em 2017 o valor de US$ 319 milh\u00f5es, para todas as culturas, de acordo com USDA. Por exemplo, a poliniza\u00e7\u00e3o da cultura de am\u00eandoas em 2019 foi feita com 2,1 milh\u00f5es de colmeias alugadas e transportadas de todo territ\u00f3rio americano para os pomares do vale central da Calif\u00f3rnia, pelo valor de US$ 200 por colmeia, em um total de US$ 420 milh\u00f5es.<\/span><\/p>\n<p><span style=\"font-size: large;\">No caso do Brasil, o valor de produ\u00e7\u00e3o anual de algumas culturas est\u00e1 dispon\u00edvel no s\u00edtio da Internet do Instituto Brasileiro de Geografia e Estat\u00edstica (IBGE). Foi poss\u00edvel estabelecer o valor da poliniza\u00e7\u00e3o para apenas 44 culturas, que possu\u00edam tanto a depend\u00eancia quanto o valor da produ\u00e7\u00e3o definidos. A produ\u00e7\u00e3o total dessas 44 culturas no ano de 2013 (ano para o qual foi feita a avalia\u00e7\u00e3o) foi de aproximadamente 45 bilh\u00f5es de d\u00f3lares. O valor econ\u00f4mico da poliniza\u00e7\u00e3o obtido para essas culturas no mesmo per\u00edodo foi de aproximadamente 12 bilh\u00f5es de d\u00f3lares, o que equivale a quase 30% do valor total (Giannini et al, 2015a6).<\/span><\/p>\n<p><span style=\"font-size: large;\">Nosso foco principal no Estado de S\u00e3o Paulo s\u00e3o: laranja e caf\u00e9 e soja. Queremos polinizar 100% do caf\u00e9, 80% da laranja para suco e 30% da soja.<\/span><\/p>\n<p><span style=\"font-size: large;\">Nossa miss\u00e3o \u00e9 aumentar a produtividade com sustentabilidade e reduzir a mortandade de abelhas.<\/span><\/p>\n<p><span style=\"font-size: large;\">A poliniza\u00e7\u00e3o \u00e9 o processo que garante a produ\u00e7\u00e3o de frutos e sementes e a reprodu\u00e7\u00e3o de diversas plantas, sendo um dos principais mecanismos de manuten\u00e7\u00e3o e promo\u00e7\u00e3o da biodiversidade na Terra.<\/span><\/p>\n<p><span style=\"font-size: large;\">As abelhas s\u00e3o os agentes mais adaptados, mais eficientes e, portanto, os mais importantes no processo de poliniza\u00e7\u00e3o, havendo grande interdepend\u00eancia entre esp\u00e9cies de plantas e seus respectivos polinizadores, que podem ser \u00fanicos.<\/span><\/p>\n<p><span style=\"font-size: large;\"><b>Estudos Cient\u00edficos realizados com a Poliniza\u00e7\u00e3o:<\/b><br \/>\n<span style=\"font-size: large;\"><b>CAF\u00c9<\/b><br \/>\n<span style=\"font-size: large;\"><b>H\u00e1 estudos realizados com caf\u00e9, por Blandina indica:<\/b><\/span><\/span><\/span><\/p>\n<p><span style=\"font-size: large;\">O estudo da poliniza\u00e7\u00e3o assistida em caf\u00e9, que analisou duas \u00e1reas com mesma produtividade hist\u00f3rica e em uma foram inclu\u00eddas em uma delas abelhas e realizamos o processo da poliniza\u00e7\u00e3o assistida, demonstrou que em tr\u00eas propriedades analisadas o peso m\u00e9dio de cada gr\u00e3o de caf\u00e9 foi significativamente maior no hectare com servi\u00e7o de poliniza\u00e7\u00e3o. A variedade \u2018Catua\u00ed Vermelho\u2019 aumentou o peso m\u00e9dio de cada semente em aproximadamente 11%, enquanto a variedade \u2018Mundo Novo\u2019 aumentou aproximadamente 13%.<\/span><\/p>\n<p><span style=\"font-size: large;\">Quanto \u00e0 quantidade de litros (de caf\u00e9 verde), os hectares que tiveram o servi\u00e7o de poliniza\u00e7\u00e3o assistida e inteligente produziram significativamente mais gr\u00e3os de caf\u00e9 do que os hectares sem o servi\u00e7o de poliniza\u00e7\u00e3o. Esse aumento foi de aproximadamente 49,2% para a variedade \u2018Catua\u00ed Vermelho\u2019 (caf\u00e9 de sequeiro) e de mais de 107,7% para a variedade \u2018Mundo Novo\u2019 (caf\u00e9 irrigado). O propriet\u00e1rio da primeira \u00e1rea disse que \u201csomente acreditou no resultado, porque ajudou a colher o caf\u00e9 do experimento e viu a quantidade produzida\u201d (estudo realizado pela AGROBEE, projeto financiado pela FAPESP\/FINEP 2018-2019 \u2013 processos n. 2017\/50362-7 e 2017\/07848-6).<\/span><\/p>\n<p><span style=\"font-size: large;\"><b>SOJA<\/b><\/span><\/p>\n<p><span style=\"font-size: large;\">H\u00e1 estudos mostrando que a poliniza\u00e7\u00e3o da soja pode aumentar a produtividade de 10% a 40%, dependendo da variedade de soja.<\/span><\/p>\n<p><span style=\"font-size: large;\">A exemplo de um estudo realizado por Rehder (2012), com soja var. NIDERA 5909 houve aumento de 21,7% no peso colhido da soja. Al\u00e9m disso, concluiu-se que na \u00e1rea com livre visita\u00e7\u00e3o para abelhas mel\u00edferas e insetos observou-se um aumento de 36,7% no n\u00famero de vagens, e 34,8% no n\u00famero total de sementes em rela\u00e7\u00e3o ao tratamento controle (coberto por gaiola).<\/span><\/p>\n<p><span style=\"font-size: large;\">Outro estudo realizado por Milfont (2012), na Chapada do Apodi, Limoeiro do Norte, Cear\u00e1, mostrou incremento de produtividade da soja (Glycine max (L.) Merril) cv. BRS Carna\u00faba com diferen\u00e7a estatisticamente significativa (p&lt;0,05) entre os tratamentos. A \u00e1rea aberta com introdu\u00e7\u00e3o de abelhas mel\u00edferas no centro do plantio mostrou um maior incremento na produ\u00e7\u00e3o (p&lt;0,05) quando comparado aos tratamentos da \u00e1rea aberta e da \u00e1rea fechada por gaiola. A produ\u00e7\u00e3o de 3553,4 Kg\/ha representou um aumento de 18,3% e 25,8% em rela\u00e7\u00e3o \u00e0 \u00e1rea aberta e a \u00e1rea fechada por gaiola,<\/span><\/p>\n<p><span style=\"font-size: large;\"><b>LARANJA<\/b><\/span><\/p>\n<p><span style=\"font-size: large;\">As flores visitadas pelos insetos produziram maior quantidade de frutos (aumento de 35,30%), frutos mais pesados (180,2g), mais doces (1,164g de \u00e1c. c\u00edtrico\/100g de amostra) e com maior n\u00famero m\u00e9dio de sementes por gomo (1 semente\/gomo) que as flores n\u00e3o visitadas pelos insetos.<\/span><\/p>\n<p><span style=\"font-size: large;\">Wafa e Ibrahim (1960) mostraram um aumento de 31% na produ\u00e7\u00e3o de frutos em laranjeiras visitadas pelas abelhas com 22% de aumento no peso dos frutos, 33% de aumento na quantidade de suco (sem mudan\u00e7a alguma em s\u00f3lidos) e 36% de aumento no n\u00famero de sementes.<\/span><\/p>\n<p><span style=\"font-size: large;\">Interessante salientar que tanto no caso da poliniza\u00e7\u00e3o da laranja, do caf\u00e9 e da soja, h\u00e1 o ganho na produ\u00e7\u00e3o de mel. Inclusive poucas pessoas conhecem, mas o mel de caf\u00e9 tem um sabor especial.<\/span><\/p>\n<p><span style=\"font-size: large;\">A promo\u00e7\u00e3o da poliniza\u00e7\u00e3o gerar\u00e1 benef\u00edcios diretos e indiretos para todo o agroneg\u00f3cio e meio ambiente:<br \/>\n<span style=\"font-size: large;\">\u2022 Redu\u00e7\u00e3o da mortandade de abelhas<\/span><\/span><\/p>\n<p><span style=\"font-size: large;\">\u2022 Aumento da produtividade agr\u00edcola<\/span><\/p>\n<p><span style=\"font-size: large;\">\u2022 Produ\u00e7\u00e3o ecologicamente sustent\u00e1vel<\/span><\/p>\n<p><span style=\"font-size: large;\">\u2022 Redu\u00e7\u00e3o da pegada de carbono<\/span><\/p>\n<p><span style=\"font-size: large;\">\u2022 Redu\u00e7\u00e3o da pegada h\u00eddrica<\/span><\/p>\n<p><span style=\"font-size: large;\">\u2022 Rela\u00e7\u00e3o de ganhos m\u00fatuos entre produtores agr\u00edcolas e criadores de Abelhas<\/span><\/p>\n<p><span style=\"font-size: large;\">Conforme tabela abaixo, este projeto geraria 60 bilh\u00f5es anuais ou 600 bilh\u00f5es em 10 anos, equivalente a uma \u201cmini\u201d reforma da previd\u00eancia.<\/span><\/p>\n<p><a href=\"https:\/\/apacame.org.br\/site\/wp-content\/uploads\/2019\/10\/Quadro-1.jpg\"><img decoding=\"async\" class=\"aligncenter size-large wp-image-3161\" src=\"https:\/\/apacame.org.br\/site\/wp-content\/uploads\/2019\/10\/Quadro-1-1024x600.jpg\" alt=\"Quadro-1\" width=\"1024\" height=\"600\" srcset=\"https:\/\/apacame.org.br\/site\/wp-content\/uploads\/2019\/10\/Quadro-1-1024x600.jpg 1024w, https:\/\/apacame.org.br\/site\/wp-content\/uploads\/2019\/10\/Quadro-1-300x176.jpg 300w, https:\/\/apacame.org.br\/site\/wp-content\/uploads\/2019\/10\/Quadro-1-150x88.jpg 150w, https:\/\/apacame.org.br\/site\/wp-content\/uploads\/2019\/10\/Quadro-1-500x293.jpg 500w, https:\/\/apacame.org.br\/site\/wp-content\/uploads\/2019\/10\/Quadro-1.jpg 1616w\" sizes=\"(max-width: 1024px) 100vw, 1024px\" \/><\/a><\/p>\n<p><span style=\"font-size: large;\"><b>DEMANDAS:<\/b><\/span><\/p>\n<p><span style=\"font-size: large;\"><b>Abelhas na Educa\u00e7\u00e3o<\/b><\/span><\/p>\n<p><span style=\"font-size: large;\"><b>Habilita\u00e7\u00e3o para aplicadores de agrot\u00f3xicos:<\/b> Habilitar aplicadores de agrot\u00f3xicos (seja de pulveriza\u00e7\u00e3o tratorizada, a\u00e9rea e equivalentes) atrav\u00e9s de curso de poliniza\u00e7\u00e3o. Constando, mas n\u00e3o se restringido a:<\/span><\/p>\n<p><span style=\"font-size: large;\">\u2022 Rela\u00e7\u00f5es de depend\u00eancia das Abelhas na reprodu\u00e7\u00e3o vegetal;<\/span><\/p>\n<p><span style=\"font-size: large;\">\u2022 Potencial de aumento na produtividade da cultura agr\u00edcola atrav\u00e9s da poliniza\u00e7\u00e3o;<\/span><\/p>\n<p><span style=\"font-size: large;\">\u2022 Manejo dos agrot\u00f3xicos nos cultivos de maneira segura, prevenindo a morte das abelhas;<\/span><\/p>\n<p><span style=\"font-size: large;\">\u2022 Coexist\u00eancia entre polinizadores, cultivos e o uso de agrot\u00f3xicos.<\/span><\/p>\n<p><span style=\"font-size: large;\"><b>Abelhas no curr\u00edculo das profiss\u00f5es:<\/b> Inserir na grade curricular de curso superior mat\u00e9rias relacionadas \u00e0s Abelhas, quais sendo, mas n\u00e3o se restringido \u00e0: apicultura, poliniza\u00e7\u00e3o, servi\u00e7os ambientais das abelhas, abelhas como insumo agr\u00edcola noaumento da produtividade, o cuidado com as abelhas na aplica\u00e7\u00e3o de agrot\u00f3xicos. Os cursos que dever\u00e3o apresentar tal curr\u00edculo, mas n\u00e3o se restringido a estes:<\/span><\/p>\n<p><span style=\"font-size: large;\">\u2022 Agronomia, \u2022 Agroecologia, \u2022 Biologia, \u2022 Medicina Veterin\u00e1ria, \u2022 Zoologia, \u2022 Zootecnia, entre outros.<\/span><\/p>\n<p><span style=\"font-size: large;\"><b>Curso de poliniza\u00e7\u00e3o para de assist\u00eancia t\u00e9cnica:<\/b> Criar curso especializado em POLINIZA\u00c7\u00c3O para t\u00e9cnicos agr\u00edcolas estaduais de assist\u00eancia t\u00e9cnica (CDRS\/EPAGRI\/EMATER) para que estes fomentem que os fazendeiros (donos da terra) a criarem abelhas em suas reservas legais para assim polinizar suas culturas agr\u00edcolas e ainda trazendo mais renda de uma \u00e1rea que n\u00e3o \u00e9 explorada economicamente hoje com a produ\u00e7\u00e3o de mel.<\/span><\/p>\n<p><span style=\"font-size: large;\"><b>Abelhas como insumo na Agricultura<\/b><\/span><\/p>\n<p><span style=\"font-size: large;\"><b>ABC:<\/b> Inserir a poliniza\u00e7\u00e3o por abelhas e melipon\u00eddeos no Plano ABC &#8211; Agricultura de Baixa Emiss\u00e3o de Carbono (Plano Setorial de Mitiga\u00e7\u00e3o e de Adapta\u00e7\u00e3o \u00e0s Mudan\u00e7as Clim\u00e1ticas para Consolida\u00e7\u00e3o de uma Economia de Baixa Emiss\u00e3o de Carbono na Agricultura).<\/span><\/p>\n<p><span style=\"font-size: large;\"><b>Embalagem:<\/b> Regulamentar informa\u00e7\u00e3o pictogr\u00e1fica na bula e embalagens de agrot\u00f3xicos constando: abelha x risco de toxicidade.<\/span><\/p>\n<p><span style=\"font-size: large;\"><b>Cadastro NACIONAL \u00daNICO na INTERNET de criadores de abelhas pelo MAPA:<\/b> Integrar em plataforma online os cadastros dos apicultores realizados nas OESA estaduais e municipais. Com isso viabilizar a centraliza\u00e7\u00e3o e disponibiliza\u00e7\u00e3o de estat\u00edsticas de produ\u00e7\u00e3o ap\u00edcola, assim como dados de diagn\u00f3stico da mortandade das abelhas, facilitando a tomada de a\u00e7\u00f5es para mitigar o problema.<\/span><\/p>\n<p><span style=\"font-size: large;\"><b>Integra\u00e7\u00e3o Agricultura x Abelha:<\/b> Muitos projetos de integra\u00e7\u00e3o entre a apicultura e diversos cultivos agr\u00edcolas t\u00eam obtido resultados positivos na melhoria da produ\u00e7\u00e3o ap\u00edcola e a mitiga\u00e7\u00e3o da mortandade das abelhas (exemplos em Eucalipto e Cana). Fomentar que grandes cooperativas agr\u00edcolas criem projetos de integra\u00e7\u00e3o com as abelhas, como projeto de responsabilidade ambiental e social.<\/span><\/p>\n<p><span style=\"font-size: large;\">Indeniza\u00e7\u00e3o de criadores de Abelhas: Quando verificado o uso indevido dos agrot\u00f3xicos, por formas previstas ou imprevistas comprovadas pelos \u00f3rg\u00e3os de defesa sanit\u00e1ria animal, ou ambiental, das esferas municipal, estadual ou federal, sujeitar\u00e1 aos respons\u00e1veis a aplica\u00e7\u00e3o das penalidades legais e ressarcimento imediato aos criadores de abelhas, de material e enxames, ao valor atual praticado pelo mercado.<\/span><\/p>\n<p><span style=\"font-size: large;\">\u2022 Usar as abelhas como Bio-indicador: Integrar a produ\u00e7\u00e3o prim\u00e1ria ap\u00edcola ao Plano Nacional de Controle de Res\u00edduos &#8211; (PNCR\/MAPA), como forma de diagnosticar a contamina\u00e7\u00e3o (de doses letais e sub-letais) das abelhas e dos produtos das abelhas por agrot\u00f3xicos, e ainda mais, como ferramenta indicativa de contamina\u00e7\u00e3o ambiental. Por protocolo de amostragem adotar coleta de abelhas, mel e cera, e realizar a an\u00e1lise de amostras coletadas em todos os estados brasileiros.<\/span><\/p>\n<p><span style=\"font-size: large;\">\u2022 For\u00e7a Tarefa Mortandade: Desenvolver nas DEFESAS ESTADUAIS uma for\u00e7a tarefa para an\u00e1lise de todos os casos notificados de mortandade com resposta de 24 horas da notifica\u00e7\u00e3o<\/span><\/p>\n<p><span style=\"font-size: large;\"><b>Problemas burocr\u00e1ticos na gest\u00e3o governamental<\/b><\/span><\/p>\n<p><span style=\"font-size: large;\">Desburocratiza\u00e7\u00e3o procedimentos junto ao MAPA;<\/span><\/p>\n<p><span style=\"font-size: large;\">\u2022 Centrais de certifica\u00e7\u00e3o sem funcionamento, que n\u00e3o conseguem fazer CSI (DCPOA).<\/span><\/p>\n<p><span style=\"font-size: large;\">\u2022 Excesso de rigor dos funcion\u00e1rios do MAPA junto aos entrepostos a produtos de baixo risco de sa\u00fade p\u00fablica.<\/span><\/p>\n<p><span style=\"font-size: large;\">\u2022 Quantidade excessiva de documentos probat\u00f3rios sobre embarque para realiza\u00e7\u00e3o de CSI.<\/span><\/p>\n<p><span style=\"font-size: large;\">\u2022 Problemas com lacre de exporta\u00e7\u00e3o para embarques menores de um container.<\/span><\/p>\n<p><span style=\"font-size: large;\">\u2022 Problemas com an\u00e1lises de laborat\u00f3rio LANAGRO, com procedimentos e m\u00e9todos equivocados.<\/span><\/p>\n<p><span style=\"font-size: large;\">\u2022 Desburocratiza\u00e7\u00e3o do processo junto ao MAPA para a importa\u00e7\u00e3o de geleia real fresca e liofilizada para suprimento do mercado interno.<\/span><\/p>\n<p><span style=\"font-size: large;\">\u2022 Est\u00edmulo ao consumo de mel e demais derivados ap\u00edcolas no pa\u00eds, atrav\u00e9s da inclus\u00e3o na merenda escolar.<\/span><\/p>\n<p><span style=\"font-size: large;\">Trabalho em conjunto entre MAPA e Apex-Brasil para fomento de a\u00e7\u00f5es de exporta\u00e7\u00e3o de mel.<\/span><\/p>\n<p><span style=\"font-size: large;\">Criar regras para rotulagem de produtos que tenham mel em sua formula\u00e7\u00e3o. Todo produto que contiver mel deve especificar na rotulagem a porcentagem de mel. Isso deve ser para todos os produtos aliment\u00edcios. Legisla\u00e7\u00e3o da Anvisa. Assim para evitar mal informa\u00e7\u00e3o do consumidor.<\/span><\/p>\n","protected":false},"excerpt":{"rendered":"<p>MANIFESTO DA ABEMEL EM FAVOR DA POLINIZA\u00c7\u00c3O ASSISTIDA Carlos Pamplona Rehder &#8211; ABEMEL Rio Claro, 10 de julho de 2019. Of\u00edcio n\u00ba. 019\/2019 Ao Minist\u00e9rio da Agricultura, Pecu\u00e1ria e Abastecimento [&hellip;]<\/p>\n","protected":false},"author":20,"featured_media":0,"parent":3143,"menu_order":0,"comment_status":"open","ping_status":"open","template":"","meta":{"pmpro_default_level":"","_price":"","_stock":"","_tribe_ticket_header":"","_tribe_default_ticket_provider":"","_tribe_ticket_capacity":"0","_ticket_start_date":"","_ticket_end_date":"","_tribe_ticket_show_description":"","_tribe_ticket_show_not_going":false,"_tribe_ticket_use_global_stock":"","_tribe_ticket_global_stock_level":"","_global_stock_mode":"","_global_stock_cap":"","_tribe_rsvp_for_event":"","_tribe_ticket_going_count":"","_tribe_ticket_not_going_count":"","_tribe_tickets_list":"[]","_tribe_ticket_has_attendee_info_fields":false,"cybocfi_hide_featured_image":"","footnotes":""},"class_list":["post-3159","page","type-page","status-publish","hentry","pmpro-has-access"],"_links":{"self":[{"href":"https:\/\/apacame.org.br\/site\/wp-json\/wp\/v2\/pages\/3159"}],"collection":[{"href":"https:\/\/apacame.org.br\/site\/wp-json\/wp\/v2\/pages"}],"about":[{"href":"https:\/\/apacame.org.br\/site\/wp-json\/wp\/v2\/types\/page"}],"author":[{"embeddable":true,"href":"https:\/\/apacame.org.br\/site\/wp-json\/wp\/v2\/users\/20"}],"replies":[{"embeddable":true,"href":"https:\/\/apacame.org.br\/site\/wp-json\/wp\/v2\/comments?post=3159"}],"version-history":[{"count":2,"href":"https:\/\/apacame.org.br\/site\/wp-json\/wp\/v2\/pages\/3159\/revisions"}],"predecessor-version":[{"id":3163,"href":"https:\/\/apacame.org.br\/site\/wp-json\/wp\/v2\/pages\/3159\/revisions\/3163"}],"up":[{"embeddable":true,"href":"https:\/\/apacame.org.br\/site\/wp-json\/wp\/v2\/pages\/3143"}],"wp:attachment":[{"href":"https:\/\/apacame.org.br\/site\/wp-json\/wp\/v2\/media?parent=3159"}],"curies":[{"name":"wp","href":"https:\/\/api.w.org\/{rel}","templated":true}]}}