{"id":3095,"date":"2019-08-13T14:12:04","date_gmt":"2019-08-13T14:12:04","guid":{"rendered":"http:\/\/apacame.org.br\/site\/?page_id=3095"},"modified":"2019-08-13T14:17:31","modified_gmt":"2019-08-13T14:17:31","slug":"artigo-4","status":"publish","type":"page","link":"https:\/\/apacame.org.br\/site\/revista\/mensagem-doce-n-152-julho-de-2019\/artigo-4\/","title":{"rendered":"Artigo"},"content":{"rendered":"<h1 style=\"text-align: center;\">Fran\u00e7a se torna o primeiro pa\u00eds a proibir todos os cinco pesticidas ligados \u00e0 morte de abelhas<\/h1>\n<blockquote><p>Fonte: <a href=\"https:\/\/www.revistasaberesaude.com\/franca-se-torna-o-primeiro-pais-a-proibir-todos-os-cinco-pesticidas\/\" target=\"_blank\" rel=\"noopener\">https:\/\/www.revistasaberesaude.com\/franca-se-torna-o-primeiro-pais-a-proibir-todos-os-cinco-pesticidas\/<\/a><\/p><\/blockquote>\n<p><span style=\"font-size: large;\"><a href=\"https:\/\/apacame.org.br\/site\/wp-content\/uploads\/2019\/08\/Abertura-Franca.png\"><img decoding=\"async\" class=\"alignright size-medium wp-image-3098\" src=\"https:\/\/apacame.org.br\/site\/wp-content\/uploads\/2019\/08\/Abertura-Franca-300x150.png\" alt=\"Abertura-Franca\" width=\"300\" height=\"150\" srcset=\"https:\/\/apacame.org.br\/site\/wp-content\/uploads\/2019\/08\/Abertura-Franca-300x150.png 300w, https:\/\/apacame.org.br\/site\/wp-content\/uploads\/2019\/08\/Abertura-Franca-150x75.png 150w, https:\/\/apacame.org.br\/site\/wp-content\/uploads\/2019\/08\/Abertura-Franca-500x249.png 500w, https:\/\/apacame.org.br\/site\/wp-content\/uploads\/2019\/08\/Abertura-Franca.png 800w\" sizes=\"(max-width: 300px) 100vw, 300px\" \/><\/a>A\u00a0Fran\u00e7a proibiu\u00a0recentemente todos os cinco pesticidas neonicotin\u00f3ides ligados \u00e0 morte de abelhas, e por boas raz\u00f5es; as popula\u00e7\u00f5es de abelhas diminu\u00edram a um ritmo alarmante.<\/span><\/p>\n<p><span style=\"font-size: large;\">Abelhas e outros insetos polinizadores s\u00e3o a raz\u00e3o pela qual podemos desfrutar de coisas como abacates, ma\u00e7\u00e3s, cenouras e manga. Elas s\u00e3o um elo cr\u00edtico em nosso sistema alimentar, com mais de 85% das esp\u00e9cies de plantas do planeta, dependendo da exist\u00eancia de polinizadores. De fato, uma em cada tr\u00eas mordidas de comida que recebemos vem de plantas polinizadas por abelhas e outros polinizadores. Sem abelhas, ter\u00edamos tr\u00eas vezes menos variedades de alimentos para escolher.<\/span><\/p>\n<p><span style=\"font-size: large;\">Embora fatores como a perda de habitat, a seca, a polui\u00e7\u00e3o do ar e o aquecimento global sejam fatores que contribuem para um fen\u00f4meno conhecido como Transtorno do Colapso das Colmeias (CCD), o fator principal e mais significativo s\u00e3o os pesticidas. Isto \u00e9, neonicotin\u00f3ides.<\/span><\/p>\n<p><span style=\"font-size: large;\">O que \u00e9 um neonicotin\u00f3ide?<\/span><\/p>\n<p><span style=\"font-size: large;\">Neonicotinoides\u00a0s\u00e3o uma classe de inseticida quimicamente relacionada \u00e0 nicotina. Como a nicotina, os neonicotinoides atuam em certos tipos de receptores na sinapse nervosa. Eles s\u00e3o extremamente t\u00f3xicos para invertebrados (conhecidos como insetos) do que para mam\u00edferos, p\u00e1ssaros e outros organismos superiores.<\/span><\/p>\n<p><span style=\"font-size: large;\">Existem v\u00e1rios tipos diferentes de neonicotinoides. Esses incluem:<\/span><\/p>\n<p><span style=\"font-size: large;\">\u2013 Acetamiprida<\/span><\/p>\n<p><span style=\"font-size: large;\">\u2013 Clotianidina<\/span><\/p>\n<p><span style=\"font-size: large;\">\u2013 Dinotefurano<\/span><\/p>\n<p><span style=\"font-size: large;\">\u2013 Imidacloprida<\/span><\/p>\n<p><span style=\"font-size: large;\">\u2013 Nitempiram<\/span><\/p>\n<p><span style=\"font-size: large;\">\u2013 Tiaclopride<\/span><\/p>\n<p><span style=\"font-size: large;\">\u2013 Tiametoxam<\/span><\/p>\n<p><span style=\"font-size: large;\">Enquanto os neonicotin\u00f3ides foram inicialmente considerados de baixa toxicidade para insetos ben\u00e9ficos como as abelhas, essa afirma\u00e7\u00e3o logo ficou em quest\u00e3o. Mais de 150 res\u00edduos qu\u00edmicos diferentes foram encontrados no p\u00f3len de abelha, um mortal \u201ccoquetel de pesticidas\u201d, segundo o apicultor da Universidade da Calif\u00f3rnia, Eric Mussen.<\/span><\/p>\n<p><span style=\"font-size: large;\">Empresas como a Bayer (que agora \u00e9 dona da Monsanto), Syngenta, BASF, Dow e DuPont n\u00e3o admitiram que seus produtos qu\u00edmicos contribu\u00edram para o decl\u00ednio das abelhas, apesar das \u00f3bvias liga\u00e7\u00f5es dos neonicotinoides com as mortes de abelhas e desordem de colapso das colmeias. Eles n\u00e3o defendem nenhuma mudan\u00e7a na pol\u00edtica de pesticidas, o que faz sentido, dado o quanto dinheiro deve ser feito com os agricultores em todo o mundo.<\/span><\/p>\n<p><span style=\"font-size: large;\">Transtorno do Colapso das Col\u00f4nias<\/span><\/p>\n<p><span style=\"font-size: large;\">O dist\u00farbio do colapso das col\u00f4nias (CCD) \u00e9 o fen\u00f4meno que ocorre quando a maioria das oper\u00e1rias de uma col\u00f4nia desaparece e deixa para tr\u00e1s uma rainha, toda a comida e algumas enfermeiras para cuidar das abelhas imaturas e da rainha.<\/span><\/p>\n<p><span style=\"font-size: large;\">O que faz com que o CCD n\u00e3o seja completamente entendido. Ele confundiu os cientistas desde que foi descrito pela primeira vez em 2006. Os neonicotinoides t\u00eam sido um grande foco do CCD, mas muitos tamb\u00e9m desacreditaram a liga\u00e7\u00e3o.<\/span><\/p>\n<p><span style=\"font-size: large;\">A\u00a0pesquisa\u00a0do Dr. Alex Lu procurou identificar inseticidas neonicotin\u00f3ides como a causa subjacente do DCC. O estudo estabeleceu 18 colmeias para testar os efeitos de dois neonicotinoides, clotianidina e imidacloprida, de 2012 a 2013. Seis col\u00f4nias foram selecionadas de tr\u00eas locais diferentes no centro de Massachusetts, e doses subletais de cada inseticida foram administradas por via oral nas colmeias atrav\u00e9s de uma solu\u00e7\u00e3o de xarope.<\/span><\/p>\n<p><span style=\"font-size: large;\">O que aconteceu? Seis das doze col\u00f4nias tratadas abandonaram suas colmeias, enquanto apenas uma das seis colmeias de controle abandonou a dela. Embora muitos fatores possam fazer com que uma col\u00f4nia abandone sua colmeia, o fato de as colmeias tratadas com neonicotinoides terem sido abandonadas em 50%, em compara\u00e7\u00e3o com os controles em 16%, faz alguma compara\u00e7\u00e3o significativa.<\/span><\/p>\n<p><span style=\"font-size: large;\">Outros estudos descobriram que os n\u00edveis ambientais de neonicotinoides das fazendas vizinhas n\u00e3o obliteram diretamente as col\u00f4nias de abelhas, mas as matam em um longo per\u00edodo de tempo. Segundo a PBS, \u201cos pesticidas tamb\u00e9m amea\u00e7am as rainhas especialmente, o que significa que as col\u00f4nias t\u00eam taxas reprodutivas mais baixas\u201d.<\/span><\/p>\n<p><span style=\"font-size: large;\">Enquanto a Uni\u00e3o Europeia decidiu proibir tr\u00eas dos cinco pesticidas neonicotinoides ligados \u00e0 morte de abelhas \u2013 clotianidina, imidaclopride e tiametoxam \u2013 a Fran\u00e7a decidiu proibir totalmente os dois exclu\u00eddos pela proibi\u00e7\u00e3o da UE, o tiaclopride e o acetamipride. A proibi\u00e7\u00e3o da Uni\u00e3o Europ\u00e9ia come\u00e7ou em 19 de dezembro de 2018 (4). Exce\u00e7\u00f5es podem ser concedidas at\u00e9 1\u00ba de julho de 2020, mas apenas para pesticidas feitos com acetamipride, e apenas em \u201cpequenas quantidades\u201d, disse o ministro franc\u00eas para a transi\u00e7\u00e3o ecol\u00f3gica.<\/span><\/p>\n<p><span style=\"font-size: large;\">proibi\u00e7\u00e3o da Fran\u00e7a se estende ao uso de todos os cinco pesticidas, tanto em cultivos ao ar livre quanto em estufas.<\/span><\/p>\n<p><span style=\"font-size: large;\">A medida para proibir os cinco pesticidas foi saudada por apicultores e ambientalistas, mas os produtores de cereais e de beterraba sacarina n\u00e3o est\u00e3o muito contentes com isso.<\/span><\/p>\n<p><span style=\"font-size: large;\">Um relat\u00f3rio da ag\u00eancia de sa\u00fade p\u00fablica francesa ANSES disse em maio que havia alternativas \u201csuficientemente eficazes e operacionais\u201d para os neonicotin\u00f3ides usados na Fran\u00e7a. Muitos outros, inclusive eu, acreditam que a proibi\u00e7\u00e3o deve ir mais al\u00e9m. \u201cH\u00e1 pesticidas em todo o lugar\u201d, Fabien Van Hoecke, um apicultor de Saint-Alou\u00e9, na Bretanha, que perdeu 86% de suas abelhas durante o inverno. Embora a proibi\u00e7\u00e3o tenha sido \u201cuma coisa boa, n\u00e3o nos salvar\u00e1\u201d, disse ele \u00e0 AFP, prevendo que assim que esses pesticidas forem retirados, eles ser\u00e3o \u201csubstitu\u00eddos por outros\u201d.<\/span><\/p>\n<p><span style=\"font-size: large;\">Embora isso seja verdade na maioria dos casos que envolvem a proibi\u00e7\u00e3o de certos pesticidas, \u00e0s vezes s\u00e3o necess\u00e1rias medidas para chegar a algum lugar ben\u00e9fico. O uso de todos os herbicidas, pesticidas e fungicidas precisa ser banido, e precisamos come\u00e7ar a trabalhar com a natureza, em vez de contra ela. \u00c9 bem sabido que antigas pr\u00e1ticas agr\u00edcolas est\u00e3o destruindo o solo e o planeta, e somente at\u00e9 come\u00e7armos a aprender a cultivar de uma maneira que respeite o planeta, estaremos realmente a caminho de novos e saud\u00e1veis come\u00e7os.<\/span><\/p>\n","protected":false},"excerpt":{"rendered":"<p>Fran\u00e7a se torna o primeiro pa\u00eds a proibir todos os cinco pesticidas ligados \u00e0 morte de abelhas Fonte: https:\/\/www.revistasaberesaude.com\/franca-se-torna-o-primeiro-pais-a-proibir-todos-os-cinco-pesticidas\/ A\u00a0Fran\u00e7a proibiu\u00a0recentemente todos os cinco pesticidas neonicotin\u00f3ides ligados \u00e0 morte de [&hellip;]<\/p>\n","protected":false},"author":20,"featured_media":0,"parent":3044,"menu_order":0,"comment_status":"open","ping_status":"open","template":"","meta":{"pmpro_default_level":"","_price":"","_stock":"","_tribe_ticket_header":"","_tribe_default_ticket_provider":"","_tribe_ticket_capacity":"0","_ticket_start_date":"","_ticket_end_date":"","_tribe_ticket_show_description":"","_tribe_ticket_show_not_going":false,"_tribe_ticket_use_global_stock":"","_tribe_ticket_global_stock_level":"","_global_stock_mode":"","_global_stock_cap":"","_tribe_rsvp_for_event":"","_tribe_ticket_going_count":"","_tribe_ticket_not_going_count":"","_tribe_tickets_list":"[]","_tribe_ticket_has_attendee_info_fields":false,"cybocfi_hide_featured_image":"","footnotes":""},"class_list":["post-3095","page","type-page","status-publish","hentry","pmpro-has-access"],"_links":{"self":[{"href":"https:\/\/apacame.org.br\/site\/wp-json\/wp\/v2\/pages\/3095"}],"collection":[{"href":"https:\/\/apacame.org.br\/site\/wp-json\/wp\/v2\/pages"}],"about":[{"href":"https:\/\/apacame.org.br\/site\/wp-json\/wp\/v2\/types\/page"}],"author":[{"embeddable":true,"href":"https:\/\/apacame.org.br\/site\/wp-json\/wp\/v2\/users\/20"}],"replies":[{"embeddable":true,"href":"https:\/\/apacame.org.br\/site\/wp-json\/wp\/v2\/comments?post=3095"}],"version-history":[{"count":4,"href":"https:\/\/apacame.org.br\/site\/wp-json\/wp\/v2\/pages\/3095\/revisions"}],"predecessor-version":[{"id":3100,"href":"https:\/\/apacame.org.br\/site\/wp-json\/wp\/v2\/pages\/3095\/revisions\/3100"}],"up":[{"embeddable":true,"href":"https:\/\/apacame.org.br\/site\/wp-json\/wp\/v2\/pages\/3044"}],"wp:attachment":[{"href":"https:\/\/apacame.org.br\/site\/wp-json\/wp\/v2\/media?parent=3095"}],"curies":[{"name":"wp","href":"https:\/\/api.w.org\/{rel}","templated":true}]}}