{"id":29,"date":"2015-08-13T00:57:49","date_gmt":"2015-08-13T00:57:49","guid":{"rendered":"http:\/\/apacame.org.br\/site\/?page_id=29"},"modified":"2023-08-12T16:13:10","modified_gmt":"2023-08-12T16:13:10","slug":"regimento-interno","status":"publish","type":"page","link":"https:\/\/apacame.org.br\/site\/apacame\/regimento-interno\/","title":{"rendered":"Regimento Interno"},"content":{"rendered":"\t\t<div data-elementor-type=\"wp-page\" data-elementor-id=\"29\" class=\"elementor elementor-29\">\n\t\t\t\t\t\t<section class=\"elementor-section elementor-top-section elementor-element elementor-element-a0f303f elementor-section-height-min-height elementor-section-content-middle elementor-section-boxed elementor-section-height-default elementor-section-items-middle\" data-id=\"a0f303f\" data-element_type=\"section\" data-e-type=\"section\" data-settings=\"{&quot;background_background&quot;:&quot;classic&quot;}\">\n\t\t\t\t\t\t<div class=\"elementor-container elementor-column-gap-no\">\n\t\t\t\t\t<div class=\"elementor-column elementor-col-100 elementor-top-column elementor-element elementor-element-7cac1992\" data-id=\"7cac1992\" data-element_type=\"column\" data-e-type=\"column\">\n\t\t\t<div class=\"elementor-widget-wrap elementor-element-populated\">\n\t\t\t\t\t\t<div class=\"elementor-element elementor-element-56903aac elementor-widget elementor-widget-heading\" data-id=\"56903aac\" data-element_type=\"widget\" data-e-type=\"widget\" data-widget_type=\"heading.default\">\n\t\t\t\t<div class=\"elementor-widget-container\">\n\t\t\t\t\t<h2 class=\"elementor-heading-title elementor-size-default\">Associa\u00e7\u00e3o Paulista de Apicultores, Criadores de Abelhas Mel\u00edficas Europ\u00e9ias<\/h2>\t\t\t\t<\/div>\n\t\t\t\t<\/div>\n\t\t\t\t\t<\/div>\n\t\t<\/div>\n\t\t\t\t\t<\/div>\n\t\t<\/section>\n\t\t\t\t<section class=\"elementor-section elementor-top-section elementor-element elementor-element-42321383 elementor-section-boxed elementor-section-height-default elementor-section-height-default\" data-id=\"42321383\" data-element_type=\"section\" data-e-type=\"section\">\n\t\t\t\t\t\t<div class=\"elementor-container elementor-column-gap-no\">\n\t\t\t\t\t<div class=\"elementor-column elementor-col-100 elementor-top-column elementor-element elementor-element-a316c6b\" data-id=\"a316c6b\" data-element_type=\"column\" data-e-type=\"column\">\n\t\t\t<div class=\"elementor-widget-wrap elementor-element-populated\">\n\t\t\t\t\t\t<div class=\"elementor-element elementor-element-2844cff4 elementor-widget elementor-widget-heading\" data-id=\"2844cff4\" data-element_type=\"widget\" data-e-type=\"widget\" data-widget_type=\"heading.default\">\n\t\t\t\t<div class=\"elementor-widget-container\">\n\t\t\t\t\t<h1 class=\"elementor-heading-title elementor-size-default\">Regimento Interno<\/h1>\t\t\t\t<\/div>\n\t\t\t\t<\/div>\n\t\t\t\t<div class=\"elementor-element elementor-element-2f87822 elementor-widget elementor-widget-text-editor\" data-id=\"2f87822\" data-element_type=\"widget\" data-e-type=\"widget\" data-widget_type=\"text-editor.default\">\n\t\t\t\t<div class=\"elementor-widget-container\">\n\t\t\t\t\t\t\t\t\t<p>De acordo com o art. 24, item \u201cc\u201d, do Estatuto Social da \u201cAPACAME\u201d, fica estabelecido o seguinte conjunto de normas para regerem o funcionamento da Associa\u00e7\u00e3o:<\/p>\n<p><br>Art. 1. \u2013 DA ADMISS\u00c3O DE S\u00d3CIOS<br>As pessoas interessadas em filiar-se \u00e0 \u201cAPACAME\u201d devem preencher uma \u2018Ficha de Inscri\u00e7\u00e3o\u2019 que ser\u00e1 submetida \u00e0 aprova\u00e7\u00e3o da Diretoria;<br>A distin\u00e7\u00e3o de s\u00f3cio honor\u00e1rio, categoria prevista no Art. 8 do Estatuto, ser\u00e1 concedidad por ato da Diretoria;<br>Havendo feito o Curso B\u00e1sico de Apicultura ministrado pela entidade, o interessado em filiar-se poder\u00e1 ingressar como s\u00f3cio;<br>Os interessados que n\u00e3o tiverem cursado o Curso B\u00e1sico devem, al\u00e9m de preencher a \u2018Ficha de Inscri\u00e7\u00e3o\u2019, submeter-se a uma entrevista por parte do Departamento T\u00e9cnico, que dar\u00e1 ou n\u00e3o a sua aprova\u00e7\u00e3o;<br>Na admiss\u00e3o de s\u00f3cios correspondentes, os candidatos devem enviar uma descri\u00e7\u00e3o de suas atividades ou dos seus interesses ligados \u00e0 Apicultura.<\/p>\n<p><br>Art. 2 \u2013 DA CONTRIBUI\u00c7\u00c3O DOS S\u00d3CIOS<br>Anualmente, em reuni\u00e3o de Diretoria s\u00e3o fixadas a j\u00f3ia, a anuidade e a forma de pagamento das contribui\u00e7\u00f5es para o exerc\u00edcio seguinte;<br>Os s\u00f3cios honor\u00e1rios acham-se dispensados da obrigatoriedade das contribui\u00e7\u00f5es;<br>O atraso no pagamento da contribui\u00e7\u00f5es acarretar\u00e1 automaticamente o desligamento do associado do quadro de s\u00f3cios.<br><br><\/p>\n<p>Art. 3. \u2013 DAS REUNI\u00d5ES GERAIS DA ASSOCIA\u00c7\u00c3O<br>A Associa\u00e7\u00e3o ter\u00e1 reuni\u00f5es Mensais, em dia a ser fixado segundo as suas conveniencias, para congregar os associados, transmitir-lhes informa\u00e7\u00f5es t\u00e9cnicas ou de car\u00e1ter geral, ouvir dos associados sugest\u00f5es e reuni\u00f5es, promover intercambio de id\u00e9ias entre os pr\u00f3prios associados e manter um clima de coopera\u00e7\u00e3o geral;<br>As Reuni\u00f5es Gerais n\u00e3o tem o car\u00e1ter de Assembl\u00e9ia e delas podem participar os s\u00f3cios, seus convidados e visitantes.<br><br><\/p>\n<p>Art. 4. \u2013 DAS ASSEMBL\u00c9IAS<br>Somente podem participar das Assembl\u00e9ias, com direito a voz e voto, os associados a ela presentes, em dia com suas contribui\u00e7\u00f5es, fato a ser comprovado mediante a apresenta\u00e7\u00e3o do recibo quitado, exce\u00e7\u00e3o feita aos s\u00f3cios honor\u00e1rios;<br>No in\u00edcio das Assembl\u00e9ias ser\u00e1 lida a Ordem do Dia que incluir\u00e1 os assuntos a serem tratados no decorrer da reuni\u00e3o;<br>Os assuntos que porventura surgirem no decorrer da Assembl\u00e9ia, dever\u00e3o ser apresentados \u00e0 mesa que preside a reuni\u00e3o, que deliberar\u00e1 quanto \u00e0 conveniencia da sua inclus\u00e3o na Ordem do Dia.<\/p><p><br>Art. 5. \u2013 DAS ELEI\u00c7\u00d5ES PARA A DIRETORIA EXECUTIVA<br>Ser\u00e3o considerados eleg\u00edveis para a Diretoria Executiva os s\u00f3cios em dia com as suas contribui\u00e7\u00f5es, filiados \u00e0 Associa\u00e7\u00e3o no m\u00ednimo h\u00e1 2 (dois) anos;<br>Adota-se o sistema de forma\u00e7\u00e3o de chapas constando os nomes dos candidatos aos diversos postos da Diretoria Executiva, chapas essas que dever\u00e3o ser apresentadas \u00e0 Diretoria Executiva com antecedencia de no m\u00ednimo 30 (trinta) dias antes da data das elei\u00e7\u00f5es.<\/p><p><br>Art. 6. \u2013 DA FREQUENCIA DOS DIRETORES E MEMBROS DOS CONSELHOS \u00c0S REUNI\u00d5ES<br>Ser\u00e1 afastado do cargo, o Diretor ou Membro de Conselho que, sem apresentar justificativas, ausentar-se por 3 (tres) reuni\u00f5es consecutivas.<\/p><p><br>Art. 7. \u2013 DOS LIVROS OFICIAIS DE REGISTROS E DOS MATERIAIS E EQUIPAMENTOS DA \u201cAPACAME\u201d<br>Os livros oficiais de registros e os materiais e equipamentos da \u201cAPACAME\u201d s\u00e3o de uso restrito \u00e0s finalidades da Associa\u00e7\u00e3o e o seu manuseio ser\u00e1 feito de acordo com as determina\u00e7\u00f5es da Diretoria ou Departamento T\u00e9cnico.<\/p><p><br>Art. 8. \u2013 DO EMPR\u00c9STIMO DE LIVROS DA BIBLIOTECA<br>Os s\u00f3cios interessados na leitura dos livros da Biblioteca da \u201cAPACAME\u201d dever\u00e3o, ao retir\u00e1-los na sede, assinar a ficha correspondente, responsabilizando-se pela conserva\u00e7\u00e3o e devolu\u00e7\u00e3o dos livros sem danos;<br>O prazo concedido para a leitura dos livros ser\u00e1 estabelecido pela Diretoria.<\/p><p><br>Art. 9. \u2013 DOS CERTIFICADOS DE FREQUENCIA DOS CURSOS PROMOVIDOS PELA \u201cAPACAME\u201d<br>A \u201cAPACAME\u201d conceder\u00e1 certificados de frequencia aos participantes que tiverem comparecido regularmente aos cursos realizados sob a sua responsabilidade.<br>Art. 10. \u2013 DO REGIMENTO INTERNO<br>Mediante entendimentos entre a Diretoria e o Conselho Fiscal, este Regimento Interno ser\u00e1 modificado quando necess\u00e1rio.<br>S\u00e3o Paulo, 31 de Agosto de 1983.<\/p><p><br><\/p>\t\t\t\t\t\t\t\t<\/div>\n\t\t\t\t<\/div>\n\t\t\t\t\t<\/div>\n\t\t<\/div>\n\t\t\t\t\t<\/div>\n\t\t<\/section>\n\t\t\t\t<\/div>\n\t\t","protected":false},"excerpt":{"rendered":"<p>Associa\u00e7\u00e3o Paulista de Apicultores, Criadores de Abelhas Mel\u00edficas Europ\u00e9ias Regimento Interno De acordo com o art. 24, item \u201cc\u201d, do Estatuto Social da \u201cAPACAME\u201d, fica estabelecido o seguinte conjunto de [&hellip;]<\/p>\n","protected":false},"author":1,"featured_media":0,"parent":15,"menu_order":0,"comment_status":"open","ping_status":"open","template":"","meta":{"pmpro_default_level":"","_price":"","_stock":"","_tribe_ticket_header":"","_tribe_default_ticket_provider":"","_tribe_ticket_capacity":"0","_ticket_start_date":"","_ticket_end_date":"","_tribe_ticket_show_description":"","_tribe_ticket_show_not_going":false,"_tribe_ticket_use_global_stock":"","_tribe_ticket_global_stock_level":"","_global_stock_mode":"","_global_stock_cap":"","_tribe_rsvp_for_event":"","_tribe_ticket_going_count":"","_tribe_ticket_not_going_count":"","_tribe_tickets_list":"[]","_tribe_ticket_has_attendee_info_fields":false,"cybocfi_hide_featured_image":"","footnotes":""},"class_list":["post-29","page","type-page","status-publish","hentry","pmpro-has-access"],"_links":{"self":[{"href":"https:\/\/apacame.org.br\/site\/wp-json\/wp\/v2\/pages\/29"}],"collection":[{"href":"https:\/\/apacame.org.br\/site\/wp-json\/wp\/v2\/pages"}],"about":[{"href":"https:\/\/apacame.org.br\/site\/wp-json\/wp\/v2\/types\/page"}],"author":[{"embeddable":true,"href":"https:\/\/apacame.org.br\/site\/wp-json\/wp\/v2\/users\/1"}],"replies":[{"embeddable":true,"href":"https:\/\/apacame.org.br\/site\/wp-json\/wp\/v2\/comments?post=29"}],"version-history":[{"count":8,"href":"https:\/\/apacame.org.br\/site\/wp-json\/wp\/v2\/pages\/29\/revisions"}],"predecessor-version":[{"id":5956,"href":"https:\/\/apacame.org.br\/site\/wp-json\/wp\/v2\/pages\/29\/revisions\/5956"}],"up":[{"embeddable":true,"href":"https:\/\/apacame.org.br\/site\/wp-json\/wp\/v2\/pages\/15"}],"wp:attachment":[{"href":"https:\/\/apacame.org.br\/site\/wp-json\/wp\/v2\/media?parent=29"}],"curies":[{"name":"wp","href":"https:\/\/api.w.org\/{rel}","templated":true}]}}