{"id":2895,"date":"2019-04-25T20:35:09","date_gmt":"2019-04-25T20:35:09","guid":{"rendered":"http:\/\/apacame.org.br\/site\/?page_id=2895"},"modified":"2019-04-25T20:35:09","modified_gmt":"2019-04-25T20:35:09","slug":"homenagem-5","status":"publish","type":"page","link":"https:\/\/apacame.org.br\/site\/revista\/mensagem-doce-n-150-marco-de-2019\/homenagem-5\/","title":{"rendered":"Homenagem"},"content":{"rendered":"<h1 style=\"text-align: center;\">Carlos Chociai,<br \/>\napicultor, meliponicultor<br \/>\ne conservacionista<\/h1>\n<blockquote><p>Vera Lucia Imperatriz-Fonseca (vlifonse@ib.usp.br) &#8211; Professora S\u00eanior da USP. Laborat\u00f3rio de Abelhas<\/p><\/blockquote>\n<figure id=\"attachment_2896\" aria-describedby=\"caption-attachment-2896\" style=\"width: 267px\" class=\"wp-caption alignright\"><a href=\"https:\/\/apacame.org.br\/site\/wp-content\/uploads\/2019\/04\/Figura-1-Chociai.jpg\"><img fetchpriority=\"high\" decoding=\"async\" class=\"size-full wp-image-2896\" src=\"https:\/\/apacame.org.br\/site\/wp-content\/uploads\/2019\/04\/Figura-1-Chociai.jpg\" alt=\"Carlos Chociai (18\/02\/1949 - 28\/11\/2017) com frutos de macadamia que ele cultivava na regi\u00e3o de Prudent\u00f3polis.\" width=\"267\" height=\"379\" srcset=\"https:\/\/apacame.org.br\/site\/wp-content\/uploads\/2019\/04\/Figura-1-Chociai.jpg 267w, https:\/\/apacame.org.br\/site\/wp-content\/uploads\/2019\/04\/Figura-1-Chociai-211x300.jpg 211w, https:\/\/apacame.org.br\/site\/wp-content\/uploads\/2019\/04\/Figura-1-Chociai-150x213.jpg 150w\" sizes=\"(max-width: 267px) 100vw, 267px\" \/><\/a><figcaption id=\"caption-attachment-2896\" class=\"wp-caption-text\">Carlos Chociai (18\/02\/1949 &#8211; 28\/11\/2017) com<br \/>frutos de macadamia que ele cultivava na<br \/>regi\u00e3o de Prudent\u00f3polis.<\/figcaption><\/figure>\n<p><span style=\"font-size: large;\">Conheci Carlos Chociai e Jo\u00e3o Seabra na d\u00e9cada de 80, em um congresso de Apicultura em Vi\u00e7osa. Naquele tempo, o orelh\u00e3o (telefone p\u00fablico) era como nos comunic\u00e1vamos com a fam\u00edlia, e as filas eram longas. Foi assim que come\u00e7ou a conversa e fiquei sabendo que havia uma cidade no Paran\u00e1 que se chamava Prudent\u00f3polis onde o Carlos, que era apicultor, conhecia muitas esp\u00e9cies de abelhas sem ferr\u00e3o e as plantas visitadas por elas. Come\u00e7ou ali um interesse muito grande na \u00e1rea, conhecida pela produ\u00e7\u00e3o de mel de qualidade e \u00e1reas preservadas.<\/span><\/p>\n<p><span style=\"font-size: large;\">Marcamos ent\u00e3o a primeira viagem do grupo de pesquisadores do laborat\u00f3rio de abelhas, com a Professora Astrid Kleinert chefiando o grupo de pesquisadores. Foi o in\u00edcio de uma longa conviv\u00eancia, cercada pela amizade do Carlos e da Regina, sua esposa, e da troca de experi\u00eancias. Publicamos alguns trabalhos sobre a origem floral dos m\u00e9is de Prudent\u00f3polis. Em 1986, no Congresso da Apimondia no Jap\u00e3o levamos amostras de mel que consider\u00e1vamos os melhores da \u00e9poca, e o de vassourinha de Prudent\u00f3polis, que centrifugamos com o Carlos, foi um deles. Fomos premiados, o que trouxe muita alegria a todos. A revista Mensagem Doce fez uma grande reportagem sobre este congresso, um dos mais espetaculares que assisti. Tivemos depois um projeto do CNPq dedicado \u00e0s abelhas das regi\u00f5es subtropicais, focado nas abelhas de Prudent\u00f3polis.<\/span><\/p>\n<p><span style=\"font-size: large;\">Durante todos esses anos continuamos a trocar mensagens, a fazer visitas ocasionais a Prudent\u00f3polis e a estudar essas abelhas. O Carlos foi sempre o nosso grande colaborador e nos acolheu do melhor modo poss\u00edvel. Foi um meliponicultor que merece o t\u00edtulo de meliponicultor cientista, pelas trocas de informa\u00e7\u00f5es, interesse pelas abelhas, colabora\u00e7\u00e3o na pesquisa e amor por Prudent\u00f3polis e suas grandes possibilidades de desenvolvimento como est\u00e2ncia tur\u00edstica e local para as abelhas viverem bem.<\/span><\/p>\n<p><span style=\"font-size: large;\">\u00c9 muito importante e rica a intera\u00e7\u00e3o entre cientistas e meliponicultores ou apicultores. Reconhecemos e valorizamos muito a contribui\u00e7\u00e3o do Carlos para a pesquisa do Laborat\u00f3rio de Abelhas do Instituto de Bioci\u00eancias da Universidade de S. Paulo. Sempre nos recebeu com alegria e desprendimento. Aprendemos muito com ele, e valorizamos o seu exemplo para as novas gera\u00e7\u00f5es. Ele sempre ser\u00e1 lembrado por n\u00f3s com o respeito e carinho. Foram tantas hist\u00f3rias nas nossas expedi\u00e7\u00f5es!<\/span><\/p>\n<p><span style=\"font-size: large;\">No texto abaixo, escrito por Regina Chociai,vamos conhecer um pouco mais sobre esse meliponicultor cientista.<\/span><\/p>\n<p><span style=\"font-size: large;\"><b>O HOMEM DO MEL E DAS HIST\u00d3RIAS INESQUEC\u00cdVEIS<\/b><\/span><\/p>\n<p><span style=\"font-size: large;\"><i>Regina Chociai<\/i><\/span><\/p>\n<p><span style=\"font-size: large;\">\u201cCarlos Chociai, um homem mil anos \u00e0 nossa frente. Enquanto est\u00e1vamos preparando os ninhos, os caixilhos e as melgueiras, ele j\u00e1 estava voltando com o mel! Pouco compreendido por alguns, Chociai nunca se deixou abalar pelas cr\u00edticas e seguiu andando. Sonhou sempre alto e nunca deixou de olhar para o infinito, onde ele via as coisas que mais ningu\u00e9m via\u201d (Chico Guil,2017)<\/span><\/p>\n<p><span style=\"font-size: large;\">Em 28 de novembro de 2017 faleceu Carlos Chociai, filho de Augusto Chociai e Aline Clapeux Chociai.<\/span><\/p>\n<p><span style=\"font-size: large;\">Grande Apicultor paranaense, Carlos sonhava que um outro mundo seria poss\u00edvel. Ele n\u00e3o apenas sonhava, mas trabalhava para que seu sonho se concretizasse e o fazia atrav\u00e9s da dedica\u00e7\u00e3o \u00e0s abelhas e \u00e0 preserva\u00e7\u00e3o da natureza.<\/span><\/p>\n<p><span style=\"font-size: large;\">Quem foi este homem que viveu \u00e0 frente de seu tempo?<\/span><\/p>\n<p><span style=\"font-size: large;\">Desde os 15 anos de idade, Chociai j\u00e1 criava as abelhas ind\u00edgenas no quintal de sua casa, dedicando-se a estudar este inseto t\u00e3o importante para a preserva\u00e7\u00e3o da vida na terra. Dedicou-se tamb\u00e9m \u00e0 produ\u00e7\u00e3o do delicioso mel, contribuindo para a sa\u00fade do nosso povo. Entre tantas outras profiss\u00f5es que exerceu (motorista, fot\u00f3grafo, eletricista), escolheu dedicar-se \u00e0 apicultura, trabalho que realizou com esmero at\u00e9 seus \u00faltimos dias.<\/span><\/p>\n<p><span style=\"font-size: large;\">Buscou sempre que poss\u00edvel, participar de todos os encontros que a Associa\u00e7\u00e3o de Apicultores do Estado do Paran\u00e1 realizava. Participou de congressos nacionais e internacionais sobre apicultura (na Su\u00ed\u00e7a e na B\u00e9lgica), trazendo muitos conhecimentos, passando meses divulgando estes conhecimentos entre os apicultores da regi\u00e3o de Prudent\u00f3polis-PR e tamb\u00e9m entre seus amigos. Fez parcerias com pessoas com profundos conhecimentos sobre a abelha, como a Dr\u00aa Vera Imperatriz Fonseca, na \u00e9poca chefe do Departamento de Ecologia da USP, que trazia para Prudent\u00f3polis equipes de pesquisadores sobre a Apis mellifera e principalmente sobre os Meliponineos, ou Abelhas Ind\u00edgenas Sem Ferr\u00e3o, cujos resultados foram divulgadas em muitos pa\u00edses, atrav\u00e9s dos Congressos que a equipe da Dr\u00aa Vera participava. O Sr Carlos contribu\u00eda com a equipe de pesquisadores, levando-os aos api\u00e1rios, coletando flores, mel, pol\u00e9m, pr\u00f3polis e at\u00e9 a terra onde os api\u00e1rios estavam inseridos. Ele o fazia despreendidamente, com muito entusiasmo, pois ganhava em troca o conhecimento trazidos por estes jovens cientistas. Em uma das pesquisas , colocou-se um mini- computador dentro da colmeia. Chociai chegou a criar um minilaborat\u00f3rio em sua casa para facilitar o trabalho dos pesquisadores. Outra parceria foi com o cientista polon\u00eas Estanislaw Kurletto, com quem Carlos tamb\u00e9m aprendeu muito sobre as abelhas. Carlos patrocinava cursos sobre apicultura em sua casa e em seu api\u00e1rio tendo o Sr Kurletto como palestrante, pelo simples prazer de transmitir o conhecimento para as gera\u00e7\u00f5es novas de apicultores.<\/span><\/p>\n<p><span style=\"font-size: large;\">Chociai considerava que devia muito de seu conhecimento a Jo\u00e3o Seabra, apicultor de Rio Claro, estado de S\u00e3o Paulo, com o qual dividia o conhecimento e as boas pr\u00e1ticas na apicultura. <\/span><\/p>\n<p><span style=\"font-size: large;\">Chociai sempre teve a seu lado pessoas que o ajudaram muito na apicultura: Cl\u00e1udio Chociai, seu irm\u00e3o (in Memorian), Jo\u00e3o Chuber (in Memoriam) e Orlando Novakoski, seu amigo.<\/span><\/p>\n<p><span style=\"font-size: large;\">Carlos tinha muito orgulho de mandar o mel de Prudent\u00f3polis para outros pa\u00edses como Jap\u00e3o, Alemanha, Estados Unidos. Tanto que nos anos anos 90, Prudent\u00f3polis levava o t\u00edtulo de Capital do Mel, pela grande quantidade de mel produzida e pela sua qualidade, mel este que ganhou um pr\u00eamio no Congresso Internacional de Apicultura na Su\u00ed\u00e7a.<\/span><\/p>\n<p><span style=\"font-size: large;\">Carlos Chociai recebia em sua casa pessoas do mundo inteiro como o cientista portugu\u00eas Jo\u00e3o Cappas, especialista em formigas, que estudou o c\u00f3digo Maia e as abelhas sem ferr\u00e3o. <\/span><\/p>\n<p><span style=\"font-size: large;\">Capas era muito bem recebido tamb\u00e9m por Paulo Nogueira Neto.<\/span><\/p>\n<p><span style=\"font-size: large;\">Chociai foi um vision\u00e1rio e \u201cum contador de hist\u00f3rias\u201d. Tinha um carinho especial por sua cidade e seu povo. Antevia um padr\u00e3o de vida melhor para seu povo, atrav\u00e9s principalmente do desenvolvimento do turismo de sua regi\u00e3o. Deu sua imensa contribui\u00e7\u00e3o neste sentido, trazendo para sua cidade grandes empres\u00e1rios, mostrando a imensa possibilidade de investimentos visando o desenvolvimento da regi\u00e3o, incentivando e apoiando a cria\u00e7\u00e3o do Conselho Municipal de Turismo-CODETUR.<\/span><\/p>\n<p><span style=\"font-size: large;\">Deixa um grande legado \u00e0 apicultura brasileira, pela dedica\u00e7\u00e3o e a busca constante do conhecimento para melhorar a vida das abelhas, melhorando consequentemente a vida do homem na terra.<\/span><\/p>\n<p><span style=\"font-size: large;\">Chociai era um autodidata, mas semeou seus conhecimentos entre jovens de in\u00fameras universidades que o procuravam \u00e1vidos por suas hist\u00f3rias e suas utopias, na esperan\u00e7a da constru\u00e7\u00e3o de um mundo mais bonito, onde os homens, os animais e a natureza vivam numa simbiose fraternal, usufruindo dos frutos do labor de ambos, principalmente daqueles proporcionados por este inseto t\u00e3o maravilhoso, respons\u00e1vel pela preserva\u00e7\u00e3o da vida na terra: a abelha, que Carlos Chociai tanto amava.<\/span><\/p>\n<p><span style=\"font-size: large;\">Carlos Chociai teve seu trabalho reconhecido atrav\u00e9s de cita\u00e7\u00f5es em v\u00e1rios artigos cient\u00edficos e de publica\u00e7\u00f5es em v\u00e1rias revistas brasileiras como o Globo Rural. Tamb\u00e9m marcou presen\u00e7a em alguns programas de televis\u00e3o como O Globo Rep\u00f3rter e o Fant\u00e1stico. Teve o privil\u00e9gio de ter uma p\u00e1gina dedicada ao seu trabalho no livro \u201dMe leva Brasil\u201d de Maur\u00edcio Kobrusly .<\/span><\/p>\n<p><span style=\"font-size: large;\">Carlos Chociai era casado com Regina Guil Chociai (professora), com quem teve tr\u00eas filhas: Gracielle (Assistente Social), Mariel (Bi\u00f3loga) e Heloise (Publicidade e Propaganda).<\/span><\/p>\n","protected":false},"excerpt":{"rendered":"<p>Carlos Chociai, apicultor, meliponicultor e conservacionista Vera Lucia Imperatriz-Fonseca (vlifonse@ib.usp.br) &#8211; Professora S\u00eanior da USP. Laborat\u00f3rio de Abelhas Conheci Carlos Chociai e Jo\u00e3o Seabra na d\u00e9cada de 80, em um [&hellip;]<\/p>\n","protected":false},"author":20,"featured_media":0,"parent":2811,"menu_order":0,"comment_status":"open","ping_status":"open","template":"","meta":{"pmpro_default_level":"","_price":"","_stock":"","_tribe_ticket_header":"","_tribe_default_ticket_provider":"","_tribe_ticket_capacity":"0","_ticket_start_date":"","_ticket_end_date":"","_tribe_ticket_show_description":"","_tribe_ticket_show_not_going":false,"_tribe_ticket_use_global_stock":"","_tribe_ticket_global_stock_level":"","_global_stock_mode":"","_global_stock_cap":"","_tribe_rsvp_for_event":"","_tribe_ticket_going_count":"","_tribe_ticket_not_going_count":"","_tribe_tickets_list":"[]","_tribe_ticket_has_attendee_info_fields":false,"cybocfi_hide_featured_image":"","footnotes":""},"class_list":["post-2895","page","type-page","status-publish","hentry","pmpro-has-access"],"_links":{"self":[{"href":"https:\/\/apacame.org.br\/site\/wp-json\/wp\/v2\/pages\/2895"}],"collection":[{"href":"https:\/\/apacame.org.br\/site\/wp-json\/wp\/v2\/pages"}],"about":[{"href":"https:\/\/apacame.org.br\/site\/wp-json\/wp\/v2\/types\/page"}],"author":[{"embeddable":true,"href":"https:\/\/apacame.org.br\/site\/wp-json\/wp\/v2\/users\/20"}],"replies":[{"embeddable":true,"href":"https:\/\/apacame.org.br\/site\/wp-json\/wp\/v2\/comments?post=2895"}],"version-history":[{"count":2,"href":"https:\/\/apacame.org.br\/site\/wp-json\/wp\/v2\/pages\/2895\/revisions"}],"predecessor-version":[{"id":2898,"href":"https:\/\/apacame.org.br\/site\/wp-json\/wp\/v2\/pages\/2895\/revisions\/2898"}],"up":[{"embeddable":true,"href":"https:\/\/apacame.org.br\/site\/wp-json\/wp\/v2\/pages\/2811"}],"wp:attachment":[{"href":"https:\/\/apacame.org.br\/site\/wp-json\/wp\/v2\/media?parent=2895"}],"curies":[{"name":"wp","href":"https:\/\/api.w.org\/{rel}","templated":true}]}}