{"id":2832,"date":"2019-04-23T22:34:50","date_gmt":"2019-04-23T22:34:50","guid":{"rendered":"http:\/\/apacame.org.br\/site\/?page_id=2832"},"modified":"2019-04-23T22:34:50","modified_gmt":"2019-04-23T22:34:50","slug":"artigo-2","status":"publish","type":"page","link":"https:\/\/apacame.org.br\/site\/revista\/mensagem-doce-n-150-marco-de-2019\/artigo-2\/","title":{"rendered":"Artigo"},"content":{"rendered":"<h1 style=\"text-align: center;\">A APACAME e suas viagens Nacionais e Internacionais<\/h1>\n<blockquote><p>Radam\u00e9s Zovaro \u2013 Empres\u00e1rio e Diretor T\u00e9cnico da Apacame<\/p><\/blockquote>\n<p><span style=\"font-size: large;\">A APACAME (com sede e funda\u00e7\u00e3o em S\u00e3o Paulo\/Capital) \u00e9 uma entidade que tem oferecido aos seus associados a possibilidade de participarem dos Congressos realizados no Brasil e tamb\u00e9m no exterior. Esse projeto come\u00e7ou em 1984 por ocasi\u00e3o do 6\u00ba Congresso Brasileiro de Apicultura, realizado na cidade de Florian\u00f3polis\/SC.<a href=\"https:\/\/apacame.org.br\/site\/wp-content\/uploads\/2019\/04\/Quadro-1-Viagens.jpg\"><img fetchpriority=\"high\" decoding=\"async\" class=\"alignright size-full wp-image-2833\" src=\"https:\/\/apacame.org.br\/site\/wp-content\/uploads\/2019\/04\/Quadro-1-Viagens.jpg\" alt=\"Quadro-1-Viagens\" width=\"365\" height=\"850\" srcset=\"https:\/\/apacame.org.br\/site\/wp-content\/uploads\/2019\/04\/Quadro-1-Viagens.jpg 365w, https:\/\/apacame.org.br\/site\/wp-content\/uploads\/2019\/04\/Quadro-1-Viagens-129x300.jpg 129w, https:\/\/apacame.org.br\/site\/wp-content\/uploads\/2019\/04\/Quadro-1-Viagens-150x349.jpg 150w, https:\/\/apacame.org.br\/site\/wp-content\/uploads\/2019\/04\/Quadro-1-Viagens-215x500.jpg 215w\" sizes=\"(max-width: 365px) 100vw, 365px\" \/><\/a> <\/span><\/p>\n<p><span style=\"font-size: large;\">Nessa ocasi\u00e3o a APACAME se fez representar com um grupo de cinq\u00fcenta (50) pessoas que foram transportadas de \u00f4nibus de S\u00e3o Paulo a Florian\u00f3polis. Isso foi a grande surpresa do Congresso, visto ser a primeira vez no Brasil que um grupo de Apicultores, coordenados por uma Associa\u00e7\u00e3o Ap\u00edcola, participou de um evento dessa natureza.<\/span><\/p>\n<p><span style=\"font-size: large;\">Em 1986 aconteceu o 7\u00ba Congresso Brasileiro, realizado na cidade de Salvador (Bahia), nessa ocasi\u00e3o a APACAME foi representada por um grupo de 200 apicultores. O transporte foi feito por via a\u00e9rea e tr\u00eas avi\u00f5es levaram os paulistas comandados pela APACAME. N\u00e3o foram v\u00f4os especiais ou fretados, mais sim, v\u00f4os normais do dia a dia, com a compra das passagens, reservas de hot\u00e9is, tudo coordenado pela APACAME.<\/span><\/p>\n<p><span style=\"font-size: large;\">A seguir os Congressos realizados no Brasil at\u00e9 os dias de hoje:<\/span><\/p>\n<p><span style=\"font-size: large;\">1990 \u2013 Campos de Jord\u00e3o (SP); 1992 \u2013 Candel\u00e1ria (RS); 1994 \u2013 Pousada do Rio Quente (GO); 1996 \u2013 Teresina (PI); 1998 \u2013 Salvador (BA); 2000 \u2013 Florian\u00f3polis (SC); 2002 \u2013 Campo Grande (MS); 2004 \u2013 Natal (RN); 2006 \u2013 Aracaju (SE); 2008 \u2013 Belo Horizonte (MG); 2010 \u2013 Cuiab\u00e1 (MT); 2012 \u2013 Gramado (RS); 2014 \u2013 Bel\u00e9m (PA); 2016 \u2013 Fortaleza (CE) e 2018 \u2013 Joinville (SC), a APACAME sempre se fez representar com grupos no m\u00ednimo de 40 pessoas.<\/span><\/p>\n<p><span style=\"font-size: large;\">Em todos os Congressos Brasileiros que a APACAME participa, al\u00e9m do evento em si, tamb\u00e9m tem destinado o per\u00edodo de um dia para fazer um City Tour, com a finalidade de conhecer a cidade ou regi\u00e3o. Isso eleva o conhecimento cultural e individual do Apicultor.<\/span><\/p>\n<p><span style=\"font-size: large;\">Nos Congressos Internacionais realizados pela APIMONDIA ou Federa\u00e7\u00e3o Internacional de Associa\u00e7\u00f5es de Apicultores, que promove o desenvolvimento ap\u00edcola cient\u00edfico, ecol\u00f3gico, social e econ\u00f4mico em todos os pa\u00edses com a coopera\u00e7\u00e3o das associa\u00e7\u00f5es de apicultores, \u00f3rg\u00e3os cient\u00edficos e indiv\u00edduos envolvidos na apicultura em todo o mundo, a APACAME participa desde 1987.<\/span><\/p>\n<p><span style=\"font-size: large;\">O primeiro Congresso Internacional que o grupo participou foi em 1987 na cidade de Vars\u00f3via \u2013 Pol\u00f4nia, onde o sistema comunista comandava o pa\u00eds. A participa\u00e7\u00e3o dos associados foi pequena, em fun\u00e7\u00e3o do custo que era muito elevado na \u00e9poca para uma viagem como essa.<\/span><\/p>\n<p><span style=\"font-size: large;\">Em 1989 o Congresso foi realizado no Brasil, e a cidade do Rio de Janeiro foi quem recebeu os congressistas. Quero salientar que toda a Organiza\u00e7\u00e3o do Congresso, bem como o controle financeiro, teve como coordenador os Srs. Dr. Constantino Zara Filho e Walter Moretti (Presidente e Diretor da APACAME respectivamente). A Presid\u00eancia da Confedera\u00e7\u00e3o Brasileira de Apicultura \u2013 CBA, na \u00e9poca era do Sr. Helmuth Wiese.<\/span><\/p>\n<p><span style=\"font-size: large;\">Em 1991 o congresso deveria ser realizado na Iugosl\u00e1via, por\u00e9m por problemas pol\u00edticos naquele pa\u00eds, o Congresso foi cancelado na \u00faltima hora. Como a APACAME j\u00e1 havia fechado o pacote a\u00e9reo com a Lufthansa, a empresa alem\u00e3 manteve os valores e permitiu sob sua orienta\u00e7\u00e3o que os participantes ficassem alguns dias na Alemanha, conhecendo algumas cidades e empresas ap\u00edcolas, sem despesas. Apesar da n\u00e3o realiza\u00e7\u00e3o do Congresso, a APACAME mais uma vez adquiriu conhecimentos da regi\u00e3o.<\/span><\/p>\n<p><span style=\"font-size: large;\"><a href=\"https:\/\/apacame.org.br\/site\/wp-content\/uploads\/2019\/04\/Quadro-2-Viagens.jpg\"><img decoding=\"async\" class=\"alignleft size-full wp-image-2834\" src=\"https:\/\/apacame.org.br\/site\/wp-content\/uploads\/2019\/04\/Quadro-2-Viagens.jpg\" alt=\"Quadro-2-Viagens\" width=\"539\" height=\"850\" srcset=\"https:\/\/apacame.org.br\/site\/wp-content\/uploads\/2019\/04\/Quadro-2-Viagens.jpg 539w, https:\/\/apacame.org.br\/site\/wp-content\/uploads\/2019\/04\/Quadro-2-Viagens-190x300.jpg 190w, https:\/\/apacame.org.br\/site\/wp-content\/uploads\/2019\/04\/Quadro-2-Viagens-150x237.jpg 150w, https:\/\/apacame.org.br\/site\/wp-content\/uploads\/2019\/04\/Quadro-2-Viagens-317x500.jpg 317w\" sizes=\"(max-width: 539px) 100vw, 539px\" \/><\/a>Em 1993 o Congresso foi realizado em Beijing na China, o grupo j\u00e1 era um pouco maior. <\/span><\/p>\n<p><span style=\"font-size: large;\">Em 1995 acredito que tenha sido o auge das viagens para os Congressos internacionais. Desta feita o Congresso foi realizado na cidade de Lausane, na Su\u00ed\u00e7a. O grupo da APACAME atingiu 85 pessoas. Dois \u00f4nibus foram contratados para transportar os passageiros e desta feita a viagem foi longa, pois teve a dura\u00e7\u00e3o de vinte e oito dias. Terminado o Congresso fomos para Nice (sul da Fran\u00e7a) onde tivemos a oportunidade de conhecer o Principado de M\u00f4naco, em seguida fomos para a Espanha, sendo que a primeira cidade a ser visitada foi Barcelona, depois Madrid, e ap\u00f3s, Marrocos (Continente Africano), onde ficamos uma semana, voltamos para Sevilha na Espanha e dois dias ap\u00f3s fomos para Portugal ficando em Lisboa e, finalmente Brasil. Foi uma viagem onde visitamos 6 (seis) pa\u00edses. Nos Congressos seguintes, a APACAME, sempre se fez presente, por\u00e9m com um n\u00famero menor de pessoas, no m\u00e1ximo para atingir a capacidade de um \u00f4nibus.<\/span><\/p>\n<p><span style=\"font-size: large;\">Os Congressos seguintes foram realizados em:<\/span><\/p>\n<p><span style=\"font-size: large;\">1997 \u2013 Antu\u00e9rpia na B\u00e9lgica; 1999 \u2013 Vancouver no Canad\u00e1; 2001 \u2013 Durban na \u00c1frica do Sul; 2003 \u2013 Liubriana na Eslov\u00eania; 2005 \u2013 Dublin na Irlanda; 2007 \u2013 Melbourne na Austr\u00e1lia; 2009 \u2013 Montpellier na Fran\u00e7a; 2011 &#8211; Buenos Aires na Argentina; 2013 &#8211; Kiev na Ucr\u00e2nia; 2015 \u2013 Daejeon na Cor\u00e9ia do Sul e em 2017 &#8211; Istambul na Turquia.<\/span><\/p>\n<p><span style=\"font-size: large;\">Normalmente os Congressos, tanto os nacionais como os internacionais s\u00e3o compostos de duas partes, a primeira \u00e9 a parte das palestras, feitas por professores, pesquisadores, apicultores e outros estudiosos, e a outra, pela exposi\u00e7\u00e3o de materiais, equipamentos e produtos ap\u00edcolas. Essas exposi\u00e7\u00f5es \u00e9 a que mais interessa aos apicultores, pois \u00e9 l\u00e1 que vamos encontrar as novidades da ind\u00fastria ap\u00edcola. No \u00faltimo Congresso Brasileiro realizado na cidade de Joinville\/SC, esta apresentou a melhor linha de materiais e equipamentos, demonstrando o avan\u00e7o da ind\u00fastria brasileira, o que n\u00e3o deixa de ser uma alegria a todos n\u00f3s que trabalhamos com apicultura.<\/span><\/p>\n<p><span style=\"font-size: large;\">Com a nossa participa\u00e7\u00e3o no 45\u00ba Congresso da APIMONDIA, realizado na cidade de Istanbul \u2013 Turquia, em outubro de 2017, observamos o quanto a nossa ind\u00fastria (brasileira), est\u00e1 longe de alcan\u00e7ar o poderio das Ind\u00fastrias Europeias e Asi\u00e1ticas, no que diz respeito a materiais, equipamentos e produtos Ap\u00edcolas. Esse \u00e9 um dos fatores que faz a Turquia ocupar hoje o 2\u00ba lugar do planeta na produ\u00e7\u00e3o de mel.<\/span><\/p>\n<p><span style=\"font-size: large;\">\u00c9 importante salientar que em todos os Congressos que participamos, tanto os nacionais como os internacionais na \u00e1rea de Apicultura, os participantes coordenados pela APACAME sempre se apresentaram uniformizados, com camiseta com o s\u00edmbolo da entidade e do Brasil, al\u00e9m de sempre ter a coordena\u00e7\u00e3o do Presidente, Dr. Constantino Zara Filho (In Mem\u00f3ria) e a parte tur\u00edstica de sua esposa, Cleide Zara.<\/span><\/p>\n<p><span style=\"font-size: large;\">Com todo esse trabalho e a participa\u00e7\u00e3o dos associados, fez com que a APACAME seja reconhecida mundialmente pelo trabalho realizado e respeitada como uma grande Associa\u00e7\u00e3o que congrega os apicultores de todo o Brasil.<\/span><\/p>\n","protected":false},"excerpt":{"rendered":"<p>A APACAME e suas viagens Nacionais e Internacionais Radam\u00e9s Zovaro \u2013 Empres\u00e1rio e Diretor T\u00e9cnico da Apacame A APACAME (com sede e funda\u00e7\u00e3o em S\u00e3o Paulo\/Capital) \u00e9 uma entidade que [&hellip;]<\/p>\n","protected":false},"author":20,"featured_media":0,"parent":2811,"menu_order":0,"comment_status":"open","ping_status":"open","template":"","meta":{"pmpro_default_level":"","_price":"","_stock":"","_tribe_ticket_header":"","_tribe_default_ticket_provider":"","_tribe_ticket_capacity":"0","_ticket_start_date":"","_ticket_end_date":"","_tribe_ticket_show_description":"","_tribe_ticket_show_not_going":false,"_tribe_ticket_use_global_stock":"","_tribe_ticket_global_stock_level":"","_global_stock_mode":"","_global_stock_cap":"","_tribe_rsvp_for_event":"","_tribe_ticket_going_count":"","_tribe_ticket_not_going_count":"","_tribe_tickets_list":"[]","_tribe_ticket_has_attendee_info_fields":false,"cybocfi_hide_featured_image":"","footnotes":""},"class_list":["post-2832","page","type-page","status-publish","hentry","pmpro-has-access"],"_links":{"self":[{"href":"https:\/\/apacame.org.br\/site\/wp-json\/wp\/v2\/pages\/2832"}],"collection":[{"href":"https:\/\/apacame.org.br\/site\/wp-json\/wp\/v2\/pages"}],"about":[{"href":"https:\/\/apacame.org.br\/site\/wp-json\/wp\/v2\/types\/page"}],"author":[{"embeddable":true,"href":"https:\/\/apacame.org.br\/site\/wp-json\/wp\/v2\/users\/20"}],"replies":[{"embeddable":true,"href":"https:\/\/apacame.org.br\/site\/wp-json\/wp\/v2\/comments?post=2832"}],"version-history":[{"count":2,"href":"https:\/\/apacame.org.br\/site\/wp-json\/wp\/v2\/pages\/2832\/revisions"}],"predecessor-version":[{"id":2836,"href":"https:\/\/apacame.org.br\/site\/wp-json\/wp\/v2\/pages\/2832\/revisions\/2836"}],"up":[{"embeddable":true,"href":"https:\/\/apacame.org.br\/site\/wp-json\/wp\/v2\/pages\/2811"}],"wp:attachment":[{"href":"https:\/\/apacame.org.br\/site\/wp-json\/wp\/v2\/media?parent=2832"}],"curies":[{"name":"wp","href":"https:\/\/api.w.org\/{rel}","templated":true}]}}