{"id":2821,"date":"2019-04-23T19:45:19","date_gmt":"2019-04-23T19:45:19","guid":{"rendered":"http:\/\/apacame.org.br\/site\/?page_id=2821"},"modified":"2019-04-23T19:48:57","modified_gmt":"2019-04-23T19:48:57","slug":"editorial","status":"publish","type":"page","link":"https:\/\/apacame.org.br\/site\/revista\/mensagem-doce-n-150-marco-de-2019\/editorial\/","title":{"rendered":"Editorial"},"content":{"rendered":"<h1 style=\"text-align: center;\">Apicultura Brasileira.<\/h1>\n<p><span style=\"font-size: large;\">Mais um ano se inicia e a pergunta \u00e9 a mesma: Como est\u00e1 a Apicultura no Brasil? Infelizmente, apesar de sermos o quarto pa\u00eds em \u00e1rea territorial, estamos somente entre os 10 (dez) pa\u00edses maiores produtores de mel do planeta. Quando digo entre os 10 (dez) pa\u00edses, perdemos para a Turquia, que \u00e9 o segundo maior produtor de mel do mundo, perdemos para a Argentina, M\u00e9xico e outros pa\u00edses com \u00e1rea territorial bem menor do que a nossa.<\/span><\/p>\n<p><span style=\"font-size: large;\">Onde est\u00e1 o problema?<\/span><\/p>\n<p><span style=\"font-size: large;\">Acreditamos que v\u00e1rios s\u00e3o os fatores: dist\u00e2ncia do Apicultor em rela\u00e7\u00e3o ao api\u00e1rio; mortandade de abelhas motivada pelas pulveriza\u00e7\u00f5es a\u00e9reas de agrot\u00f3xicos nas planta\u00e7\u00f5es; clima; qualidade dos enxames; manejo mal realizado; etc. <\/span><\/p>\n<p><span style=\"font-size: large;\">Infelizmente \u00e9 um problema que temos sentido h\u00e1 muitos anos. Acreditamos que falta \u00e0 apicultura brasileira, mais profissionalismo no campo da realidade de nossas abelhas. Temos que melhorar muito o nosso plantel, e s\u00f3 conseguiremos tamb\u00e9m com a qualidade de nossos apicultores, aplicando t\u00e9cnicas de substitui\u00e7\u00e3o de rainhas periodicamente, melhorando a qualidade em termos de produtividade. \u00c9 importante salientar que a apicultura n\u00e3o \u00e9 quantidade de colm\u00e9ias, mas sim, qualidade de colm\u00e9ias com boa produtividade.<\/span><\/p>\n<p><span style=\"font-size: large;\">A uni\u00e3o faz a for\u00e7a. O setor tem que se unir e criar condi\u00e7\u00f5es para apoiar os apicultores, com t\u00e9cnicas utilizadas por outros pa\u00edses e que deram um retorno altamente ben\u00e9fico. <\/span><\/p>\n<p><span style=\"font-size: large;\">Esperamos que as lideran\u00e7as ap\u00edcolas encontrem caminhos para que a apicultura brasileira possa crescer, com qualidade e galgar posi\u00e7\u00f5es melhores no cen\u00e1rio nacional e internacional.<\/span><\/p>\n<p><span style=\"font-size: large;\"><i><b>Radam\u00e9s Zovaro \u2013 Diretor T\u00e9cnico<\/b><\/i><\/span><\/p>\n","protected":false},"excerpt":{"rendered":"<p>Apicultura Brasileira. Mais um ano se inicia e a pergunta \u00e9 a mesma: Como est\u00e1 a Apicultura no Brasil? Infelizmente, apesar de sermos o quarto pa\u00eds em \u00e1rea territorial, estamos [&hellip;]<\/p>\n","protected":false},"author":20,"featured_media":0,"parent":2811,"menu_order":0,"comment_status":"open","ping_status":"open","template":"","meta":{"pmpro_default_level":"","_price":"","_stock":"","_tribe_ticket_header":"","_tribe_default_ticket_provider":"","_tribe_ticket_capacity":"0","_ticket_start_date":"","_ticket_end_date":"","_tribe_ticket_show_description":"","_tribe_ticket_show_not_going":false,"_tribe_ticket_use_global_stock":"","_tribe_ticket_global_stock_level":"","_global_stock_mode":"","_global_stock_cap":"","_tribe_rsvp_for_event":"","_tribe_ticket_going_count":"","_tribe_ticket_not_going_count":"","_tribe_tickets_list":"[]","_tribe_ticket_has_attendee_info_fields":false,"cybocfi_hide_featured_image":"","footnotes":""},"class_list":["post-2821","page","type-page","status-publish","hentry","pmpro-has-access"],"_links":{"self":[{"href":"https:\/\/apacame.org.br\/site\/wp-json\/wp\/v2\/pages\/2821"}],"collection":[{"href":"https:\/\/apacame.org.br\/site\/wp-json\/wp\/v2\/pages"}],"about":[{"href":"https:\/\/apacame.org.br\/site\/wp-json\/wp\/v2\/types\/page"}],"author":[{"embeddable":true,"href":"https:\/\/apacame.org.br\/site\/wp-json\/wp\/v2\/users\/20"}],"replies":[{"embeddable":true,"href":"https:\/\/apacame.org.br\/site\/wp-json\/wp\/v2\/comments?post=2821"}],"version-history":[{"count":3,"href":"https:\/\/apacame.org.br\/site\/wp-json\/wp\/v2\/pages\/2821\/revisions"}],"predecessor-version":[{"id":2824,"href":"https:\/\/apacame.org.br\/site\/wp-json\/wp\/v2\/pages\/2821\/revisions\/2824"}],"up":[{"embeddable":true,"href":"https:\/\/apacame.org.br\/site\/wp-json\/wp\/v2\/pages\/2811"}],"wp:attachment":[{"href":"https:\/\/apacame.org.br\/site\/wp-json\/wp\/v2\/media?parent=2821"}],"curies":[{"name":"wp","href":"https:\/\/api.w.org\/{rel}","templated":true}]}}