{"id":2766,"date":"2018-12-11T20:35:32","date_gmt":"2018-12-11T20:35:32","guid":{"rendered":"http:\/\/apacame.org.br\/site\/?page_id=2766"},"modified":"2018-12-11T20:41:48","modified_gmt":"2018-12-11T20:41:48","slug":"artigo-3","status":"publish","type":"page","link":"https:\/\/apacame.org.br\/site\/revista\/mensagem-doce-n-149-novembro-de-2018\/artigo-3\/","title":{"rendered":"Artigo"},"content":{"rendered":"<h1 style=\"text-align: center;\">P\u00d3LEN E AS ABELHAS<br \/>\nENTENDENDO MELHOR<\/h1>\n<blockquote><p>Harold Brand \u2013 Bi\u00f3logo \u2013 Meliponicultor \u2013 Consultor da APA.<\/p><\/blockquote>\n<p><span style=\"font-size: large;\">O p\u00f3len, o pequeno recipiente do precioso material gen\u00e9tico masculino das plantas, muito cobi\u00e7ado pelas abelhas e humanos pela sua riqueza em nutrientes e pelos seus microbiotas agregados. \u00c9 indiscut\u00edvel a sua riqueza nutricional, mas como toda riqueza ela vem dentro de um cofre com seu segredo para permitir o acesso. Para entendermos um pouco desse mecanismo o primeiro passo \u00e9 diferenciar as maneiras com que os dois grupos diferentes de abelhas manejam o p\u00f3len desde a sua coleta no pasto floral at\u00e9 a fase da sua comercializa\u00e7\u00e3o pela esp\u00e9cie predominante no planeta. S\u00e3o dois os grupos diferentes de abelhas coletoras, as conhecidas por &#8221; domesticas, Apis mel\u00edfera&#8221; muito respeitadas pelo seu ferr\u00e3o e um outro grupo pouco divulgado, as nossas abelhas nativas denominadas de abelhas sem ferr\u00e3o. As pessoas que manejam as primeiras as \u201cApis\u201d s\u00e3o os apicultores e os que criam as abelhas sem ferr\u00e3o \u201cmel\u00edpon\u00edneos\u201d os meliponicultores.<a href=\"https:\/\/apacame.org.br\/site\/wp-content\/uploads\/2018\/12\/Foto-1-Polen.jpg\"><img fetchpriority=\"high\" decoding=\"async\" class=\"alignright size-full wp-image-2769\" src=\"https:\/\/apacame.org.br\/site\/wp-content\/uploads\/2018\/12\/Foto-1-Polen.jpg\" alt=\"Foto-1-Polen\" width=\"450\" height=\"403\" srcset=\"https:\/\/apacame.org.br\/site\/wp-content\/uploads\/2018\/12\/Foto-1-Polen.jpg 450w, https:\/\/apacame.org.br\/site\/wp-content\/uploads\/2018\/12\/Foto-1-Polen-300x269.jpg 300w, https:\/\/apacame.org.br\/site\/wp-content\/uploads\/2018\/12\/Foto-1-Polen-150x134.jpg 150w\" sizes=\"(max-width: 450px) 100vw, 450px\" \/><\/a><\/span><\/p>\n<p><span style=\"font-size: large;\">Embora o p\u00f3len colhido por ambos os grupos seja muito semelhante, mas o processo ou fase de retirada pelo apicultor difere a do meliponicultor, no que resulta a grande diferen\u00e7a nutricional.<\/span><\/p>\n<p><span style=\"font-size: large;\"><b>O p\u00f3len obtido atrav\u00e9s da Apis<\/b> <\/span><\/p>\n<p><span style=\"font-size: large;\"><b>\u201co p\u00f3len comercial\u201d<\/b> <\/span><\/p>\n<p><span style=\"font-size: large;\">O p\u00f3len obtido atrav\u00e9s da abelha Apis \u201ca dom\u00e9stica\u201d comercializado, \u00e9 aquele recolhido na entrada da colmeia por meio de um dispositivo especial no qual abelha ao voltar da sua colheita perde a sua carga na entrada da colmeia. O p\u00f3len assim obtido praticamente n\u00e3o sofre nenhuma altera\u00e7\u00e3o importante \u00e9 como se fosse tirado diretamente da flor. Ele \u00e9 recolhido no dispositivo diariamente pelo apicultor e desidratado de imediato. \u00c9 um trabalho di\u00e1rio e cuidadoso pois o p\u00f3len \u00famido sofre ataque quase imediato por bolores.<\/span><\/p>\n<p><span style=\"font-size: large;\"><a href=\"https:\/\/apacame.org.br\/site\/wp-content\/uploads\/2018\/12\/Fase-de-construcao.jpg\"><img decoding=\"async\" class=\"alignleft size-full wp-image-2768\" src=\"https:\/\/apacame.org.br\/site\/wp-content\/uploads\/2018\/12\/Fase-de-construcao.jpg\" alt=\"Fase-de-construcao\" width=\"850\" height=\"864\" srcset=\"https:\/\/apacame.org.br\/site\/wp-content\/uploads\/2018\/12\/Fase-de-construcao.jpg 850w, https:\/\/apacame.org.br\/site\/wp-content\/uploads\/2018\/12\/Fase-de-construcao-295x300.jpg 295w, https:\/\/apacame.org.br\/site\/wp-content\/uploads\/2018\/12\/Fase-de-construcao-150x152.jpg 150w, https:\/\/apacame.org.br\/site\/wp-content\/uploads\/2018\/12\/Fase-de-construcao-492x500.jpg 492w\" sizes=\"(max-width: 850px) 100vw, 850px\" \/><\/a>\u00c9 esse o p\u00f3len usado na alimenta\u00e7\u00e3o humana, embora a grande riqueza nutricional tem pequena assimila\u00e7\u00e3o dos seus componentes qu\u00edmicos, a explica\u00e7\u00e3o \u00e9 f\u00e1cil de entender, pois no p\u00f3len seus componentes nutricionais est\u00e3o reclusos dentro de duas membranas e a externa, al\u00e9m de muito protetora n\u00e3o \u00e9 diger\u00edvel. Para ser assimil\u00e1vel o conte\u00fado do p\u00f3len deve ser degradado no intestino humano por enzimas digestivas e por simbiontes como as leveduras e bact\u00e9rias para que uma vez liquefeito, extravase para que possa ser absorvido. Entretanto, como o seu tempo de perman\u00eancia no tubo digestivo humano \u00e9 relativamente curto, o processo digest\u00f3rio \u00e9 incompleto, o aproveitamento varia apenas entre 3 a 30%.<\/span><\/p>\n<p><span style=\"font-size: large;\"><b>O p\u00f3len das abelhas sem ferr\u00e3o.<\/b> <\/span><\/p>\n<p><span style=\"font-size: large;\">Essas abelhas t\u00eam como uma das suas caracter\u00edsticas fundamentais a constru\u00e7\u00e3o de potes especiais onde s\u00e3o depositados o p\u00f3len trazido e onde sofrem a\u00e7\u00e3o de enzimas digestivas regurgitadas pelas abelhas e da atividade do grande n\u00famero de microbiotas ali existente. \u00c9 processo longo e que pode levar muitos dias. No decorrer do tempo o liquido resultante extravasa pelos poros de cada p\u00f3len, passando a ser recolhido pelas abelhas e usado na alimenta\u00e7\u00e3o ou depositado nas capsulas alveolares onde a rainha p\u00f5e seus ovos. <\/span><\/p>\n<p><span style=\"font-size: large;\">O liquido nutritivo encerado nas c\u00e1psulas alveolares ir\u00e1 alimentar a larva at\u00e9 a sua transforma\u00e7\u00e3o em pupa.<\/span><\/p>\n<p><span style=\"font-size: large;\">No pote de p\u00f3len quando todo caldo resultante do processo de digest\u00e3o extracelular for consumido pelas abelhas o mesmo \u00e9 lacrado, nele restando apenas material n\u00e3o diger\u00edvel como o envolt\u00f3rio e os microbiotas que a\u00ed povoam, (eles podem chegar a mais de 20 g\u00eaneros).<\/span><\/p>\n<p><span style=\"font-size: large;\"><b>Potes Fechados das ASF, Comercializados.<\/b><\/span><\/p>\n<p><span style=\"font-size: large;\">S\u00e3o esses os potes fechados os comercializados \u201cdesprezados pelos ind\u00edgenas como alimento \u201c seu valor nutricional para as abelhas foi todo retirado, mas t\u00eam um certo interesse medicinal para os humanos, pois funcionam no processo digestivo como fibras e os microbiotas a\u00ed remanescente podem enriquecer a flora intestinal. Nas pesquisas em biotecnologia vamos encontrar mais de 20 g\u00eaneros de bact\u00e9rias e leveduras atuando nas diversas etapas de transformadoras do p\u00f3len. O exemplo muito interessante s\u00e3o os Lactobacillus encontradas em todas as etapas da digest\u00e3o do p\u00f3len pelas abelhas e que tamb\u00e9m s\u00e3o encontrados no intestino humano.<\/span><\/p>\n<p><span style=\"font-size: large;\"><b>A pergunta que fica:<\/b><\/span><\/p>\n<p><span style=\"font-size: large;\">Se esses potes lacrados n\u00e3o t\u00eam mais utilidade para as abelhas, porque, elas simplesmente n\u00e3o descartam totalmente esse material. <\/span><\/p>\n<p><span style=\"font-size: large;\">Toda sociedade tem de concentrar em primeiro lugar a sua energia na obten\u00e7\u00e3o de alimento, mas como a energia gasta para obter alimento e a energia empregada no descarte de material s\u00e3o quase as mesmas, certamente primeira op\u00e7\u00e3o \u00e9 priorit\u00e1ria. Nas nossas cidades ocorrem mais ou menos o mesmo comportamento, basta ver o interesse na pol\u00edtica do tratamento de lixo e esgoto. Os \u00edndios eram muito enf\u00e1ticos, eles se alimentavam do mel e complementavam o menu com as larvas e pupas (ditas por eles como deliciosas), mas jogavam fora os potes de p\u00f3len (porcaria).<\/span><\/p>\n<p><span style=\"font-size: large;\">O grau da biodisponibilidade \u00e9 determinante no aproveitamento dos nutrientes, no caso do p\u00f3len o grande fator de limita\u00e7\u00e3o \u00e9 a sua membrana externa a exina \u201c ou esporoderma\u201d somente sob a a\u00e7\u00e3o dos sucos digestivos o conte\u00fado interno pode ser liquefeito e extravasado para que possa ser aproveitado. Para alguns organismos esse grau de disponibilidade pode ser maior, haja visto os for\u00eddeos que adoram o que para abelhas \u00e9 apenas entulho.<\/span><\/p>\n<p><span style=\"font-size: large;\"><b>Duas as avalia\u00e7\u00f5es pr\u00e1ticas sobre o conte\u00fado dos potes fechados:<\/b><\/span><\/p>\n<p><span style=\"font-size: large;\">1 &#8211; Basta uma observa\u00e7\u00e3o simples do material colhido e corado em uma lamina de microscopia ou uma simples observa\u00e7\u00e3o direta ao microsc\u00f3pio por contraste de fase;<\/span><\/p>\n<p><span style=\"font-size: large;\">2 &#8211; Outra demonstra\u00e7\u00e3o muito simples, basta retirar v\u00e1rios potes lacrados e deixar exposto externamente no meliponario. Em pouco tempo muito abelhas se interessam e passam a retirar todo envolt\u00f3rio de cera dos potes, deixando o conte\u00fado, a massa compacta de p\u00f3len. Se oferecermos os potes abertos elas levam o seu conte\u00fado e a cera da parede.<\/span><\/p>\n<p><span style=\"font-size: large;\">3 &#8211; A utiliza\u00e7\u00e3o dos potes fechados me faz lembrar o meu professor de zoologia, para obter material para aula pratica, preparava uma caixa fechada com apenas um pequeno furo, nela introduzia alguns potes amassados de p\u00f3len. Colocava no p\u00e1tio externo e no dia seguinte a multid\u00e3o de mosquinhas atra\u00eddas pelo aroma \u00e1cido era suficiente para cada um dos quarenta alunos tivessem material para estudo das suas caracter\u00edsticas em laborat\u00f3rio. <\/span><\/p>\n<p><span style=\"font-size: large;\">Esse procedimento do professor na prepara\u00e7\u00e3o de sua aula \u00e9 muito semelhante \u00e0 de alguns meliponicultores no manejo das suas abelhas. Ap\u00f3s a divis\u00e3o introduzem potes de p\u00f3len na caixa filha \u00e9 um chamariz para um petisco tentador e com a defesa das abelhas ainda desorganizadas.<\/span><br \/>\n<a href=\"https:\/\/apacame.org.br\/site\/wp-content\/uploads\/2018\/12\/Imagem-Microscopio.jpg\"><img decoding=\"async\" class=\"aligncenter size-full wp-image-2770\" src=\"https:\/\/apacame.org.br\/site\/wp-content\/uploads\/2018\/12\/Imagem-Microscopio.jpg\" alt=\"Imagem-Microscopio\" width=\"850\" height=\"498\" srcset=\"https:\/\/apacame.org.br\/site\/wp-content\/uploads\/2018\/12\/Imagem-Microscopio.jpg 850w, https:\/\/apacame.org.br\/site\/wp-content\/uploads\/2018\/12\/Imagem-Microscopio-300x176.jpg 300w, https:\/\/apacame.org.br\/site\/wp-content\/uploads\/2018\/12\/Imagem-Microscopio-150x88.jpg 150w, https:\/\/apacame.org.br\/site\/wp-content\/uploads\/2018\/12\/Imagem-Microscopio-500x293.jpg 500w\" sizes=\"(max-width: 850px) 100vw, 850px\" \/><\/a><\/p>\n","protected":false},"excerpt":{"rendered":"<p>P\u00d3LEN E AS ABELHAS ENTENDENDO MELHOR Harold Brand \u2013 Bi\u00f3logo \u2013 Meliponicultor \u2013 Consultor da APA. O p\u00f3len, o pequeno recipiente do precioso material gen\u00e9tico masculino das plantas, muito cobi\u00e7ado [&hellip;]<\/p>\n","protected":false},"author":1,"featured_media":0,"parent":2740,"menu_order":0,"comment_status":"open","ping_status":"open","template":"","meta":{"pmpro_default_level":"","_price":"","_stock":"","_tribe_ticket_header":"","_tribe_default_ticket_provider":"","_tribe_ticket_capacity":"0","_ticket_start_date":"","_ticket_end_date":"","_tribe_ticket_show_description":"","_tribe_ticket_show_not_going":false,"_tribe_ticket_use_global_stock":"","_tribe_ticket_global_stock_level":"","_global_stock_mode":"","_global_stock_cap":"","_tribe_rsvp_for_event":"","_tribe_ticket_going_count":"","_tribe_ticket_not_going_count":"","_tribe_tickets_list":"[]","_tribe_ticket_has_attendee_info_fields":false,"cybocfi_hide_featured_image":"","footnotes":""},"class_list":["post-2766","page","type-page","status-publish","hentry","pmpro-has-access"],"_links":{"self":[{"href":"https:\/\/apacame.org.br\/site\/wp-json\/wp\/v2\/pages\/2766"}],"collection":[{"href":"https:\/\/apacame.org.br\/site\/wp-json\/wp\/v2\/pages"}],"about":[{"href":"https:\/\/apacame.org.br\/site\/wp-json\/wp\/v2\/types\/page"}],"author":[{"embeddable":true,"href":"https:\/\/apacame.org.br\/site\/wp-json\/wp\/v2\/users\/1"}],"replies":[{"embeddable":true,"href":"https:\/\/apacame.org.br\/site\/wp-json\/wp\/v2\/comments?post=2766"}],"version-history":[{"count":3,"href":"https:\/\/apacame.org.br\/site\/wp-json\/wp\/v2\/pages\/2766\/revisions"}],"predecessor-version":[{"id":2771,"href":"https:\/\/apacame.org.br\/site\/wp-json\/wp\/v2\/pages\/2766\/revisions\/2771"}],"up":[{"embeddable":true,"href":"https:\/\/apacame.org.br\/site\/wp-json\/wp\/v2\/pages\/2740"}],"wp:attachment":[{"href":"https:\/\/apacame.org.br\/site\/wp-json\/wp\/v2\/media?parent=2766"}],"curies":[{"name":"wp","href":"https:\/\/api.w.org\/{rel}","templated":true}]}}

<h1 style="text-align: center;">PÓLEN E AS ABELHAS<br />
ENTENDENDO MELHOR</h1>
<blockquote><p>Harold Brand – Biólogo – Meliponicultor – Consultor da APA.</p></blockquote>
<p><span style="font-size: large;">O pólen, o pequeno recipiente do precioso material genético masculino das plantas, muito cobiçado pelas abelhas e humanos pela sua riqueza em nutrientes e pelos seus microbiotas agregados. É indiscutível a sua riqueza nutricional, mas como toda riqueza ela vem dentro de um cofre com seu segredo para permitir o acesso. Para entendermos um pouco desse mecanismo o primeiro passo é diferenciar as maneiras com que os dois grupos diferentes de abelhas manejam o pólen desde a sua coleta no pasto floral até a fase da sua comercialização pela espécie predominante no planeta. São dois os grupos diferentes de abelhas coletoras, as conhecidas por &#8221; domesticas, Apis melífera&#8221; muito respeitadas pelo seu ferrão e um outro grupo pouco divulgado, as nossas abelhas nativas denominadas de abelhas sem ferrão. As pessoas que manejam as primeiras as “Apis” são os apicultores e os que criam as abelhas sem ferrão “melíponíneos” os meliponicultores.<a href="https://apacame.org.br/site/wp-content/uploads/2018/12/Foto-1-Polen.jpg"><img fetchpriority="high" decoding="async" class="alignright size-full wp-image-2769" src="https://apacame.org.br/site/wp-content/uploads/2018/12/Foto-1-Polen.jpg" alt="Foto-1-Polen" width="450" height="403" srcset="https://apacame.org.br/site/wp-content/uploads/2018/12/Foto-1-Polen.jpg 450w, https://apacame.org.br/site/wp-content/uploads/2018/12/Foto-1-Polen-300x269.jpg 300w, https://apacame.org.br/site/wp-content/uploads/2018/12/Foto-1-Polen-150x134.jpg 150w" sizes="(max-width: 450px) 100vw, 450px" /></a></span></p>
<p><span style="font-size: large;">Embora o pólen colhido por ambos os grupos seja muito semelhante, mas o processo ou fase de retirada pelo apicultor difere a do meliponicultor, no que resulta a grande diferença nutricional.</span></p>
<p><span style="font-size: large;"><b>O pólen obtido através da Apis</b> </span></p>
<p><span style="font-size: large;"><b>“o pólen comercial”</b> </span></p>
<p><span style="font-size: large;">O pólen obtido através da abelha Apis “a doméstica” comercializado, é aquele recolhido na entrada da colmeia por meio de um dispositivo especial no qual abelha ao voltar da sua colheita perde a sua carga na entrada da colmeia. O pólen assim obtido praticamente não sofre nenhuma alteração importante é como se fosse tirado diretamente da flor. Ele é recolhido no dispositivo diariamente pelo apicultor e desidratado de imediato. É um trabalho diário e cuidadoso pois o pólen úmido sofre ataque quase imediato por bolores.</span></p>
<p><span style="font-size: large;"><a href="https://apacame.org.br/site/wp-content/uploads/2018/12/Fase-de-construcao.jpg"><img decoding="async" class="alignleft size-full wp-image-2768" src="https://apacame.org.br/site/wp-content/uploads/2018/12/Fase-de-construcao.jpg" alt="Fase-de-construcao" width="850" height="864" srcset="https://apacame.org.br/site/wp-content/uploads/2018/12/Fase-de-construcao.jpg 850w, https://apacame.org.br/site/wp-content/uploads/2018/12/Fase-de-construcao-295x300.jpg 295w, https://apacame.org.br/site/wp-content/uploads/2018/12/Fase-de-construcao-150x152.jpg 150w, https://apacame.org.br/site/wp-content/uploads/2018/12/Fase-de-construcao-492x500.jpg 492w" sizes="(max-width: 850px) 100vw, 850px" /></a>É esse o pólen usado na alimentação humana, embora a grande riqueza nutricional tem pequena assimilação dos seus componentes químicos, a explicação é fácil de entender, pois no pólen seus componentes nutricionais estão reclusos dentro de duas membranas e a externa, além de muito protetora não é digerível. Para ser assimilável o conteúdo do pólen deve ser degradado no intestino humano por enzimas digestivas e por simbiontes como as leveduras e bactérias para que uma vez liquefeito, extravase para que possa ser absorvido. Entretanto, como o seu tempo de permanência no tubo digestivo humano é relativamente curto, o processo digestório é incompleto, o aproveitamento varia apenas entre 3 a 30%.</span></p>
<p><span style="font-size: large;"><b>O pólen das abelhas sem ferrão.</b> </span></p>
<p><span style="font-size: large;">Essas abelhas têm como uma das suas características fundamentais a construção de potes especiais onde são depositados o pólen trazido e onde sofrem ação de enzimas digestivas regurgitadas pelas abelhas e da atividade do grande número de microbiotas ali existente. É processo longo e que pode levar muitos dias. No decorrer do tempo o liquido resultante extravasa pelos poros de cada pólen, passando a ser recolhido pelas abelhas e usado na alimentação ou depositado nas capsulas alveolares onde a rainha põe seus ovos. </span></p>
<p><span style="font-size: large;">O liquido nutritivo encerado nas cápsulas alveolares irá alimentar a larva até a sua transformação em pupa.</span></p>
<p><span style="font-size: large;">No pote de pólen quando todo caldo resultante do processo de digestão extracelular for consumido pelas abelhas o mesmo é lacrado, nele restando apenas material não digerível como o envoltório e os microbiotas que aí povoam, (eles podem chegar a mais de 20 gêneros).</span></p>
<p><span style="font-size: large;"><b>Potes Fechados das ASF, Comercializados.</b></span></p>
<p><span style="font-size: large;">São esses os potes fechados os comercializados “desprezados pelos indígenas como alimento “ seu valor nutricional para as abelhas foi todo retirado, mas têm um certo interesse medicinal para os humanos, pois funcionam no processo digestivo como fibras e os microbiotas aí remanescente podem enriquecer a flora intestinal. Nas pesquisas em biotecnologia vamos encontrar mais de 20 gêneros de bactérias e leveduras atuando nas diversas etapas de transformadoras do pólen. O exemplo muito interessante são os Lactobacillus encontradas em todas as etapas da digestão do pólen pelas abelhas e que também são encontrados no intestino humano.</span></p>
<p><span style="font-size: large;"><b>A pergunta que fica:</b></span></p>
<p><span style="font-size: large;">Se esses potes lacrados não têm mais utilidade para as abelhas, porque, elas simplesmente não descartam totalmente esse material. </span></p>
<p><span style="font-size: large;">Toda sociedade tem de concentrar em primeiro lugar a sua energia na obtenção de alimento, mas como a energia gasta para obter alimento e a energia empregada no descarte de material são quase as mesmas, certamente primeira opção é prioritária. Nas nossas cidades ocorrem mais ou menos o mesmo comportamento, basta ver o interesse na política do tratamento de lixo e esgoto. Os índios eram muito enfáticos, eles se alimentavam do mel e complementavam o menu com as larvas e pupas (ditas por eles como deliciosas), mas jogavam fora os potes de pólen (porcaria).</span></p>
<p><span style="font-size: large;">O grau da biodisponibilidade é determinante no aproveitamento dos nutrientes, no caso do pólen o grande fator de limitação é a sua membrana externa a exina “ ou esporoderma” somente sob a ação dos sucos digestivos o conteúdo interno pode ser liquefeito e extravasado para que possa ser aproveitado. Para alguns organismos esse grau de disponibilidade pode ser maior, haja visto os forídeos que adoram o que para abelhas é apenas entulho.</span></p>
<p><span style="font-size: large;"><b>Duas as avaliações práticas sobre o conteúdo dos potes fechados:</b></span></p>
<p><span style="font-size: large;">1 &#8211; Basta uma observação simples do material colhido e corado em uma lamina de microscopia ou uma simples observação direta ao microscópio por contraste de fase;</span></p>
<p><span style="font-size: large;">2 &#8211; Outra demonstração muito simples, basta retirar vários potes lacrados e deixar exposto externamente no meliponario. Em pouco tempo muito abelhas se interessam e passam a retirar todo envoltório de cera dos potes, deixando o conteúdo, a massa compacta de pólen. Se oferecermos os potes abertos elas levam o seu conteúdo e a cera da parede.</span></p>
<p><span style="font-size: large;">3 &#8211; A utilização dos potes fechados me faz lembrar o meu professor de zoologia, para obter material para aula pratica, preparava uma caixa fechada com apenas um pequeno furo, nela introduzia alguns potes amassados de pólen. Colocava no pátio externo e no dia seguinte a multidão de mosquinhas atraídas pelo aroma ácido era suficiente para cada um dos quarenta alunos tivessem material para estudo das suas características em laboratório. </span></p>
<p><span style="font-size: large;">Esse procedimento do professor na preparação de sua aula é muito semelhante à de alguns meliponicultores no manejo das suas abelhas. Após a divisão introduzem potes de pólen na caixa filha é um chamariz para um petisco tentador e com a defesa das abelhas ainda desorganizadas.</span><br />
<a href="https://apacame.org.br/site/wp-content/uploads/2018/12/Imagem-Microscopio.jpg"><img decoding="async" class="aligncenter size-full wp-image-2770" src="https://apacame.org.br/site/wp-content/uploads/2018/12/Imagem-Microscopio.jpg" alt="Imagem-Microscopio" width="850" height="498" srcset="https://apacame.org.br/site/wp-content/uploads/2018/12/Imagem-Microscopio.jpg 850w, https://apacame.org.br/site/wp-content/uploads/2018/12/Imagem-Microscopio-300x176.jpg 300w, https://apacame.org.br/site/wp-content/uploads/2018/12/Imagem-Microscopio-150x88.jpg 150w, https://apacame.org.br/site/wp-content/uploads/2018/12/Imagem-Microscopio-500x293.jpg 500w" sizes="(max-width: 850px) 100vw, 850px" /></a></p>

<p>PÓLEN E AS ABELHAS ENTENDENDO MELHOR Harold Brand – Biólogo – Meliponicultor – Consultor da APA. O pólen, o pequeno recipiente do precioso material genético masculino das plantas, muito cobiçado [&hellip;]</p>
