{"id":2747,"date":"2018-12-11T19:38:22","date_gmt":"2018-12-11T19:38:22","guid":{"rendered":"http:\/\/apacame.org.br\/site\/?page_id=2747"},"modified":"2018-12-11T19:57:05","modified_gmt":"2018-12-11T19:57:05","slug":"editorial","status":"publish","type":"page","link":"https:\/\/apacame.org.br\/site\/revista\/mensagem-doce-n-149-novembro-de-2018\/editorial\/","title":{"rendered":"Editorial"},"content":{"rendered":"<h1 style=\"text-align: center;\">A esperan\u00e7a da Vida<\/h1>\n<p><span style=\"font-size: large;\">Infelizmente a Apicultura brasileira teve duas perdas enormes no m\u00eas de setembro pr\u00f3ximo passado, com o falecimento do Professor Dr. Warwick Estevam Kerr e Dr. Constantino Zara Filho, presidente da APACAME, ocorridos nos dias 16 e 20\/09, respectivamente.<\/span><\/p>\n<p><span style=\"font-size: large;\">O Dr. Kerr foi o introdutor das Abelhas Ap\u00eds Mellifera Scutelata, tamb\u00e9m conhecidas como Abelhas Africanas. No inicio ele sofreu muito com os problemas da agressividade dessas abelhas. Com a realiza\u00e7\u00e3o do primeiro Congresso Brasileiro de Apicultura, ocorrido em 1970, na cidade de Florian\u00f3polis\/SC e do terceiro Congresso Brasileiro, que foi realizado em 1974 na cidade de Piracicaba\/SP, o problema aos poucos foi amenizado, e hoje, n\u00f3s temos uma Apicultura com desenvolvimento e funcionamento em todo o Brasil. Infelizmente Dr. Kerr j\u00e1 estava com idade bastante avan\u00e7ada e sua hora chegou.<\/span><\/p>\n<p><span style=\"font-size: large;\">Com rela\u00e7\u00e3o ao Dr. Constantino, foi um choque muito grande, pois ele estava em plena atividade. Durante todo o tempo que exerceu a fun\u00e7\u00e3o como Presidente da APACAME, ele n\u00e3o mediu esfor\u00e7os para faz\u00ea-la grande, n\u00e3o s\u00f3 como Associa\u00e7\u00e3o, mas tamb\u00e9m como entidade prestadora de servi\u00e7os na \u00e1rea de apicultura. Foram trinta e oito anos de dedica\u00e7\u00e3o. Infelizmente \u00e9 a vida, e a cada um, seu tempo.<\/span><\/p>\n<p><span style=\"font-size: large;\">Sauda\u00e7\u00f5es ap\u00edcolas!<\/p>\n<p><span style=\"font-size: large;\"><i><b>Radam\u00e9s Zovaro \u2013 Diretor T\u00e9cnico<\/b><\/i><\/span><\/p>\n","protected":false},"excerpt":{"rendered":"<p>A esperan\u00e7a da Vida Infelizmente a Apicultura brasileira teve duas perdas enormes no m\u00eas de setembro pr\u00f3ximo passado, com o falecimento do Professor Dr. Warwick Estevam Kerr e Dr. Constantino [&hellip;]<\/p>\n","protected":false},"author":1,"featured_media":0,"parent":2740,"menu_order":0,"comment_status":"closed","ping_status":"open","template":"","meta":{"pmpro_default_level":"","_price":"","_stock":"","_tribe_ticket_header":"","_tribe_default_ticket_provider":"","_tribe_ticket_capacity":"0","_ticket_start_date":"","_ticket_end_date":"","_tribe_ticket_show_description":"","_tribe_ticket_show_not_going":false,"_tribe_ticket_use_global_stock":"","_tribe_ticket_global_stock_level":"","_global_stock_mode":"","_global_stock_cap":"","_tribe_rsvp_for_event":"","_tribe_ticket_going_count":"","_tribe_ticket_not_going_count":"","_tribe_tickets_list":"[]","_tribe_ticket_has_attendee_info_fields":false,"cybocfi_hide_featured_image":"","footnotes":""},"class_list":["post-2747","page","type-page","status-publish","hentry","pmpro-has-access"],"_links":{"self":[{"href":"https:\/\/apacame.org.br\/site\/wp-json\/wp\/v2\/pages\/2747"}],"collection":[{"href":"https:\/\/apacame.org.br\/site\/wp-json\/wp\/v2\/pages"}],"about":[{"href":"https:\/\/apacame.org.br\/site\/wp-json\/wp\/v2\/types\/page"}],"author":[{"embeddable":true,"href":"https:\/\/apacame.org.br\/site\/wp-json\/wp\/v2\/users\/1"}],"replies":[{"embeddable":true,"href":"https:\/\/apacame.org.br\/site\/wp-json\/wp\/v2\/comments?post=2747"}],"version-history":[{"count":3,"href":"https:\/\/apacame.org.br\/site\/wp-json\/wp\/v2\/pages\/2747\/revisions"}],"predecessor-version":[{"id":2751,"href":"https:\/\/apacame.org.br\/site\/wp-json\/wp\/v2\/pages\/2747\/revisions\/2751"}],"up":[{"embeddable":true,"href":"https:\/\/apacame.org.br\/site\/wp-json\/wp\/v2\/pages\/2740"}],"wp:attachment":[{"href":"https:\/\/apacame.org.br\/site\/wp-json\/wp\/v2\/media?parent=2747"}],"curies":[{"name":"wp","href":"https:\/\/api.w.org\/{rel}","templated":true}]}}

<h1 style="text-align: center;">A esperança da Vida</h1>
<p><span style="font-size: large;">Infelizmente a Apicultura brasileira teve duas perdas enormes no mês de setembro próximo passado, com o falecimento do Professor Dr. Warwick Estevam Kerr e Dr. Constantino Zara Filho, presidente da APACAME, ocorridos nos dias 16 e 20/09, respectivamente.</span></p>
<p><span style="font-size: large;">O Dr. Kerr foi o introdutor das Abelhas Apís Mellifera Scutelata, também conhecidas como Abelhas Africanas. No inicio ele sofreu muito com os problemas da agressividade dessas abelhas. Com a realização do primeiro Congresso Brasileiro de Apicultura, ocorrido em 1970, na cidade de Florianópolis/SC e do terceiro Congresso Brasileiro, que foi realizado em 1974 na cidade de Piracicaba/SP, o problema aos poucos foi amenizado, e hoje, nós temos uma Apicultura com desenvolvimento e funcionamento em todo o Brasil. Infelizmente Dr. Kerr já estava com idade bastante avançada e sua hora chegou.</span></p>
<p><span style="font-size: large;">Com relação ao Dr. Constantino, foi um choque muito grande, pois ele estava em plena atividade. Durante todo o tempo que exerceu a função como Presidente da APACAME, ele não mediu esforços para fazê-la grande, não só como Associação, mas também como entidade prestadora de serviços na área de apicultura. Foram trinta e oito anos de dedicação. Infelizmente é a vida, e a cada um, seu tempo.</span></p>
<p><span style="font-size: large;">Saudações apícolas!</p>
<p><span style="font-size: large;"><i><b>Radamés Zovaro – Diretor Técnico</b></i></span></p>

<p>A esperança da Vida Infelizmente a Apicultura brasileira teve duas perdas enormes no mês de setembro próximo passado, com o falecimento do Professor Dr. Warwick Estevam Kerr e Dr. Constantino [&hellip;]</p>
