{"id":2740,"date":"2018-12-11T19:32:45","date_gmt":"2018-12-11T19:32:45","guid":{"rendered":"http:\/\/apacame.org.br\/site\/?page_id=2740"},"modified":"2023-08-12T23:11:45","modified_gmt":"2023-08-12T23:11:45","slug":"mensagem-doce-n-149-novembro-de-2018","status":"publish","type":"page","link":"https:\/\/apacame.org.br\/site\/revista\/mensagem-doce-n-149-novembro-de-2018\/","title":{"rendered":"Mensagem Doce  n\u00b0 149 Novembro de 2018"},"content":{"rendered":"\n<p class=\"has-text-align-center\">Capa: Abelha Apis mellifera coletando p\u00f3len<br>em floresc\u00eancia de Dente de Le\u00e3o &#8211; foto banco<br>de imagens Stock Adobe.<\/p>\n","protected":false},"excerpt":{"rendered":"<p>Capa: Abelha Apis mellifera coletando p\u00f3lenem floresc\u00eancia de Dente de Le\u00e3o &#8211; foto bancode imagens Stock Adobe.<\/p>\n","protected":false},"author":1,"featured_media":2743,"parent":587,"menu_order":0,"comment_status":"closed","ping_status":"open","template":"","meta":{"pmpro_default_level":"","_price":"","_stock":"","_tribe_ticket_header":"","_tribe_default_ticket_provider":"","_tribe_ticket_capacity":"0","_ticket_start_date":"","_ticket_end_date":"","_tribe_ticket_show_description":"","_tribe_ticket_show_not_going":false,"_tribe_ticket_use_global_stock":"","_tribe_ticket_global_stock_level":"","_global_stock_mode":"","_global_stock_cap":"","_tribe_rsvp_for_event":"","_tribe_ticket_going_count":"","_tribe_ticket_not_going_count":"","_tribe_tickets_list":"[]","_tribe_ticket_has_attendee_info_fields":false,"cybocfi_hide_featured_image":"","footnotes":""},"class_list":["post-2740","page","type-page","status-publish","has-post-thumbnail","hentry","pmpro-has-access"],"_links":{"self":[{"href":"https:\/\/apacame.org.br\/site\/wp-json\/wp\/v2\/pages\/2740"}],"collection":[{"href":"https:\/\/apacame.org.br\/site\/wp-json\/wp\/v2\/pages"}],"about":[{"href":"https:\/\/apacame.org.br\/site\/wp-json\/wp\/v2\/types\/page"}],"author":[{"embeddable":true,"href":"https:\/\/apacame.org.br\/site\/wp-json\/wp\/v2\/users\/1"}],"replies":[{"embeddable":true,"href":"https:\/\/apacame.org.br\/site\/wp-json\/wp\/v2\/comments?post=2740"}],"version-history":[{"count":2,"href":"https:\/\/apacame.org.br\/site\/wp-json\/wp\/v2\/pages\/2740\/revisions"}],"predecessor-version":[{"id":6013,"href":"https:\/\/apacame.org.br\/site\/wp-json\/wp\/v2\/pages\/2740\/revisions\/6013"}],"up":[{"embeddable":true,"href":"https:\/\/apacame.org.br\/site\/wp-json\/wp\/v2\/pages\/587"}],"wp:featuredmedia":[{"embeddable":true,"href":"https:\/\/apacame.org.br\/site\/wp-json\/wp\/v2\/media\/2743"}],"wp:attachment":[{"href":"https:\/\/apacame.org.br\/site\/wp-json\/wp\/v2\/media?parent=2740"}],"curies":[{"name":"wp","href":"https:\/\/api.w.org\/{rel}","templated":true}]}}