{"id":2704,"date":"2018-10-26T19:32:35","date_gmt":"2018-10-26T19:32:35","guid":{"rendered":"http:\/\/apacame.org.br\/site\/?page_id=2704"},"modified":"2018-10-26T19:32:35","modified_gmt":"2018-10-26T19:32:35","slug":"produtos-das-abelhas","status":"publish","type":"page","link":"https:\/\/apacame.org.br\/site\/revista\/mensagem-doce-n-148-setembro-de-2018\/produtos-das-abelhas\/","title":{"rendered":"Produtos das Abelhas"},"content":{"rendered":"<h1 style=\"text-align: center;\">CONHECENDO A GEL\u00c9IA REAL<\/h1>\n<p><span style=\"font-size: large;\"><a href=\"https:\/\/apacame.org.br\/site\/wp-content\/uploads\/2018\/10\/Geleiareal.jpg\"><img fetchpriority=\"high\" decoding=\"async\" class=\"alignright size-full wp-image-2705\" src=\"https:\/\/apacame.org.br\/site\/wp-content\/uploads\/2018\/10\/Geleiareal.jpg\" alt=\"Gel\u00e9ia real\" width=\"400\" height=\"267\" srcset=\"https:\/\/apacame.org.br\/site\/wp-content\/uploads\/2018\/10\/Geleiareal.jpg 400w, https:\/\/apacame.org.br\/site\/wp-content\/uploads\/2018\/10\/Geleiareal-300x200.jpg 300w, https:\/\/apacame.org.br\/site\/wp-content\/uploads\/2018\/10\/Geleiareal-150x100.jpg 150w\" sizes=\"(max-width: 400px) 100vw, 400px\" \/><\/a>Gel\u00e9ia Real \u00e9 uma subst\u00e2ncia viscosa, amarelada, produzida pelas abelhas. Armas para a alimenta\u00e7\u00e3o inicial dos embri\u00f5es (at\u00e9 o 3\u00b0 dia), e para a alimenta\u00e7\u00e3o da Rainha durante todo seu ciclo vital. Uma abelha normal vive em tomo de 6 semanas, enquanto a Rainha, por se alimentar ininterruptamente com Geleia Real, amplia sua vida at\u00e9 4 anos ou mais.<\/span><\/p>\n<p><span style=\"font-size: large;\"><b>COMO A GEL\u00c9IA REAL AGE EM SEU CORPO<\/b><\/span><\/p>\n<p><span style=\"font-size: large;\">Ao come\u00e7ar a se nutrir com Geleia Real, voc\u00ea notar\u00e1:<\/span><\/p>\n<p><span style=\"font-size: large;\">Elimina\u00e7\u00e3o do cansa\u00e7o f\u00edsico e mental &#8211; por ser 100% pura, Gel\u00e9ia Real cont\u00e9m: prote\u00ednas, vitaminas e sais minerais que fortificam seu organismo.<\/span><\/p>\n<p><span style=\"font-size: large;\">Normaliza\u00e7\u00e3o do apetite &#8211; agindo a Geleia Real em todo seu organismo ela equilibra as fun\u00e7\u00f5es g\u00e1stricas. <\/span><\/p>\n<p><span style=\"font-size: large;\">Ativa\u00e7\u00e3o das fun\u00e7\u00f5es cerebrais &#8211; a Geleia Real, tem a propriedade de manter o c\u00e9rebro jovem, sem o desgaste dos dias atuais e propiciando um maior rendimento da mem\u00f3ria e das atividades intelectuais.<\/span><\/p>\n<p><span style=\"font-size: large;\">Fortalecimento da energia vital &#8211; elevando as subst\u00e2ncias que seu organismo necessita diariamente, voc\u00ea ter\u00e1 mais vigor para executar suas obriga\u00e7\u00f5es e prazeres.<\/span><\/p>\n<p><span style=\"font-size: large;\">Fortifica\u00e7\u00e3o da vis\u00e3o &#8211; com nutrientes encontrados na Gel\u00e9ia Real, constatou-se que existem componentes que fortificam substancialmente o sistema ocular.<\/span><\/p>\n<p><span style=\"font-size: large;\">Regulariza\u00e7\u00e3o do aparelho digestivo &#8211; a Geleia Real, equilibra seu corpo de tal forma, que reflete em seu intestino, fazendo-o trabalhar dentro das caracter\u00edsticas de seu dia-a-dia. Tamb\u00e9m age com revigoradora do f\u00edgado.<\/span><\/p>\n<p><span style=\"font-size: large;\">Rejuvenescimento da pele &#8211; esta atua\u00e7\u00e3o se verifica tanto a n\u00edvel celular, como de epiderme, podendo ainda Geleia Real ser colocada em composi\u00e7\u00f5es de cosm\u00e9ticos.<\/span><\/p>\n<p><span style=\"font-size: large;\"><b>GEL\u00c9IA REAL N\u00c3O \u00c9 REM\u00c9DIO, \u00c9 UM ALIMENTO CONCENTRADO<\/b><\/span><\/p>\n<p><span style=\"font-size: large;\">Tem sido usada como um t\u00f4nico energ\u00e9tico para retardar os efeitos da idade, amenizar sofrimentos de doen\u00e7as cr\u00f4nicas degenerativas, em ataques epil\u00e9ticos, hepatites, cirroses, artrites, reumatismo e dist\u00farbios da menopausa.<\/span><\/p>\n<p><span style=\"font-size: large;\"><b>NUTRIENTES ENCONTRADOS NA GEL\u00c9IA REAL<\/b><\/span><\/p>\n<p><span style=\"font-size: large;\">\u00c1gua (60%); Prote\u00ednas (12% a 18%); Minerais; Amino\u00e1cidos; Elemento &#8220;R&#8221;. Vitaminas encontradas em grande quantidade: B1, B2, B3, B5, B6, B8, B9. \u00c9 encontrada em pequena quantidade vitaminas B 12.<\/span><\/p>\n<p><span style=\"font-size: large;\">Em bem pouca quantidade vitaminas A, C, D, E.<\/span><\/p>\n","protected":false},"excerpt":{"rendered":"<p>CONHECENDO A GEL\u00c9IA REAL Gel\u00e9ia Real \u00e9 uma subst\u00e2ncia viscosa, amarelada, produzida pelas abelhas. Armas para a alimenta\u00e7\u00e3o inicial dos embri\u00f5es (at\u00e9 o 3\u00b0 dia), e para a alimenta\u00e7\u00e3o da [&hellip;]<\/p>\n","protected":false},"author":1,"featured_media":0,"parent":2642,"menu_order":0,"comment_status":"open","ping_status":"open","template":"","meta":{"pmpro_default_level":"","_price":"","_stock":"","_tribe_ticket_header":"","_tribe_default_ticket_provider":"","_tribe_ticket_capacity":"0","_ticket_start_date":"","_ticket_end_date":"","_tribe_ticket_show_description":"","_tribe_ticket_show_not_going":false,"_tribe_ticket_use_global_stock":"","_tribe_ticket_global_stock_level":"","_global_stock_mode":"","_global_stock_cap":"","_tribe_rsvp_for_event":"","_tribe_ticket_going_count":"","_tribe_ticket_not_going_count":"","_tribe_tickets_list":"[]","_tribe_ticket_has_attendee_info_fields":false,"cybocfi_hide_featured_image":"","footnotes":""},"class_list":["post-2704","page","type-page","status-publish","hentry","pmpro-has-access"],"_links":{"self":[{"href":"https:\/\/apacame.org.br\/site\/wp-json\/wp\/v2\/pages\/2704"}],"collection":[{"href":"https:\/\/apacame.org.br\/site\/wp-json\/wp\/v2\/pages"}],"about":[{"href":"https:\/\/apacame.org.br\/site\/wp-json\/wp\/v2\/types\/page"}],"author":[{"embeddable":true,"href":"https:\/\/apacame.org.br\/site\/wp-json\/wp\/v2\/users\/1"}],"replies":[{"embeddable":true,"href":"https:\/\/apacame.org.br\/site\/wp-json\/wp\/v2\/comments?post=2704"}],"version-history":[{"count":2,"href":"https:\/\/apacame.org.br\/site\/wp-json\/wp\/v2\/pages\/2704\/revisions"}],"predecessor-version":[{"id":2707,"href":"https:\/\/apacame.org.br\/site\/wp-json\/wp\/v2\/pages\/2704\/revisions\/2707"}],"up":[{"embeddable":true,"href":"https:\/\/apacame.org.br\/site\/wp-json\/wp\/v2\/pages\/2642"}],"wp:attachment":[{"href":"https:\/\/apacame.org.br\/site\/wp-json\/wp\/v2\/media?parent=2704"}],"curies":[{"name":"wp","href":"https:\/\/api.w.org\/{rel}","templated":true}]}}