{"id":2686,"date":"2018-10-26T18:45:46","date_gmt":"2018-10-26T18:45:46","guid":{"rendered":"http:\/\/apacame.org.br\/site\/?page_id=2686"},"modified":"2018-10-26T18:45:46","modified_gmt":"2018-10-26T18:45:46","slug":"artigo-3","status":"publish","type":"page","link":"https:\/\/apacame.org.br\/site\/revista\/mensagem-doce-n-148-setembro-de-2018\/artigo-3\/","title":{"rendered":"Artigo"},"content":{"rendered":"<h1 style=\"text-align: center;\">Melhoramento gen\u00e9tico massal nas abelhas sem ferr\u00e3o<\/h1>\n<blockquote><p>Prof. Harold Brand &#8211; Ex titular de Gen\u00e9tica da PUC &#8211; Bi\u00f3logo \u2013 Meliponicultor \u2013 Consultor da APA.<br \/>\nProfharold <a href=\"mailto:brand@gmail.com\">brand@gmail.com<\/a><\/p><\/blockquote>\n<p><span style=\"font-size: large;\">Quando falamos em melhoramento gen\u00e9tico j\u00e1 imaginamos um laborat\u00f3rio com equipamentos complexos e uma infinidade de cientistas manipulando cromossomos e DNA. Essa imagem \u00e9 exatamente inversa no caso da manipula\u00e7\u00e3o massal. Ela pode ser feita sem grandes dificuldades pelo m\u00e9dio e grande meliponicultor para isso basta ter boa vontade e crit\u00e9rio na sele\u00e7\u00e3o das caracter\u00edsticas desej\u00e1veis. <\/span><\/p>\n<p><span style=\"font-size: large;\">O meliponicultor que trabalha com muitas fam\u00edlias da mesma esp\u00e9cie provenientes de v\u00e1rias regi\u00f5es, pode observar muitas diferen\u00e7as entre elas. Podemos citar como exemplo o melipon\u00e1rio de Piraquara formadas por muitas fam\u00edlias de manda\u00e7aias oriundas de v\u00e1rias localidades abrangendo regi\u00f5es do Rio Grande do Sul at\u00e9 ao Esp\u00edrito Santo. Elas embora mantidas nas mesmas condi\u00e7\u00f5es tenham algumas diferen\u00e7as entre si bem not\u00f3rias, no tamanho das suas popula\u00e7\u00f5es na quantidade de pr\u00f3polis formada, no volume de mel produzido, nos aspectos morfol\u00f3gicos e comportamentais. (ver artigo, Variabilidade fenot\u00edpicas das abelhas nativas publicado na Mensagem Doce 143). <\/span><\/p>\n<p><span style=\"font-size: large;\">Nota: Geneticamente \u00e9 f\u00e1cil entender as diferen\u00e7as uma vez que essas abelhas permaneceram isoladas no seu habitat particular por muito tempo.<\/span><\/p>\n<p><span style=\"font-size: large;\">Na pr\u00e1tica, como utilizar melhor as diferen\u00e7as em nosso benef\u00edcio e das abelhas? Qual das caracter\u00edsticas interessa mais o meliponicultor? Nem sempre \u00e9 f\u00e1cil fazer a escolha, podemos cometer alguns erros no direcionamento da sele\u00e7\u00e3o. Exemplificando, algumas fam\u00edlias de manda\u00e7aias chegam produzir 6 kg de geopr\u00f3polis por ano, o consumo energ\u00e9tico despendido pelas abelhas nesta fun\u00e7\u00e3o \u00e9 muito alto, ele poderia ser usado pelas abelhas no aumento da produ\u00e7\u00e3o de mel. O racioc\u00ednio aparentemente correto at\u00e9 o momento da descoberta de certas subst\u00e2ncias na geopr\u00f3polis de interesse na produ\u00e7\u00e3o de cosm\u00e9ticos.<\/span><\/p>\n<p><span style=\"font-size: large;\"> \u201cNota: a produ\u00e7\u00e3o de geopr\u00f3polis \u00e9 condicionada por dois pares de genes de comportamento mendeliano com efeito acumulativo\u201d. Atrav\u00e9s de sele\u00e7\u00e3o Massal foi conseguido fam\u00edlias praticamente sem geopr\u00f3polis. Recentemente nosso colega meliponicultor em seu melipon\u00e1rio junto ao parque Santa H\u00edllaire descobriu a pr\u00f3polis azul produzido exclusivamente pelas manda\u00e7aias e que o mesmo tem valor na produ\u00e7\u00e3o de cosm\u00e9ticos. Esse exemplo nos mostra que o crit\u00e9rio de sele\u00e7\u00e3o deve ser previamente muito bem avaliado. As perguntas a ser respondido, o que queremos realmente das nossas abelhas? Mel? Pr\u00f3polis? Poliniza\u00e7\u00e3o? Obten\u00e7\u00e3o de medicamentos (mel expresso)? A sele\u00e7\u00e3o massal nas abelhas \u00e9 relativamente simples uma vez que as abelhas rainha t\u00eam o dobro do material gen\u00e9tico do zang\u00e3o. Al\u00e9m disso, a rainha com as caracter\u00edsticas desejadas \u00e9 f\u00e1cil de obter, pois basta retirar um disco de cria nascente (ou uma realeira no caso das Trigoninis) de uma colmeia com as caracter\u00edsticas desejadas. Esse disco nos fornecera muitas rainhas geneticamente potencializadas. A descend\u00eancia masculina dessa rainha selecionada herdar\u00e1 exclusivamente o seu patrim\u00f4nio gen\u00e9tico e que por sua vez ir\u00e1 aumentar a frequ\u00eancia de machos melhor dotados. A descend\u00eancia feminina dessa rainha ter\u00e1 a metade do seu patrim\u00f4nio e a outra metade aleat\u00f3ria dependendo do zang\u00e3o que a fecundou.<\/span><\/p>\n<p><span style=\"font-size: large;\">Em resumo: A sele\u00e7\u00e3o massal no melhoramento gen\u00e9tico tem por objetivo o aumento da frequ\u00eancia dos alelos favor\u00e1veis ou desej\u00e1veis baseado apenas no fen\u00f3tipo dos organismos manipulados. Prepara\u00e7\u00e3o da Fam\u00edlia M\u00e3e no Manejo do Melhoramento Massal. A futura fam\u00edlia m\u00e3e deve ser escolhida entre as colmeias que tenha como caracter\u00edstica grande n\u00famero de abelhas. Ela permanecer\u00e1 no seu local, onde receber\u00e1 o modulo preparado com os discos de cria nascentes selecionados de outra colmeia. <\/span><\/p>\n<p><span style=\"font-size: large;\"><b>Divis\u00e3o Propriamente Dita<\/b><\/span><\/p>\n<p><span style=\"font-size: large;\">Nessa etapa do desenvolvimento se tivermos curiosidade podemos abrir uma pequena abertura no revestimento e observar no seu interior um conjunto de abelhas rec\u00e9m eclodidas e tamb\u00e9m de outras faixas et\u00e1rias e uma ou mais abelhas de abd\u00f4men menor e escuro as princesas (no caso da tribo Meliponini). Nesse momento o modulo se torna apto a ser separada da caixa m\u00e3e. A separa\u00e7\u00e3o \u00e9 muito simples basta colocar o m\u00f3dulo 3 sobre a base (m\u00f3dulo 1). Este conjunto assim formado constituir\u00e1 a col\u00f4nia filha. A remanescente caixa m\u00e3e (m\u00f3dulo 2) receber\u00e1 um novo modulo base e ser\u00e1 transportada a outro local. <\/span><\/p>\n<p><span style=\"font-size: large;\">Essa manobra n\u00e3o danifica nenhuma estrutura e, portanto n\u00e3o vai despertar o interesse dos for\u00eddeos. (essas moscas s\u00e3o apenas predadores oportunistas). Esse procedimento permite que a col\u00f4nia filha com o disco selecionado tenha abelhas de todas as faixas et\u00e1rias, novas, mais velhas e inclusive campeiras da caixa m\u00e3e. O resultado \u00e9 uma popula\u00e7\u00e3o em perfeito equil\u00edbrio, com as abelhas realizando todas as fun\u00e7\u00f5es. <\/span><\/p>\n<p><span style=\"font-size: large;\"><b>Acompanhamento;<\/b><\/span><\/p>\n<p><span style=\"font-size: large;\">Duas semanas ap\u00f3s a separa\u00e7\u00e3o \u00e9 interessante colocar um novo disco de cria nascente destinado a fornecer abelhas novas para manter o equil\u00edbrio das faixas et\u00e1rias. Esse novo disco suplementar pode ser retirado de uma col\u00f4nia sem interesse gen\u00e9tico, pois s\u00f3 fornecera oper\u00e1rias.<\/span><\/p>\n<div id='gallery-1' class='gallery galleryid-2686 gallery-columns-1 gallery-size-full'><figure class='gallery-item'>\n\t\t\t<div class='gallery-icon portrait'>\n\t\t\t\t<a href='https:\/\/apacame.org.br\/site\/wp-content\/uploads\/2018\/10\/Melhoramentogenetico_1.jpg'><img fetchpriority=\"high\" decoding=\"async\" width=\"800\" height=\"956\" src=\"https:\/\/apacame.org.br\/site\/wp-content\/uploads\/2018\/10\/Melhoramentogenetico_1.jpg\" class=\"attachment-full size-full\" alt=\"\" srcset=\"https:\/\/apacame.org.br\/site\/wp-content\/uploads\/2018\/10\/Melhoramentogenetico_1.jpg 800w, https:\/\/apacame.org.br\/site\/wp-content\/uploads\/2018\/10\/Melhoramentogenetico_1-251x300.jpg 251w, https:\/\/apacame.org.br\/site\/wp-content\/uploads\/2018\/10\/Melhoramentogenetico_1-150x179.jpg 150w, https:\/\/apacame.org.br\/site\/wp-content\/uploads\/2018\/10\/Melhoramentogenetico_1-418x500.jpg 418w\" sizes=\"(max-width: 800px) 100vw, 800px\" \/><\/a>\n\t\t\t<\/div><\/figure><figure class='gallery-item'>\n\t\t\t<div class='gallery-icon portrait'>\n\t\t\t\t<a href='https:\/\/apacame.org.br\/site\/wp-content\/uploads\/2018\/10\/Melhoramentogenetico_2.jpg'><img decoding=\"async\" width=\"800\" height=\"955\" src=\"https:\/\/apacame.org.br\/site\/wp-content\/uploads\/2018\/10\/Melhoramentogenetico_2.jpg\" class=\"attachment-full size-full\" alt=\"\" srcset=\"https:\/\/apacame.org.br\/site\/wp-content\/uploads\/2018\/10\/Melhoramentogenetico_2.jpg 800w, https:\/\/apacame.org.br\/site\/wp-content\/uploads\/2018\/10\/Melhoramentogenetico_2-251x300.jpg 251w, https:\/\/apacame.org.br\/site\/wp-content\/uploads\/2018\/10\/Melhoramentogenetico_2-150x179.jpg 150w, https:\/\/apacame.org.br\/site\/wp-content\/uploads\/2018\/10\/Melhoramentogenetico_2-419x500.jpg 419w\" sizes=\"(max-width: 800px) 100vw, 800px\" \/><\/a>\n\t\t\t<\/div><\/figure>\n\t\t<\/div>\n\n","protected":false},"excerpt":{"rendered":"<p>Melhoramento gen\u00e9tico massal nas abelhas sem ferr\u00e3o Prof. Harold Brand &#8211; Ex titular de Gen\u00e9tica da PUC &#8211; Bi\u00f3logo \u2013 Meliponicultor \u2013 Consultor da APA. Profharold brand@gmail.com Quando falamos em [&hellip;]<\/p>\n","protected":false},"author":1,"featured_media":0,"parent":2642,"menu_order":0,"comment_status":"open","ping_status":"open","template":"","meta":{"pmpro_default_level":"","_price":"","_stock":"","_tribe_ticket_header":"","_tribe_default_ticket_provider":"","_tribe_ticket_capacity":"0","_ticket_start_date":"","_ticket_end_date":"","_tribe_ticket_show_description":"","_tribe_ticket_show_not_going":false,"_tribe_ticket_use_global_stock":"","_tribe_ticket_global_stock_level":"","_global_stock_mode":"","_global_stock_cap":"","_tribe_rsvp_for_event":"","_tribe_ticket_going_count":"","_tribe_ticket_not_going_count":"","_tribe_tickets_list":"[]","_tribe_ticket_has_attendee_info_fields":false,"cybocfi_hide_featured_image":"","footnotes":""},"class_list":["post-2686","page","type-page","status-publish","hentry","pmpro-has-access"],"_links":{"self":[{"href":"https:\/\/apacame.org.br\/site\/wp-json\/wp\/v2\/pages\/2686"}],"collection":[{"href":"https:\/\/apacame.org.br\/site\/wp-json\/wp\/v2\/pages"}],"about":[{"href":"https:\/\/apacame.org.br\/site\/wp-json\/wp\/v2\/types\/page"}],"author":[{"embeddable":true,"href":"https:\/\/apacame.org.br\/site\/wp-json\/wp\/v2\/users\/1"}],"replies":[{"embeddable":true,"href":"https:\/\/apacame.org.br\/site\/wp-json\/wp\/v2\/comments?post=2686"}],"version-history":[{"count":2,"href":"https:\/\/apacame.org.br\/site\/wp-json\/wp\/v2\/pages\/2686\/revisions"}],"predecessor-version":[{"id":2690,"href":"https:\/\/apacame.org.br\/site\/wp-json\/wp\/v2\/pages\/2686\/revisions\/2690"}],"up":[{"embeddable":true,"href":"https:\/\/apacame.org.br\/site\/wp-json\/wp\/v2\/pages\/2642"}],"wp:attachment":[{"href":"https:\/\/apacame.org.br\/site\/wp-json\/wp\/v2\/media?parent=2686"}],"curies":[{"name":"wp","href":"https:\/\/api.w.org\/{rel}","templated":true}]}}