{"id":2651,"date":"2018-10-26T17:10:07","date_gmt":"2018-10-26T17:10:07","guid":{"rendered":"http:\/\/apacame.org.br\/site\/?page_id=2651"},"modified":"2018-10-26T17:10:32","modified_gmt":"2018-10-26T17:10:32","slug":"editorial","status":"publish","type":"page","link":"https:\/\/apacame.org.br\/site\/revista\/mensagem-doce-n-148-setembro-de-2018\/editorial\/","title":{"rendered":"Editorial"},"content":{"rendered":"<h1 style=\"text-align: center;\">TEMPO DE DIFICULDADES<\/h1>\n<p><span style=\"font-size: large;\">Inegavelmente o Brasil atravessa um tempo de dificuldades h\u00e1 muito que n\u00e3o v\u00edamos.<\/span><\/p>\n<p><span style=\"font-size: large;\">Dificuldades no setor econ\u00f4mico com o c\u00e2mbio atingindo valores alt\u00edssimos;<\/span><\/p>\n<p><span style=\"font-size: large;\">Dificuldades no setor p\u00fablico com as not\u00edcias di\u00e1rias de corrup\u00e7\u00e3o em todas as esferas;<\/span><\/p>\n<p><span style=\"font-size: large;\">Dificuldades na educa\u00e7\u00e3o quando o pr\u00f3prio Ministro da Educa\u00e7\u00e3o vem a p\u00fablico para dizer que o ensino de segundo grau brasileiro est\u00e1 falido;<\/span><\/p>\n<p><span style=\"font-size: large;\">Dificuldades na pol\u00edtica com a maioria dos pol\u00edticos denunciados por corrup\u00e7\u00e3o e neste momento, as v\u00e9speras da elei\u00e7\u00e3o para Presidente da Rep\u00fablica n\u00e3o termos um nome sequer para aglutinar os interesses em prol do desenvolvimento brasileiro;<\/span><\/p>\n<p><span style=\"font-size: large;\">Dificuldades na cultura brasileira que, com a destrui\u00e7\u00e3o do Museu Nacional, ficou claro que todos os museus e acervo cultural do Brasil, que ainda existem, est\u00e3o em risco, j\u00e1 que muitos foram destru\u00eddos por inc\u00eandios anteriores.<\/span><\/p>\n<p><span style=\"font-size: large;\">Dificuldades no setor acad\u00eamico com a sua quase total paralisa\u00e7\u00e3o como demonstra a dificuldade em se obter artigos cient\u00edficos sobre apicultura e meliponicultura para publica\u00e7\u00e3o;<\/span><\/p>\n<p><span style=\"font-size: large;\">Dificuldades ante o desrespeito ao estado democr\u00e1tico de direito numa atitude clara de quanto pior, melhor para muitos pol\u00edticos que almejam somente o poder, custe o que custar, mesmo que seja a vida do oponente;<\/span><\/p>\n<p><span style=\"font-size: large;\">Dificuldades no crescimento da produ\u00e7\u00e3o ap\u00edcola ante a aplica\u00e7\u00e3o indiscriminada de agrot\u00f3xicos proibidos mundialmente.<\/span><\/p>\n<p><span style=\"font-size: large;\">E, quem s\u00e3o os culpados e, quem vai pagar a conta?<\/span><\/p>\n<p><span style=\"font-size: large;\">N\u00f3s mesmos que temos escolhido desonestos para nos representar.<\/span><\/p>\n<p><span style=\"font-size: large;\">E, quem pode resolver essas dificuldades?<\/span><\/p>\n<p><span style=\"font-size: large;\">N\u00f3s mesmos analisando com a raz\u00e3o e pensando no coletivo para escolher os nossos representantes na Presid\u00eancia da Rep\u00fablica, no Senado, nas C\u00e2maras Federal e Estaduais, bem como os governadores estaduais.<\/span><\/p>\n<p><span style=\"font-size: large;\">Somente assim ser\u00e1 poss\u00edvel sairmos desse tempo de dificuldades.<\/span><\/p>\n<p><span style=\"font-size: large;\"><i><b>Constantino Zara Filho \u2013 Presidente Executivo<\/b><\/i><\/span><\/p>\n","protected":false},"excerpt":{"rendered":"<p>TEMPO DE DIFICULDADES Inegavelmente o Brasil atravessa um tempo de dificuldades h\u00e1 muito que n\u00e3o v\u00edamos. Dificuldades no setor econ\u00f4mico com o c\u00e2mbio atingindo valores alt\u00edssimos; Dificuldades no setor p\u00fablico [&hellip;]<\/p>\n","protected":false},"author":1,"featured_media":0,"parent":2642,"menu_order":0,"comment_status":"open","ping_status":"open","template":"","meta":{"pmpro_default_level":"","_price":"","_stock":"","_tribe_ticket_header":"","_tribe_default_ticket_provider":"","_tribe_ticket_capacity":"0","_ticket_start_date":"","_ticket_end_date":"","_tribe_ticket_show_description":"","_tribe_ticket_show_not_going":false,"_tribe_ticket_use_global_stock":"","_tribe_ticket_global_stock_level":"","_global_stock_mode":"","_global_stock_cap":"","_tribe_rsvp_for_event":"","_tribe_ticket_going_count":"","_tribe_ticket_not_going_count":"","_tribe_tickets_list":"[]","_tribe_ticket_has_attendee_info_fields":false,"cybocfi_hide_featured_image":"","footnotes":""},"class_list":["post-2651","page","type-page","status-publish","hentry","pmpro-has-access"],"_links":{"self":[{"href":"https:\/\/apacame.org.br\/site\/wp-json\/wp\/v2\/pages\/2651"}],"collection":[{"href":"https:\/\/apacame.org.br\/site\/wp-json\/wp\/v2\/pages"}],"about":[{"href":"https:\/\/apacame.org.br\/site\/wp-json\/wp\/v2\/types\/page"}],"author":[{"embeddable":true,"href":"https:\/\/apacame.org.br\/site\/wp-json\/wp\/v2\/users\/1"}],"replies":[{"embeddable":true,"href":"https:\/\/apacame.org.br\/site\/wp-json\/wp\/v2\/comments?post=2651"}],"version-history":[{"count":2,"href":"https:\/\/apacame.org.br\/site\/wp-json\/wp\/v2\/pages\/2651\/revisions"}],"predecessor-version":[{"id":2653,"href":"https:\/\/apacame.org.br\/site\/wp-json\/wp\/v2\/pages\/2651\/revisions\/2653"}],"up":[{"embeddable":true,"href":"https:\/\/apacame.org.br\/site\/wp-json\/wp\/v2\/pages\/2642"}],"wp:attachment":[{"href":"https:\/\/apacame.org.br\/site\/wp-json\/wp\/v2\/media?parent=2651"}],"curies":[{"name":"wp","href":"https:\/\/api.w.org\/{rel}","templated":true}]}}