{"id":2572,"date":"2018-08-07T20:40:09","date_gmt":"2018-08-07T20:40:09","guid":{"rendered":"http:\/\/apacame.org.br\/site\/?page_id=2572"},"modified":"2018-08-07T20:41:02","modified_gmt":"2018-08-07T20:41:02","slug":"comentario","status":"publish","type":"page","link":"https:\/\/apacame.org.br\/site\/revista\/mensagem-doce-n-147-julho-de-2018\/comentario\/","title":{"rendered":"Coment\u00e1rio"},"content":{"rendered":"<h1 style=\"text-align: center;\">XXII CONGRESSO BRASILEIRO de APICULTURA VIII CONGRESSO BRASILEIRO DE MELIPONICULTURA<\/h1>\n<blockquote><p>Texto: Eloi Viana da Silva<\/p><\/blockquote>\n<p><span style=\"font-size: large;\">R<\/span><span style=\"font-size: large;\"><a href=\"https:\/\/apacame.org.br\/site\/wp-content\/uploads\/2018\/08\/Figura-Comentario.jpg\"><img fetchpriority=\"high\" decoding=\"async\" class=\" size-full wp-image-2573 alignright\" src=\"https:\/\/apacame.org.br\/site\/wp-content\/uploads\/2018\/08\/Figura-Comentario.jpg\" alt=\"Comentario\" width=\"400\" height=\"298\" srcset=\"https:\/\/apacame.org.br\/site\/wp-content\/uploads\/2018\/08\/Figura-Comentario.jpg 400w, https:\/\/apacame.org.br\/site\/wp-content\/uploads\/2018\/08\/Figura-Comentario-300x224.jpg 300w, https:\/\/apacame.org.br\/site\/wp-content\/uploads\/2018\/08\/Figura-Comentario-150x112.jpg 150w\" sizes=\"(max-width: 400px) 100vw, 400px\" \/><\/a><\/span><span style=\"font-size: large;\">ealizados em Joinville &#8211; SC. Foi um grande sucesso tanto na Exposi\u00e7\u00e3o de Equipamentos e Produtos Ap\u00edcolas e com boas palestras e \u00f3timas discuss\u00f5es sobre diversos assuntos, foi uma pena que n\u00e3o podemos assistir a todas, mas selecionamos as mais importantes que achamos no momento e as que estavam em mais evid\u00eancia, Bem organizadas as palestras e mini-cursos, deixando a desejar a abertura e o encerramento.<\/span><\/p>\n<p><span style=\"font-size: large;\">Houve uma grande discuss\u00e3o sobre os agrot\u00f3xicos (venenos) que s\u00e3o pulverizados indiscriminadamente nas planta\u00e7\u00f5es sem controle nenhum, por parte dos grandes agricultores utilizando a pulveriza\u00e7\u00e3o a\u00e9rea, que n\u00e3o matam somente as Abelhas, como, tamb\u00e9m, outros insetos, sapos, p\u00e1ssaros, e outros que comem os mesmos, e at\u00e9 as pessoas com uma grande incid\u00eancia de c\u00e2ncer que j\u00e1 est\u00e1 acontecendo nesse ambiente, tudo isso discutido e comprovado com os dados atualizados junto \u00e0 comunidade cientifica que l\u00e1 estavam.<\/span><\/p>\n<p><span style=\"font-size: large;\">Os representantes dos produtores de venenos vieram com um programa colmeia viva propondo que os apicultores fechem as colmeias e as abram 4 horas depois e as abelhas n\u00e3o morreriam. Mas s\u00f3 se esqueceram da grande quantidade de abelhas que est\u00e3o a solta na natureza, principalmente as nativas! Na realidade onde se usa os venenos n\u00e3o h\u00e1 vida, e logo esse programa foi batizado pelos presentes de (Colmeia Morta). Foi colocado por eles um site (www.colmeiaviva.com.br) e um telefone 0800 771 8000 para atendimento, aqueles que tiverem suas colmeias mortas, e se comprovada a morte das abelhas pelos agrot\u00f3xicos os apicultores n\u00e3o ser\u00e3o ressarcidos dos preju\u00edzos. Ser\u00e1 apenas para fins de estat\u00edstica. <\/span><\/p>\n<p><span style=\"font-size: large;\">Essa quest\u00e3o esta sendo discutida na (ALESP) com dois projetos de lei PL 405 e PL 406 do deputado Padre Afonso Lobato do PV. Para proibi\u00e7\u00e3o da comercializa\u00e7\u00e3o desses produtos, e proibi\u00e7\u00e3o da pulveriza\u00e7\u00e3o a\u00e9rea.<\/span><\/p>\n<p><span style=\"font-size: large;\">Outra grande discuss\u00e3o foi sobre a uni\u00e3o entre os apicultores, tendo como exemplo o estado de Santa Catarina que \u00e9 um bom exemplo, mas no resto do pa\u00eds deixa muito a desejar, por exemplo, o Estado de S\u00e3o Paulo que tem uma federa\u00e7\u00e3o, onde o presidente Sr. Alcindo Alves afirmou que foi eleito por apenas 6 associa\u00e7\u00f5es. \u00c9 necess\u00e1rio que haja uma melhor comunica\u00e7\u00e3o entre ambas, e que exista um trabalho de abelhinhas mesmo junto as associa\u00e7\u00f5es e aos pequenos apicultores e se n\u00e3o trabalharmos com uma estrutura de uni\u00e3o e t\u00e9cnica junto aos pequenos nunca vamos ser uma grande potencia na apicultura, porque nos congressos s\u00e3o apresentados grandes projetos que n\u00e3o v\u00e3o chegar a lugar nenhum. Falta muito das associa\u00e7\u00f5es, federa\u00e7\u00f5es e confedera\u00e7\u00e3o, para explorar o grande potencial que temos, para isso como j\u00e1 dito temos de come\u00e7ar com os pequenos para sermos grandes. <\/span><\/p>\n<p><span style=\"font-size: large;\">Para ter uma ideia o Brasil produz em media 15 quilos por colmeia ano, EUA 30, M\u00e9xico 25, Argentina 35\/40, China 50. Eu acredito que seja esse o caminho. O consumo de mel na Su\u00ed\u00e7a 1500g por pessoa, Alemanha 960g por pessoa, EUA 910g por pessoa, Brasil 60g a 100g por pessoa.<\/span><\/p>\n<p><span style=\"font-size: large;\">Outro ponto discutido foi a entrada de mel Argentino para o Brasil. Como \u00e9 sabido o mel de l\u00e1 tem uma grande contamina\u00e7\u00e3o de Cria P\u00fatrida Americana, que mata as colmeias, e se esse mel entrar no Brasil temos grandes chances de contaminar nossas abelhas, por esta raz\u00e3o n\u00e3o podemos importar esse produto, para mantermos nossas colmeias sadias. <\/span><\/p>\n<p><span style=\"font-size: large;\">Tudo isso foi apresentado numa palestra do Prof. Dejair Message, defendendo e comprovando a seriedade do problema.<\/span><\/p>\n<p><span style=\"font-size: large;\"><b>Assembleia Geral da CBA.<\/b><\/span><\/p>\n<p><span style=\"font-size: large;\">Atendendo o disposto no Estatuto da CBA, foi feito um balan\u00e7o dos \u00faltimos anos de atividades da presid\u00eancia atual, apresentado um balancete e lido para os presentes, com fechamento de contas etc., sendo muito contestado pelos presidentes das federa\u00e7\u00f5es presente na assembleia, sugerindo que gostariam que o Balancete Financeiro fosse entregue com anteced\u00eancia para analise, e ficou acertado que na pr\u00f3xima reuni\u00e3o da CBA, esse balancete seja entregue com anteced\u00eancia para analise dos mesmos. Ap\u00f3s tudo isso foi apresentado a chapa \u00fanica com o Sr. Jose Soares de Arag\u00e3o Brito, como presidente e mantendo todos os integrantes da gest\u00e3o anterior, com exce\u00e7\u00e3o de um dos integrantes que pediu exonera\u00e7\u00e3o, o Sr. N\u00e9sio Fernandes de Medeiros, de Santa Catarina. <\/span><\/p>\n<p><span style=\"font-size: large;\">Ap\u00f3s toda essa discuss\u00e3o foi realizada a elei\u00e7\u00e3o que teve apenas 13 federa\u00e7\u00f5es com direto a voto, Bras\u00edlia, GO, RS, SP, SC, AM, BA, SE, RN, PI, ES, RJ, e AL. Com Chapa \u00fanica eleita, a mesa fez o anuncio da Chapa vencedora, em seguida o presidente eleito fez seu discurso de posse. Logo ap\u00f3s foi aberto para a candidatura das cidades para o congresso de 2022, com apenas uma cidade concorrente, Cidade de Engenheiro Coelho em SP, na sede da Universidade Adventista De S\u00e3o Paulo, (UNASP), sendo representado pelo Sr Edson Resende e o Prof. Paulo, Reitor, fazendo uma explana\u00e7\u00e3o das instala\u00e7\u00f5es e colocando toda a estrutura da (UNASP) a disposi\u00e7\u00e3o do Congresso de 2022 e da FAAMESP.<\/span><\/p>\n<p><span style=\"font-size: large;\">No dia 19 de maio sa\u00edmos para a visita t\u00e9cnica, primeiro fomos ao entreposto (Breyer Produtos Naturais), em Porto Uni\u00e3o &#8211; PR e Uni\u00e3o da Vitoria &#8211; SC, cidade dividida por uma estrada de ferro as margens do Rio Igua\u00e7u, entreposto com uma estrutura fant\u00e1stica e com uma organiza\u00e7\u00e3o exemplar, junto com os apicultores da regi\u00e3o, e at\u00e9 de outros estados do Brasil, mostrando como \u00e9 poss\u00edvel fazer apicultura racional e com muito trabalho, foi apresentado no local v\u00e1rias caixas iscas com rainhas novas sendo preparadas para a pr\u00f3xima safra. <\/span><\/p>\n<p><span style=\"font-size: large;\">Ap\u00f3s rodar 280 km de Joinville ate l\u00e1, Almo\u00e7amos na cidade. Na volta passamos por Mafra SC no entreposto da fam\u00edlia (Sommer) tradicional na apicultura catarinense, onde por ser muito tarde fomos prejudicados, pois nessa \u00e9poca do ano fica escuro muito cedo, mas existe l\u00e1 um museu da apicultura muito interessante que vale apena ser visto, tamb\u00e9m foi mostrada uma produ\u00e7\u00e3o de rainha, que eles fazem com bastante cuidado. Muito legal mesmo, bem amigos foi isso um pouco de que em particular vi no congresso, abra\u00e7os e ate Bras\u00edlia em 2020.<\/span><\/p>\n","protected":false},"excerpt":{"rendered":"<p>XXII CONGRESSO BRASILEIRO de APICULTURA VIII CONGRESSO BRASILEIRO DE MELIPONICULTURA Texto: Eloi Viana da Silva Realizados em Joinville &#8211; SC. Foi um grande sucesso tanto na Exposi\u00e7\u00e3o de Equipamentos e [&hellip;]<\/p>\n","protected":false},"author":1,"featured_media":0,"parent":2517,"menu_order":0,"comment_status":"open","ping_status":"open","template":"","meta":{"pmpro_default_level":"","_price":"","_stock":"","_tribe_ticket_header":"","_tribe_default_ticket_provider":"","_tribe_ticket_capacity":"0","_ticket_start_date":"","_ticket_end_date":"","_tribe_ticket_show_description":"","_tribe_ticket_show_not_going":false,"_tribe_ticket_use_global_stock":"","_tribe_ticket_global_stock_level":"","_global_stock_mode":"","_global_stock_cap":"","_tribe_rsvp_for_event":"","_tribe_ticket_going_count":"","_tribe_ticket_not_going_count":"","_tribe_tickets_list":"[]","_tribe_ticket_has_attendee_info_fields":false,"cybocfi_hide_featured_image":"","footnotes":""},"class_list":["post-2572","page","type-page","status-publish","hentry","pmpro-has-access"],"_links":{"self":[{"href":"https:\/\/apacame.org.br\/site\/wp-json\/wp\/v2\/pages\/2572"}],"collection":[{"href":"https:\/\/apacame.org.br\/site\/wp-json\/wp\/v2\/pages"}],"about":[{"href":"https:\/\/apacame.org.br\/site\/wp-json\/wp\/v2\/types\/page"}],"author":[{"embeddable":true,"href":"https:\/\/apacame.org.br\/site\/wp-json\/wp\/v2\/users\/1"}],"replies":[{"embeddable":true,"href":"https:\/\/apacame.org.br\/site\/wp-json\/wp\/v2\/comments?post=2572"}],"version-history":[{"count":3,"href":"https:\/\/apacame.org.br\/site\/wp-json\/wp\/v2\/pages\/2572\/revisions"}],"predecessor-version":[{"id":2575,"href":"https:\/\/apacame.org.br\/site\/wp-json\/wp\/v2\/pages\/2572\/revisions\/2575"}],"up":[{"embeddable":true,"href":"https:\/\/apacame.org.br\/site\/wp-json\/wp\/v2\/pages\/2517"}],"wp:attachment":[{"href":"https:\/\/apacame.org.br\/site\/wp-json\/wp\/v2\/media?parent=2572"}],"curies":[{"name":"wp","href":"https:\/\/api.w.org\/{rel}","templated":true}]}}