{"id":2517,"date":"2018-08-06T18:26:44","date_gmt":"2018-08-06T18:26:44","guid":{"rendered":"http:\/\/apacame.org.br\/site\/?page_id=2517"},"modified":"2023-08-12T23:43:08","modified_gmt":"2023-08-12T23:43:08","slug":"mensagem-doce-n-147-julho-de-2018","status":"publish","type":"page","link":"https:\/\/apacame.org.br\/site\/revista\/mensagem-doce-n-147-julho-de-2018\/","title":{"rendered":"Mensagem Doce  n\u00b0 147 Julho de 2018"},"content":{"rendered":"\n<p class=\"has-text-align-center\">Capa: Apis mellifera coletando p\u00f3len em<br>floresc\u00eancia do a\u00e7afr\u00e3o (Crocus Sativus)<br>foto banco de imagens Pixabay CCO criative<br>commons).<\/p>\n","protected":false},"excerpt":{"rendered":"<p>Capa: Apis mellifera coletando p\u00f3len emfloresc\u00eancia do a\u00e7afr\u00e3o (Crocus Sativus)foto banco de imagens Pixabay CCO criativecommons).<\/p>\n","protected":false},"author":1,"featured_media":1978,"parent":587,"menu_order":0,"comment_status":"open","ping_status":"open","template":"","meta":{"pmpro_default_level":"","_price":"","_stock":"","_tribe_ticket_header":"","_tribe_default_ticket_provider":"","_tribe_ticket_capacity":"0","_ticket_start_date":"","_ticket_end_date":"","_tribe_ticket_show_description":"","_tribe_ticket_show_not_going":false,"_tribe_ticket_use_global_stock":"","_tribe_ticket_global_stock_level":"","_global_stock_mode":"","_global_stock_cap":"","_tribe_rsvp_for_event":"","_tribe_ticket_going_count":"","_tribe_ticket_not_going_count":"","_tribe_tickets_list":"[]","_tribe_ticket_has_attendee_info_fields":false,"cybocfi_hide_featured_image":"","footnotes":""},"class_list":["post-2517","page","type-page","status-publish","has-post-thumbnail","hentry","pmpro-has-access"],"_links":{"self":[{"href":"https:\/\/apacame.org.br\/site\/wp-json\/wp\/v2\/pages\/2517"}],"collection":[{"href":"https:\/\/apacame.org.br\/site\/wp-json\/wp\/v2\/pages"}],"about":[{"href":"https:\/\/apacame.org.br\/site\/wp-json\/wp\/v2\/types\/page"}],"author":[{"embeddable":true,"href":"https:\/\/apacame.org.br\/site\/wp-json\/wp\/v2\/users\/1"}],"replies":[{"embeddable":true,"href":"https:\/\/apacame.org.br\/site\/wp-json\/wp\/v2\/comments?post=2517"}],"version-history":[{"count":6,"href":"https:\/\/apacame.org.br\/site\/wp-json\/wp\/v2\/pages\/2517\/revisions"}],"predecessor-version":[{"id":6027,"href":"https:\/\/apacame.org.br\/site\/wp-json\/wp\/v2\/pages\/2517\/revisions\/6027"}],"up":[{"embeddable":true,"href":"https:\/\/apacame.org.br\/site\/wp-json\/wp\/v2\/pages\/587"}],"wp:featuredmedia":[{"embeddable":true,"href":"https:\/\/apacame.org.br\/site\/wp-json\/wp\/v2\/media\/1978"}],"wp:attachment":[{"href":"https:\/\/apacame.org.br\/site\/wp-json\/wp\/v2\/media?parent=2517"}],"curies":[{"name":"wp","href":"https:\/\/api.w.org\/{rel}","templated":true}]}}