{"id":2319,"date":"2018-04-04T00:02:51","date_gmt":"2018-04-04T00:02:51","guid":{"rendered":"http:\/\/apacame.org.br\/site\/?page_id=2319"},"modified":"2018-04-04T00:02:51","modified_gmt":"2018-04-04T00:02:51","slug":"artigo-2","status":"publish","type":"page","link":"https:\/\/apacame.org.br\/site\/revista\/mensagem-doce-n-145-marco-de-2018\/artigo-2\/","title":{"rendered":"Artigo"},"content":{"rendered":"<h1 style=\"text-align: center;\">Como ser\u00e1 2018 na Apicultura<\/h1>\n<blockquote><p>Radam\u00e9s Zovaro \u2013 Empres\u00e1rio Ap\u00edcola e Diretor T\u00e9cnico da APACAME<\/p><\/blockquote>\n<p><a href=\"https:\/\/apacame.org.br\/site\/wp-content\/uploads\/2018\/04\/Figura-1-como-sera.jpg\"><img fetchpriority=\"high\" decoding=\"async\" class=\"alignleft wp-image-2320 size-medium\" src=\"https:\/\/apacame.org.br\/site\/wp-content\/uploads\/2018\/04\/Figura-1-como-sera-300x184.jpg\" alt=\"Como ser\u00e1?\" width=\"300\" height=\"184\" srcset=\"https:\/\/apacame.org.br\/site\/wp-content\/uploads\/2018\/04\/Figura-1-como-sera-300x184.jpg 300w, https:\/\/apacame.org.br\/site\/wp-content\/uploads\/2018\/04\/Figura-1-como-sera-570x350.jpg 570w, https:\/\/apacame.org.br\/site\/wp-content\/uploads\/2018\/04\/Figura-1-como-sera-150x92.jpg 150w, https:\/\/apacame.org.br\/site\/wp-content\/uploads\/2018\/04\/Figura-1-como-sera-500x307.jpg 500w, https:\/\/apacame.org.br\/site\/wp-content\/uploads\/2018\/04\/Figura-1-como-sera.jpg 748w\" sizes=\"(max-width: 300px) 100vw, 300px\" \/><\/a><\/p>\n<p><span style=\"font-size: large;\">Em 2017 a n\u00edvel mundial tivemos o 45\u00aa Congresso Mundial de Apicultura, promovido pela APIMONDIA, realizado na cidade de Istambul situada na regi\u00e3o Europeia da Turquia. Foi o melhor Congresso que assisti, tanto na parte de palestras, como na feira e na visita t\u00e9cnica.<\/span><\/p>\n<p><span style=\"font-size: large;\">Parab\u00e9ns aos organizadores do evento, por proporcionar um Congresso desse n\u00edvel.<\/span><\/p>\n<p><span style=\"font-size: large;\">Com rela\u00e7\u00e3o ao Brasil, tivemos um ano de muita turbul\u00eancia em fun\u00e7\u00e3o de varias coisas que aconteceram tanto no campo politico como no setor ap\u00edcola, principalmente no que diz respeito ao preju\u00edzo sofrido pelos apicultores com a mortandade das abelhas promovida pelas pulveriza\u00e7\u00f5es a\u00e9reas aplicadas nas lavouras, e consequentemente a pr\u00f3pria natureza que esta sendo destru\u00edda pelo homem. No Estado de S\u00e3o Paulo as nossas florestas est\u00e3o sendo ocupadas pelos Canaviais, em outros estados pela Soja e assim por diante. A natureza \u00e9 bela, mas o homem com a sua gan\u00e2ncia continua destruindo tudo.<\/span><\/p>\n<p><span style=\"font-size: large;\">Em S\u00e3o Paulo, temos o Deputado Padre Afonso Lobato, com um projeto de Lei na Assembleia Legislativa proibindo o uso da pulveriza\u00e7\u00e3o \u00e1rea no Estado de S\u00e3o Paulo, por\u00e9m o que percebemos \u00e9 que a for\u00e7a do poder tanto das empresas fabricantes dos produtos qu\u00edmicos, representado no ato pela Sindiveg \u2013 Sindicato Nacional da Ind\u00fastria de Produtos para Defesa Vegetal, assim como o Sindicato das Empresas a\u00e9reas tem feito de tudo para evitar a proibi\u00e7\u00e3o. O que \u00e9 lament\u00e1vel que os sindicatos sempre joguem (pelo menos nas reuni\u00f5es que temos participado) a culpa em cima do fazendeiro. Ele \u00e9 o culpado (Sindicato). O que observamos \u00e9 que em outros pa\u00edses existe tamb\u00e9m o problema e cada um procura resolver com os interesses que cada pais t\u00eam com rela\u00e7\u00e3o \u00e0 popula\u00e7\u00e3o, que evidentemente \u00e9 a maior prejudicada, al\u00e9m da fauna e a flora. Na Europa, por exemplo, t\u00eam pais que est\u00e1 totalmente proibido o uso de determinados tipo de produtos qu\u00edmicos o que infelizmente no Brasil \u00e9 totalmente liberado.<\/span><\/p>\n<p><span style=\"font-size: large;\">Isso sem duvida nenhuma \u00e9 uma situa\u00e7\u00e3o bastante preocupante, primeiro por causa da forma indevida da aplica\u00e7\u00e3o, e segundo pela quantidade absurda de produtos aplicados ao mesmo tempo, culpa do elemento respons\u00e1vel da fazenda que elabora as receitas dos produtos a serem aplicados.<\/span><\/p>\n<p><span style=\"font-size: large;\">Com rela\u00e7\u00e3o \u00e0 forma indevida da aplica\u00e7\u00e3o, lamentavelmente o que temos observado \u00e9 que essa aplica\u00e7\u00e3o \u00e9 feita a uma determinada altura, e de acordo com a velocidade do vento faz com que, certa quantidade do produto se espalha atingindo regi\u00f5es fora da \u00e1rea delimitada para receber a pulveriza\u00e7\u00e3o do produto aplicado. Isso evidentemente afeta toda a flora e fauna que esta no entorno da \u00e1rea plantada al\u00e9m de pessoas que moram na vizinhan\u00e7a. Esse problema esta afetando e prejudicando muito o meio ambiente da regi\u00e3o, al\u00e9m da informa\u00e7\u00e3o que temos que muitas pessoas que est\u00e3o no entorno, est\u00e3o sendo vitimas da doen\u00e7a de C\u00e2ncer, que evidentemente pode ser provocado por essa pulveriza\u00e7\u00e3o.<\/span><\/p>\n<p><span style=\"font-size: large;\">Al\u00e9m de todos esses problemas, quem tem sofrido muito com a mortandade das abelhas, trazendo um preju\u00edzo grande \u00e9, lamentavelmente, o pr\u00f3prio apicultor, pois al\u00e9m de perder as abelhas e muitas vezes as pr\u00f3prias colmeias por terem sido contaminadas pelo agrot\u00f3xico, ele fica na duvida de abrir um processo na justi\u00e7a por perdas e danos que sem duvida o impediria de instalar no ano seguinte o seu api\u00e1rio nas proximidades.<\/span><\/p>\n<p><span style=\"font-size: large;\">Infelizmente as Entidades Ap\u00edcolas, Associa\u00e7\u00f5es, Federa\u00e7\u00f5es e a pr\u00f3pria Confedera\u00e7\u00e3o Brasileira de Apicultura, est\u00e3o estagnadas com rela\u00e7\u00e3o a essa situa\u00e7\u00e3o. Pelo menos n\u00e3o temos tido dessas entidades informa\u00e7\u00f5es de reuni\u00f5es de grupos de apicultores para discutir o assunto (exce\u00e7\u00e3o a APACAME que tem participado das reuni\u00f5es na Assembleia Legislativa, e publicado na revista Mensagem Doce informa\u00e7\u00f5es a respeito do assunto).<\/span><\/p>\n<p><span style=\"font-size: large;\">Lamentamos muito essa situa\u00e7\u00e3o, porque al\u00e9m do preju\u00edzo financeiro dado ao apicultor, essa mortandade como dissemos, n\u00e3o elimina s\u00f3 as abelhas da linhagem Apis, mas tamb\u00e9m as Mel\u00edponas (abelhas sem ferr\u00e3o) que no Brasil existem mais de 300 esp\u00e9cies nativas al\u00e9m, de outras esp\u00e9cies de abelhas solit\u00e1rias, e outros insetos como borboletas, p\u00e1ssaros e outros insetos ou mesmo animais.<\/span><\/p>\n<p><span style=\"font-size: large;\">Outro grande problema que esta ocorrendo, \u00e9 a baixa venda de mel exportado, parece que houve um recuo de pre\u00e7o do mel violentamente para o apicultor. O mel que estava sendo comercializado na faixa de R$. 12,00 o kg em 2017, tivemos a ultima informa\u00e7\u00e3o no come\u00e7o de janeiro de 2018 estava cotado a R$. 9,00 o kg, portanto uma queda bastante acentuada para o apicultor que al\u00e9m do preju\u00edzo pela mortandade das abelhas, agora tem mais o que pensar em fun\u00e7\u00e3o da queda do faturamento.<\/span><\/p>\n<p><span style=\"font-size: large;\">Este ano teremos a realiza\u00e7\u00e3o do XXII Congresso Brasileiro de Apicultura e VIII Congresso Brasileiro de Meliponicultura que ser\u00e1 realizado na cidade de Joinvile, Estado de Santa Catarina nos dias 16 a 19 de maio de 2018. \u00c9 o quarto Congresso Brasileiro que o Estado de Santa Catarina realiza e tivemos a felicidade de participar dos tr\u00eas anteriores, espero poder participar do pr\u00f3ximo.<\/span><\/p>\n<p><span style=\"font-size: large;\">\u00c9 tamb\u00e9m importante que nesse Congresso possamos mostrar melhores condi\u00e7\u00f5es na apicultura, encontrando meios para aumentar a nossa produtividade, galgando postos mais atraentes no cen\u00e1rio internacional.<\/span><\/p>\n<p><span style=\"font-size: large;\">O estado de Santa Catarina, hoje \u00e9 o maior produtor de mel do Brasil, esperamos que possamos tomar conhecimento dos processos que s\u00e3o usados para se aproximar tamb\u00e9m desse objetivo.<\/span><\/p>\n<p><span style=\"font-size: large;\">O Brasil tem uma \u00e1rea territorial muito grande e sem duvida tem condi\u00e7\u00f5es de alcan\u00e7ar maiores objetivos com rela\u00e7\u00e3o \u00e0 produ\u00e7\u00e3o de produtos ap\u00edcolas. <\/span><\/p>\n<p><span style=\"font-size: large;\">Precisamos ter uma consci\u00eancia mais profissional no trabalho com as abelhas e com isso melhorar a nossa produtividade, ganhar mercado no \u00e2mbito internacional e porque tamb\u00e9m n\u00e3o fazer uma campanha a n\u00edvel Brasil para aumentar o nosso consumo interno dos produtos ap\u00edcolas.<\/span><\/p>\n<p><span style=\"font-size: large;\">A esperan\u00e7a \u00e9 a ultima que morre Feliz 2018.<\/span><\/p>\n","protected":false},"excerpt":{"rendered":"<p>Como ser\u00e1 2018 na Apicultura Radam\u00e9s Zovaro \u2013 Empres\u00e1rio Ap\u00edcola e Diretor T\u00e9cnico da APACAME Em 2017 a n\u00edvel mundial tivemos o 45\u00aa Congresso Mundial de Apicultura, promovido pela APIMONDIA, [&hellip;]<\/p>\n","protected":false},"author":1,"featured_media":0,"parent":2305,"menu_order":0,"comment_status":"open","ping_status":"open","template":"","meta":{"pmpro_default_level":"","_price":"","_stock":"","_tribe_ticket_header":"","_tribe_default_ticket_provider":"","_tribe_ticket_capacity":"0","_ticket_start_date":"","_ticket_end_date":"","_tribe_ticket_show_description":"","_tribe_ticket_show_not_going":false,"_tribe_ticket_use_global_stock":"","_tribe_ticket_global_stock_level":"","_global_stock_mode":"","_global_stock_cap":"","_tribe_rsvp_for_event":"","_tribe_ticket_going_count":"","_tribe_ticket_not_going_count":"","_tribe_tickets_list":"[]","_tribe_ticket_has_attendee_info_fields":false,"cybocfi_hide_featured_image":"","footnotes":""},"class_list":["post-2319","page","type-page","status-publish","hentry","pmpro-has-access"],"_links":{"self":[{"href":"https:\/\/apacame.org.br\/site\/wp-json\/wp\/v2\/pages\/2319"}],"collection":[{"href":"https:\/\/apacame.org.br\/site\/wp-json\/wp\/v2\/pages"}],"about":[{"href":"https:\/\/apacame.org.br\/site\/wp-json\/wp\/v2\/types\/page"}],"author":[{"embeddable":true,"href":"https:\/\/apacame.org.br\/site\/wp-json\/wp\/v2\/users\/1"}],"replies":[{"embeddable":true,"href":"https:\/\/apacame.org.br\/site\/wp-json\/wp\/v2\/comments?post=2319"}],"version-history":[{"count":2,"href":"https:\/\/apacame.org.br\/site\/wp-json\/wp\/v2\/pages\/2319\/revisions"}],"predecessor-version":[{"id":2322,"href":"https:\/\/apacame.org.br\/site\/wp-json\/wp\/v2\/pages\/2319\/revisions\/2322"}],"up":[{"embeddable":true,"href":"https:\/\/apacame.org.br\/site\/wp-json\/wp\/v2\/pages\/2305"}],"wp:attachment":[{"href":"https:\/\/apacame.org.br\/site\/wp-json\/wp\/v2\/media?parent=2319"}],"curies":[{"name":"wp","href":"https:\/\/api.w.org\/{rel}","templated":true}]}}