{"id":2308,"date":"2018-04-03T20:55:39","date_gmt":"2018-04-03T20:55:39","guid":{"rendered":"http:\/\/apacame.org.br\/site\/?page_id=2308"},"modified":"2018-04-03T20:55:39","modified_gmt":"2018-04-03T20:55:39","slug":"editorial","status":"publish","type":"page","link":"https:\/\/apacame.org.br\/site\/revista\/mensagem-doce-n-145-marco-de-2018\/editorial\/","title":{"rendered":"Editorial"},"content":{"rendered":"<h1 style=\"text-align: center;\">O MEL ARGENTINO CHEGOU????<\/h1>\n<p><span style=\"font-size: large;\">Todos os apicultores da velha guarda se recordam que h\u00e1 alguns anos atr\u00e1s o mercado foi inundado pelo mel argentino que vinha numa embalagem diferenciada e com tampa corta-mel e o que assustava era o pre\u00e7o muito baixo em rela\u00e7\u00e3o ao pre\u00e7o que era praticado no com\u00e9rcio brasileiro.<\/span><\/p>\n<p><span style=\"font-size: large;\">Verificando a qualidade do referido mel pudemos constatar que se tratava de um mel ins\u00edpido, ou seja, sem sabor, sem atrativo, sem esp\u00edrito, sem interesse, muito aqu\u00e9m da qualidade do mel brasileiro.<\/span><\/p>\n<p><span style=\"font-size: large;\">Permaneceu nas g\u00f4ndolas dos Supermercados e desapareceu.<\/span><\/p>\n<p><span style=\"font-size: large;\">Posteriormente o mel argentino foi impedido de entrar no mercado brasileiro devido a uma barreira sanit\u00e1ria imposta pelo MAPA, devido a contamina\u00e7\u00e3o com antibi\u00f3ticos.<\/span><\/p>\n<p><span style=\"font-size: large;\">\u00c8 de conhecimento geral que a Apicultura Argentina est\u00e1 contaminada com a \u201cLOQUE\u201d, a qual \u00e9 imposs\u00edvel de ser erradicada obrigando os apicultores argentinos a tratar suas colmeias com antibi\u00f3ticos.<\/span><\/p>\n<p><span style=\"font-size: large;\">De outro lado todos sabiam que a Argentina n\u00e3o estava proibida de exportar mel para o Brasil s\u00f3 n\u00e3o o fazia devido a barreira sanit\u00e1ria existente.<\/span><\/p>\n<p><span style=\"font-size: large;\">Agora, pasmem os senhores, a Argentina que continua com a \u201cLOQUE\u201d, informa que atendeu a todas as exig\u00eancias sanit\u00e1rias e est\u00e1 apta a exportar o seu mel para o Brasil.<\/span><\/p>\n<p><span style=\"font-size: large;\">Diferentemente ao que ocorre no Brasil, na Argentina, existe uma Pol\u00edtica Ap\u00edcola e o governo argentino est\u00e1 se mobilizando. Prova disto \u00e9 o \u201cConvite Rodada de Negocios Sector Apicola em Argentina\u201d que o Consulado da Rep\u00fablica Argentina em Curitiba \u2013 PR enviou aos Entrepostos, Empresas e Entidades Ap\u00edcolas, convidando, aos que preencherem um question\u00e1rio, anexo ao convite, que demonstram potencial de neg\u00f3cio dos interessados, para uma \u201cRONDA DO SETOR APICOLA\u201d que acontecer\u00e1 nos dias 16, 17 e 18 de mar\u00e7o de 2018, na cidade de Maci\u00e1 \u2013 Entre Rios \u2013 Republica Argentina.<\/span><\/p>\n<p><span style=\"font-size: large;\">Os Entrepostos e Empresas selecionados ter\u00e3o: Passagem a\u00e9rea ida e volta; assist\u00eancia ao viajante; alojamento; alimenta\u00e7\u00e3o e traslados internos. Maravilha!!! Tudo pago pelo governo Argentino e mais, segundo informa\u00e7\u00f5es que nos chegaram, ao pre\u00e7o de R$ 6,00 (Seis reais) o KG do mel.<\/span><\/p>\n<p><span style=\"font-size: large;\">Agora, temos dois problemas: O mel argentino que fatalmente trar\u00e1 a \u201cLOQUE\u201d para o Brasil<br \/>\ne o pre\u00e7o vil praticado para derrubar o mercado e a apicultura brasileira.<\/span><\/p>\n<p><span style=\"font-size: large;\">Agora \u00e9 a hora de saber as Empresas Brasileiras que aderiram \u00e0 esta Rodada de Neg\u00f3cios. Como j\u00e1 existe comunicado de Entreposto nos Grupos de apicultura de que, de agora em diante ir\u00e3o pagar de R$ 7,00 a R$ 9,00 o KG para o mel brasileiro j\u00e1 estamos sentindo o reflexo do mel argentino.<\/span><\/p>\n<p><span style=\"font-size: large;\">Se a vinda deste mel se concretizar vai obrigar o apicultor brasileiro a rever suas t\u00e9cnicas de produ\u00e7\u00e3o para se tornar competitivo, sob pena de ser engolido pelo mel argentino.<\/span><\/p>\n<p><span style=\"font-size: large;\">A \u00fanica esperan\u00e7a \u00e9 que eles mandem aquele mel ins\u00edpido novamente.<\/span><\/p>\n<p><span style=\"font-size: large;\">Afinal, o mel argentino chegou?????<\/span><\/p>\n<p><span style=\"font-size: large;\"><i><b>Constantino Zara Filho \u2013 Presidente Executivo<\/b><\/i><\/span><\/p>\n","protected":false},"excerpt":{"rendered":"<p>O MEL ARGENTINO CHEGOU???? Todos os apicultores da velha guarda se recordam que h\u00e1 alguns anos atr\u00e1s o mercado foi inundado pelo mel argentino que vinha numa embalagem diferenciada e [&hellip;]<\/p>\n","protected":false},"author":1,"featured_media":0,"parent":2305,"menu_order":0,"comment_status":"open","ping_status":"open","template":"","meta":{"pmpro_default_level":"","_price":"","_stock":"","_tribe_ticket_header":"","_tribe_default_ticket_provider":"","_tribe_ticket_capacity":"0","_ticket_start_date":"","_ticket_end_date":"","_tribe_ticket_show_description":"","_tribe_ticket_show_not_going":false,"_tribe_ticket_use_global_stock":"","_tribe_ticket_global_stock_level":"","_global_stock_mode":"","_global_stock_cap":"","_tribe_rsvp_for_event":"","_tribe_ticket_going_count":"","_tribe_ticket_not_going_count":"","_tribe_tickets_list":"[]","_tribe_ticket_has_attendee_info_fields":false,"cybocfi_hide_featured_image":"","footnotes":""},"class_list":["post-2308","page","type-page","status-publish","hentry","pmpro-has-access"],"_links":{"self":[{"href":"https:\/\/apacame.org.br\/site\/wp-json\/wp\/v2\/pages\/2308"}],"collection":[{"href":"https:\/\/apacame.org.br\/site\/wp-json\/wp\/v2\/pages"}],"about":[{"href":"https:\/\/apacame.org.br\/site\/wp-json\/wp\/v2\/types\/page"}],"author":[{"embeddable":true,"href":"https:\/\/apacame.org.br\/site\/wp-json\/wp\/v2\/users\/1"}],"replies":[{"embeddable":true,"href":"https:\/\/apacame.org.br\/site\/wp-json\/wp\/v2\/comments?post=2308"}],"version-history":[{"count":1,"href":"https:\/\/apacame.org.br\/site\/wp-json\/wp\/v2\/pages\/2308\/revisions"}],"predecessor-version":[{"id":2309,"href":"https:\/\/apacame.org.br\/site\/wp-json\/wp\/v2\/pages\/2308\/revisions\/2309"}],"up":[{"embeddable":true,"href":"https:\/\/apacame.org.br\/site\/wp-json\/wp\/v2\/pages\/2305"}],"wp:attachment":[{"href":"https:\/\/apacame.org.br\/site\/wp-json\/wp\/v2\/media?parent=2308"}],"curies":[{"name":"wp","href":"https:\/\/api.w.org\/{rel}","templated":true}]}}