{"id":2261,"date":"2017-12-18T20:09:51","date_gmt":"2017-12-18T20:09:51","guid":{"rendered":"http:\/\/apacame.org.br\/site\/?page_id=2261"},"modified":"2017-12-18T20:09:51","modified_gmt":"2017-12-18T20:09:51","slug":"premios","status":"publish","type":"page","link":"https:\/\/apacame.org.br\/site\/revista\/mensagem-doce-n-144-novembro-de-2017\/premios\/","title":{"rendered":"Pr\u00eamios"},"content":{"rendered":"<h1 style=\"text-align: center;\">Cidade das Abelhas recebe o Pr\u00eamio Von Martius de Sustentabilidade<\/h1>\n<p><span style=\"font-size: large;\">A Cidade das Abelhas foi premiada com a segunda coloca\u00e7\u00e3o do Pr\u00eamio Von Martius, conferido anualmente pela C\u00e2mara Brasil Alemanha de Com\u00e9rcio e Ind\u00fastria. Trata-se do mais abrangente e tradicional pr\u00eamio em mat\u00e9ria de sustentabilidade no Brasil. <\/span><\/p>\n<p><span style=\"font-size: large;\"><a href=\"https:\/\/apacame.org.br\/site\/wp-content\/uploads\/2017\/12\/Quadro-cidade-das-abelhas.jpg\"><img fetchpriority=\"high\" decoding=\"async\" class=\"alignleft size-medium wp-image-2262\" src=\"https:\/\/apacame.org.br\/site\/wp-content\/uploads\/2017\/12\/Quadro-cidade-das-abelhas-300x250.jpg\" alt=\"Quadro cidade das abelhas\" width=\"300\" height=\"250\" srcset=\"https:\/\/apacame.org.br\/site\/wp-content\/uploads\/2017\/12\/Quadro-cidade-das-abelhas-300x250.jpg 300w, https:\/\/apacame.org.br\/site\/wp-content\/uploads\/2017\/12\/Quadro-cidade-das-abelhas-1024x855.jpg 1024w, https:\/\/apacame.org.br\/site\/wp-content\/uploads\/2017\/12\/Quadro-cidade-das-abelhas-150x125.jpg 150w, https:\/\/apacame.org.br\/site\/wp-content\/uploads\/2017\/12\/Quadro-cidade-das-abelhas-500x417.jpg 500w, https:\/\/apacame.org.br\/site\/wp-content\/uploads\/2017\/12\/Quadro-cidade-das-abelhas.jpg 1239w\" sizes=\"(max-width: 300px) 100vw, 300px\" \/><\/a>Em 18 anos de exist\u00eancia, o pr\u00eamio j\u00e1 recebeu mais duas mil inscri\u00e7\u00f5es de projetos de empresas, organiza\u00e7\u00f5es da sociedade civil e governos. O j\u00fari que avalia os projetos inscritos \u00e9 formado por renomados profissionais da \u00e1rea de sustentabilidade. <\/span><\/p>\n<p><span style=\"font-size: large;\">No ano de 2017, ao todo, foram inscritos 98 projetos nas tr\u00eas categorias do Pr\u00eamio: Humanidade, Natureza e Tecnologia. <\/span><\/p>\n<p><span style=\"font-size: large;\">A Cidade das Abelhas foi reconhecida em segundo lugar entre as iniciativas da \u00e1rea de Humanidade &#8211; que compreende as iniciativas que priorizam o desenvolvimento do ser humano, tais como programas e projetos de educa\u00e7\u00e3o ambiental e social; projetos de comunica\u00e7\u00e3o, divulga\u00e7\u00e3o e informa\u00e7\u00e3o de car\u00e1ter socioambiental ou cultural; projetos visando a ado\u00e7\u00e3o de valores sociais, culturais ou ambientais no \u00e2mbito do indiv\u00edduo ou da comunidade. <\/span><\/p>\n<p><span style=\"font-size: large;\">O Pr\u00eamio homenageia simbolicamente o em\u00e9rito pesquisador alem\u00e3o Carl Friedrich Phillipp von Martius, cujo trabalho contribuiu grandiosamente para o conhecimento e a valoriza\u00e7\u00e3o do ambiente natural e cultural de nosso pa\u00eds. Saiba mais em: <a href=\"http:\/\/www.premiovonmartius.com.br\/\" target=\"_blank\" rel=\"noopener\">http:\/\/www.premiovonmartius.com.br\/<\/a> ou pela p\u00e1gina da C\u00e2mara Brasil Alemanha de Com\u00e9rcio e Ind\u00fastria no Facebook.<\/span><\/p>\n","protected":false},"excerpt":{"rendered":"<p>Cidade das Abelhas recebe o Pr\u00eamio Von Martius de Sustentabilidade A Cidade das Abelhas foi premiada com a segunda coloca\u00e7\u00e3o do Pr\u00eamio Von Martius, conferido anualmente pela C\u00e2mara Brasil Alemanha [&hellip;]<\/p>\n","protected":false},"author":1,"featured_media":0,"parent":2188,"menu_order":0,"comment_status":"open","ping_status":"open","template":"","meta":{"pmpro_default_level":"","_price":"","_stock":"","_tribe_ticket_header":"","_tribe_default_ticket_provider":"","_tribe_ticket_capacity":"0","_ticket_start_date":"","_ticket_end_date":"","_tribe_ticket_show_description":"","_tribe_ticket_show_not_going":false,"_tribe_ticket_use_global_stock":"","_tribe_ticket_global_stock_level":"","_global_stock_mode":"","_global_stock_cap":"","_tribe_rsvp_for_event":"","_tribe_ticket_going_count":"","_tribe_ticket_not_going_count":"","_tribe_tickets_list":"[]","_tribe_ticket_has_attendee_info_fields":false,"cybocfi_hide_featured_image":"","footnotes":""},"class_list":["post-2261","page","type-page","status-publish","hentry","pmpro-has-access"],"_links":{"self":[{"href":"https:\/\/apacame.org.br\/site\/wp-json\/wp\/v2\/pages\/2261"}],"collection":[{"href":"https:\/\/apacame.org.br\/site\/wp-json\/wp\/v2\/pages"}],"about":[{"href":"https:\/\/apacame.org.br\/site\/wp-json\/wp\/v2\/types\/page"}],"author":[{"embeddable":true,"href":"https:\/\/apacame.org.br\/site\/wp-json\/wp\/v2\/users\/1"}],"replies":[{"embeddable":true,"href":"https:\/\/apacame.org.br\/site\/wp-json\/wp\/v2\/comments?post=2261"}],"version-history":[{"count":2,"href":"https:\/\/apacame.org.br\/site\/wp-json\/wp\/v2\/pages\/2261\/revisions"}],"predecessor-version":[{"id":2264,"href":"https:\/\/apacame.org.br\/site\/wp-json\/wp\/v2\/pages\/2261\/revisions\/2264"}],"up":[{"embeddable":true,"href":"https:\/\/apacame.org.br\/site\/wp-json\/wp\/v2\/pages\/2188"}],"wp:attachment":[{"href":"https:\/\/apacame.org.br\/site\/wp-json\/wp\/v2\/media?parent=2261"}],"curies":[{"name":"wp","href":"https:\/\/api.w.org\/{rel}","templated":true}]}}

Prêmios

<h1 style="text-align: center;">Cidade das Abelhas recebe o Prêmio Von Martius de Sustentabilidade</h1>
<p><span style="font-size: large;">A Cidade das Abelhas foi premiada com a segunda colocação do Prêmio Von Martius, conferido anualmente pela Câmara Brasil Alemanha de Comércio e Indústria. Trata-se do mais abrangente e tradicional prêmio em matéria de sustentabilidade no Brasil. </span></p>
<p><span style="font-size: large;"><a href="https://apacame.org.br/site/wp-content/uploads/2017/12/Quadro-cidade-das-abelhas.jpg"><img fetchpriority="high" decoding="async" class="alignleft size-medium wp-image-2262" src="https://apacame.org.br/site/wp-content/uploads/2017/12/Quadro-cidade-das-abelhas-300x250.jpg" alt="Quadro cidade das abelhas" width="300" height="250" srcset="https://apacame.org.br/site/wp-content/uploads/2017/12/Quadro-cidade-das-abelhas-300x250.jpg 300w, https://apacame.org.br/site/wp-content/uploads/2017/12/Quadro-cidade-das-abelhas-1024x855.jpg 1024w, https://apacame.org.br/site/wp-content/uploads/2017/12/Quadro-cidade-das-abelhas-150x125.jpg 150w, https://apacame.org.br/site/wp-content/uploads/2017/12/Quadro-cidade-das-abelhas-500x417.jpg 500w, https://apacame.org.br/site/wp-content/uploads/2017/12/Quadro-cidade-das-abelhas.jpg 1239w" sizes="(max-width: 300px) 100vw, 300px" /></a>Em 18 anos de existência, o prêmio já recebeu mais duas mil inscrições de projetos de empresas, organizações da sociedade civil e governos. O júri que avalia os projetos inscritos é formado por renomados profissionais da área de sustentabilidade. </span></p>
<p><span style="font-size: large;">No ano de 2017, ao todo, foram inscritos 98 projetos nas três categorias do Prêmio: Humanidade, Natureza e Tecnologia. </span></p>
<p><span style="font-size: large;">A Cidade das Abelhas foi reconhecida em segundo lugar entre as iniciativas da área de Humanidade &#8211; que compreende as iniciativas que priorizam o desenvolvimento do ser humano, tais como programas e projetos de educação ambiental e social; projetos de comunicação, divulgação e informação de caráter socioambiental ou cultural; projetos visando a adoção de valores sociais, culturais ou ambientais no âmbito do indivíduo ou da comunidade. </span></p>
<p><span style="font-size: large;">O Prêmio homenageia simbolicamente o emérito pesquisador alemão Carl Friedrich Phillipp von Martius, cujo trabalho contribuiu grandiosamente para o conhecimento e a valorização do ambiente natural e cultural de nosso país. Saiba mais em: <a href="http://www.premiovonmartius.com.br/" target="_blank" rel="noopener">http://www.premiovonmartius.com.br/</a> ou pela página da Câmara Brasil Alemanha de Comércio e Indústria no Facebook.</span></p>

<p>Cidade das Abelhas recebe o Prêmio Von Martius de Sustentabilidade A Cidade das Abelhas foi premiada com a segunda colocação do Prêmio Von Martius, conferido anualmente pela Câmara Brasil Alemanha [&hellip;]</p>
