{"id":2245,"date":"2017-12-18T19:51:03","date_gmt":"2017-12-18T19:51:03","guid":{"rendered":"http:\/\/apacame.org.br\/site\/?page_id=2245"},"modified":"2017-12-18T19:51:03","modified_gmt":"2017-12-18T19:51:03","slug":"apimondia-6","status":"publish","type":"page","link":"https:\/\/apacame.org.br\/site\/revista\/mensagem-doce-n-144-novembro-de-2017\/apimondia-6\/","title":{"rendered":"APIMONDIA"},"content":{"rendered":"<h1 style=\"text-align: center;\">Deu Prodapys de novo, deu Brasil novamente, o melhor mel do mundo \u00e9 nosso!<\/h1>\n<p><span style=\"font-size: large;\">A empresa que \u00e9 orgulho brasileiro conquista pela quarta vez medalhas como o Melhor Mel do Mundo para o Brasil.<\/span><\/p>\n<figure id=\"attachment_2246\" aria-describedby=\"caption-attachment-2246\" style=\"width: 225px\" class=\"wp-caption alignright\"><a href=\"https:\/\/apacame.org.br\/site\/wp-content\/uploads\/2017\/12\/ApexBrasil_fig09.jpg\"><img fetchpriority=\"high\" decoding=\"async\" class=\"size-medium wp-image-2246\" src=\"https:\/\/apacame.org.br\/site\/wp-content\/uploads\/2017\/12\/ApexBrasil_fig09-225x300.jpg\" alt=\"C\u00e9lio Herc\u00edlio Marcos da Silva, Presidente da Prodapys. e Tarciano Santos da Silva, Diretor de Exporta\u00e7\u00e3o da Prodapys logo ap\u00f3s receberem as medalhas referente aos Concursos.\" width=\"225\" height=\"300\" srcset=\"https:\/\/apacame.org.br\/site\/wp-content\/uploads\/2017\/12\/ApexBrasil_fig09-225x300.jpg 225w, https:\/\/apacame.org.br\/site\/wp-content\/uploads\/2017\/12\/ApexBrasil_fig09-150x200.jpg 150w, https:\/\/apacame.org.br\/site\/wp-content\/uploads\/2017\/12\/ApexBrasil_fig09-375x500.jpg 375w, https:\/\/apacame.org.br\/site\/wp-content\/uploads\/2017\/12\/ApexBrasil_fig09.jpg 748w\" sizes=\"(max-width: 225px) 100vw, 225px\" \/><\/a><figcaption id=\"caption-attachment-2246\" class=\"wp-caption-text\">C\u00e9lio Herc\u00edlio Marcos da Silva, Presidente da Prodapys. e Tarciano Santos da Silva, Diretor de<br \/>Exporta\u00e7\u00e3o da Prodapys logo ap\u00f3s receberem as medalhas referente aos Concursos.<\/figcaption><\/figure>\n<p><span style=\"font-size: large;\">Desta vez as medalhas vieram de Istambul, na Turquia, onde foi realizado o 45\u00ba Congresso da APIMONDIA \u2013 Associa\u00e7\u00e3o Internacional das Federa\u00e7\u00f5es de Apicultores, entre os dias 29 de setembro a 4 de outubro.<\/span><\/p>\n<p><span style=\"font-size: large;\">A Prodapys j\u00e1 tinha participado de 3 edi\u00e7\u00f5es anteriores do evento, em 2007 na Austr\u00e1lia, 2013 na Ucr\u00e2nia e 2015 na Coreia do Sul, onde teve seus m\u00e9is premiados em todas as edi\u00e7\u00f5es. <\/span><\/p>\n<p><span style=\"font-size: large;\">Da Turquia a Prodapys desembarca com 5 medalhas que premiaram m\u00e9is e cera de abelha. O evento deste ano reuniu mais de 13.000 participantes de diversos pa\u00edses e teve quase 1.000 participantes na competi\u00e7\u00e3o.<\/span><\/p>\n<p><span style=\"font-size: large;\">O Mel Escuro recebeu Medalhas de Ouro e Prata, o Mel Claro, de sabor suave recebeu Medalha de Ouro. Foram as estrelas desta edi\u00e7\u00e3o, trazendo 2 Medalhas de Ouro e 1 Medalha de Prata. Outra variedade de Mel \u00e2mbar claro e a Cera de Abelha Prodapys tamb\u00e9m foram premiados com 2 Medalhas de Bronze.<\/span><\/p>\n<p><span style=\"font-size: large;\">Problemas no transporte internacional tiraram da competi\u00e7\u00e3o outras amostras de mel da Prodapys que eram fortes concorrentes e certamente trariam mais medalhas para o Brasil.<\/span><\/p>\n<p><span style=\"font-size: large;\">\u201cEste \u00e9 o resultado do nosso trabalho de valoriza\u00e7\u00e3o da apicultura e dos apicultores. Todos os anos n\u00f3s realizamos eventos para incentivar a melhoria da apicultura e da qualidade de vida dos apicultores. O nosso trabalho vai desde pesquisas para o melhoramento da qualidade e produtividade do mel brasileiro, da preserva\u00e7\u00e3o do meio-ambiente para a sobreviv\u00eancia das abelhas, da amplia\u00e7\u00e3o de oportunidades para as fam\u00edlias apicultoras. Estas medalhas s\u00e3o um orgulho para n\u00f3s e fruto de muito trabalho.\u201d, falou C\u00e9lio Herc\u00edlio Marcos da Silva, Presidente da Prodapys.<\/span><\/p>\n<p><span style=\"font-size: large;\">\u201cSomos o maior exportador de mel do Brasil desde 2008, estamos inaugurando a constru\u00e7\u00e3o da maior empresa processadora de mel da am\u00e9rica latina, temos feito parcerias com as fam\u00edlias apicultoras em todas as regi\u00f5es do pa\u00eds. \u00c9 necess\u00e1rio muito trabalho para fazer tudo isso com qualidade, e n\u00f3s conseguimos mais uma vez. O Brasil tem o Melhor Mel do Mundo por conta dos nossos parceiros apicultores, daqueles que produzem mel org\u00e2nico, preservam o meio ambiente para garantir a vida das abelhas e dos funcion\u00e1rios da Prodapys. Este pr\u00eamio \u00e9 de todos n\u00f3s, pois todos contribuem fazendo a sua parte com muita qualidade. Parab\u00e9ns para todos n\u00f3s!\u201d, falou Tarciano Santos da Silva, Diretor de Exporta\u00e7\u00e3o da Prodapys<\/span><\/p>\n","protected":false},"excerpt":{"rendered":"<p>Deu Prodapys de novo, deu Brasil novamente, o melhor mel do mundo \u00e9 nosso! A empresa que \u00e9 orgulho brasileiro conquista pela quarta vez medalhas como o Melhor Mel do [&hellip;]<\/p>\n","protected":false},"author":1,"featured_media":0,"parent":2188,"menu_order":0,"comment_status":"open","ping_status":"open","template":"","meta":{"pmpro_default_level":"","_price":"","_stock":"","_tribe_ticket_header":"","_tribe_default_ticket_provider":"","_tribe_ticket_capacity":"0","_ticket_start_date":"","_ticket_end_date":"","_tribe_ticket_show_description":"","_tribe_ticket_show_not_going":false,"_tribe_ticket_use_global_stock":"","_tribe_ticket_global_stock_level":"","_global_stock_mode":"","_global_stock_cap":"","_tribe_rsvp_for_event":"","_tribe_ticket_going_count":"","_tribe_ticket_not_going_count":"","_tribe_tickets_list":"[]","_tribe_ticket_has_attendee_info_fields":false,"cybocfi_hide_featured_image":"","footnotes":""},"class_list":["post-2245","page","type-page","status-publish","hentry","pmpro-has-access"],"_links":{"self":[{"href":"https:\/\/apacame.org.br\/site\/wp-json\/wp\/v2\/pages\/2245"}],"collection":[{"href":"https:\/\/apacame.org.br\/site\/wp-json\/wp\/v2\/pages"}],"about":[{"href":"https:\/\/apacame.org.br\/site\/wp-json\/wp\/v2\/types\/page"}],"author":[{"embeddable":true,"href":"https:\/\/apacame.org.br\/site\/wp-json\/wp\/v2\/users\/1"}],"replies":[{"embeddable":true,"href":"https:\/\/apacame.org.br\/site\/wp-json\/wp\/v2\/comments?post=2245"}],"version-history":[{"count":2,"href":"https:\/\/apacame.org.br\/site\/wp-json\/wp\/v2\/pages\/2245\/revisions"}],"predecessor-version":[{"id":2248,"href":"https:\/\/apacame.org.br\/site\/wp-json\/wp\/v2\/pages\/2245\/revisions\/2248"}],"up":[{"embeddable":true,"href":"https:\/\/apacame.org.br\/site\/wp-json\/wp\/v2\/pages\/2188"}],"wp:attachment":[{"href":"https:\/\/apacame.org.br\/site\/wp-json\/wp\/v2\/media?parent=2245"}],"curies":[{"name":"wp","href":"https:\/\/api.w.org\/{rel}","templated":true}]}}

<h1 style="text-align: center;">Deu Prodapys de novo, deu Brasil novamente, o melhor mel do mundo é nosso!</h1>
<p><span style="font-size: large;">A empresa que é orgulho brasileiro conquista pela quarta vez medalhas como o Melhor Mel do Mundo para o Brasil.</span></p>
<figure id="attachment_2246" aria-describedby="caption-attachment-2246" style="width: 225px" class="wp-caption alignright"><a href="https://apacame.org.br/site/wp-content/uploads/2017/12/ApexBrasil_fig09.jpg"><img fetchpriority="high" decoding="async" class="size-medium wp-image-2246" src="https://apacame.org.br/site/wp-content/uploads/2017/12/ApexBrasil_fig09-225x300.jpg" alt="Célio Hercílio Marcos da Silva, Presidente da Prodapys. e Tarciano Santos da Silva, Diretor de Exportação da Prodapys logo após receberem as medalhas referente aos Concursos." width="225" height="300" srcset="https://apacame.org.br/site/wp-content/uploads/2017/12/ApexBrasil_fig09-225x300.jpg 225w, https://apacame.org.br/site/wp-content/uploads/2017/12/ApexBrasil_fig09-150x200.jpg 150w, https://apacame.org.br/site/wp-content/uploads/2017/12/ApexBrasil_fig09-375x500.jpg 375w, https://apacame.org.br/site/wp-content/uploads/2017/12/ApexBrasil_fig09.jpg 748w" sizes="(max-width: 225px) 100vw, 225px" /></a><figcaption id="caption-attachment-2246" class="wp-caption-text">Célio Hercílio Marcos da Silva, Presidente da Prodapys. e Tarciano Santos da Silva, Diretor de<br />Exportação da Prodapys logo após receberem as medalhas referente aos Concursos.</figcaption></figure>
<p><span style="font-size: large;">Desta vez as medalhas vieram de Istambul, na Turquia, onde foi realizado o 45º Congresso da APIMONDIA – Associação Internacional das Federações de Apicultores, entre os dias 29 de setembro a 4 de outubro.</span></p>
<p><span style="font-size: large;">A Prodapys já tinha participado de 3 edições anteriores do evento, em 2007 na Austrália, 2013 na Ucrânia e 2015 na Coreia do Sul, onde teve seus méis premiados em todas as edições. </span></p>
<p><span style="font-size: large;">Da Turquia a Prodapys desembarca com 5 medalhas que premiaram méis e cera de abelha. O evento deste ano reuniu mais de 13.000 participantes de diversos países e teve quase 1.000 participantes na competição.</span></p>
<p><span style="font-size: large;">O Mel Escuro recebeu Medalhas de Ouro e Prata, o Mel Claro, de sabor suave recebeu Medalha de Ouro. Foram as estrelas desta edição, trazendo 2 Medalhas de Ouro e 1 Medalha de Prata. Outra variedade de Mel âmbar claro e a Cera de Abelha Prodapys também foram premiados com 2 Medalhas de Bronze.</span></p>
<p><span style="font-size: large;">Problemas no transporte internacional tiraram da competição outras amostras de mel da Prodapys que eram fortes concorrentes e certamente trariam mais medalhas para o Brasil.</span></p>
<p><span style="font-size: large;">“Este é o resultado do nosso trabalho de valorização da apicultura e dos apicultores. Todos os anos nós realizamos eventos para incentivar a melhoria da apicultura e da qualidade de vida dos apicultores. O nosso trabalho vai desde pesquisas para o melhoramento da qualidade e produtividade do mel brasileiro, da preservação do meio-ambiente para a sobrevivência das abelhas, da ampliação de oportunidades para as famílias apicultoras. Estas medalhas são um orgulho para nós e fruto de muito trabalho.”, falou Célio Hercílio Marcos da Silva, Presidente da Prodapys.</span></p>
<p><span style="font-size: large;">“Somos o maior exportador de mel do Brasil desde 2008, estamos inaugurando a construção da maior empresa processadora de mel da américa latina, temos feito parcerias com as famílias apicultoras em todas as regiões do país. É necessário muito trabalho para fazer tudo isso com qualidade, e nós conseguimos mais uma vez. O Brasil tem o Melhor Mel do Mundo por conta dos nossos parceiros apicultores, daqueles que produzem mel orgânico, preservam o meio ambiente para garantir a vida das abelhas e dos funcionários da Prodapys. Este prêmio é de todos nós, pois todos contribuem fazendo a sua parte com muita qualidade. Parabéns para todos nós!”, falou Tarciano Santos da Silva, Diretor de Exportação da Prodapys</span></p>

<p>Deu Prodapys de novo, deu Brasil novamente, o melhor mel do mundo é nosso! A empresa que é orgulho brasileiro conquista pela quarta vez medalhas como o Melhor Mel do [&hellip;]</p>
