{"id":2240,"date":"2017-12-18T19:40:24","date_gmt":"2017-12-18T19:40:24","guid":{"rendered":"http:\/\/apacame.org.br\/site\/?page_id=2240"},"modified":"2017-12-18T21:02:23","modified_gmt":"2017-12-18T21:02:23","slug":"apimondia-5","status":"publish","type":"page","link":"https:\/\/apacame.org.br\/site\/revista\/mensagem-doce-n-144-novembro-de-2017\/apimondia-5\/","title":{"rendered":"APIMONDIA"},"content":{"rendered":"<h1 style=\"text-align: center;\">Participa\u00e7\u00e3o Apex-Brasil na 45\u00ba APIMONDIA<\/h1>\n<p><span style=\"font-size: large;\">A participa\u00e7\u00e3o brasileira na APIMONDIA 2017 foi marcada por premia\u00e7\u00f5es e deve gerar US$ 10 milh\u00f5es em neg\u00f3cios para o setor ap\u00edcola nacional nos pr\u00f3ximos meses.<a href=\"https:\/\/apacame.org.br\/site\/wp-content\/uploads\/2017\/12\/Participa\u00e7\u00e3o-Apex-quadro.jpg\"><img fetchpriority=\"high\" decoding=\"async\" class=\"alignright wp-image-2241 size-large\" src=\"https:\/\/apacame.org.br\/site\/wp-content\/uploads\/2017\/12\/Participa\u00e7\u00e3o-Apex-quadro-519x1024.jpg\" alt=\"Participa\u00e7\u00e3o Apex quadro\" width=\"519\" height=\"1024\" srcset=\"https:\/\/apacame.org.br\/site\/wp-content\/uploads\/2017\/12\/Participa\u00e7\u00e3o-Apex-quadro-519x1024.jpg 519w, https:\/\/apacame.org.br\/site\/wp-content\/uploads\/2017\/12\/Participa\u00e7\u00e3o-Apex-quadro-152x300.jpg 152w, https:\/\/apacame.org.br\/site\/wp-content\/uploads\/2017\/12\/Participa\u00e7\u00e3o-Apex-quadro-150x296.jpg 150w, https:\/\/apacame.org.br\/site\/wp-content\/uploads\/2017\/12\/Participa\u00e7\u00e3o-Apex-quadro-253x500.jpg 253w, https:\/\/apacame.org.br\/site\/wp-content\/uploads\/2017\/12\/Participa\u00e7\u00e3o-Apex-quadro.jpg 1236w\" sizes=\"(max-width: 519px) 100vw, 519px\" \/><\/a><\/span><\/p>\n<p><span style=\"font-size: large;\">Com apoio da Ag\u00eancia Brasileira de Promo\u00e7\u00e3o de Exporta\u00e7\u00f5es e Investimento (Apex-Brasil) atrav\u00e9s do projeto Brazil Let\u2019s Bee, e em parceira com a Associa\u00e7\u00e3o Brasileira dos Exportadores de Mel (ABEMEL), empresas do setor ap\u00edcola brasileiro participaram da APIMONDIA 2017 \u2013 principal evento da apicultura mundial, realizada em Istambul, na Turquia, entre os dias 29 de setembro a 03 de outubro.<\/span><\/p>\n<p><span style=\"font-size: large;\">Nesta edi\u00e7\u00e3o, as empresas Api\u00e1rio Sol, Apis Flora, Essenciale, Itabrasil Pr\u00f3polis, Melbr\u00e1s e Minamel foram expositores em estande coletivo de 84 m\u00b2 e movimentaram US$ 1,1 milh\u00e3o em neg\u00f3cios, com expectativa de gerar US$ 10 milh\u00f5es para os pr\u00f3ximos 12 meses. O evento deste ano reuniu mais de 13.000 participantes de diversos pa\u00edses.<\/span><\/p>\n<p><span style=\"font-size: large;\">Al\u00e9m de movimentar o setor, a participa\u00e7\u00e3o brasileira foi mais uma vez coroada por premia\u00e7\u00f5es. Foram quase 1.000 participantes na competi\u00e7\u00e3o e a empresa Prodapys conquistou cinco medalhas na categoria m\u00e9is e cera de abelha. O mel de melato \u2013 mel claro e de sabor suave \u2013 levou duas medalhas de ouro e uma medalha de prata, as estrelas dessa edi\u00e7\u00e3o. Outra variedade de mel \u00e2mbar claro e cera de abelha Prodapys tamb\u00e9m foram premiados com 2 medalhas de bronze.<\/span><\/p>\n<p><span style=\"font-size: large;\">\u201cSomos o maior exportador de mel do Brasil desde 2008, estamos inaugurando a constru\u00e7\u00e3o da maior empresa processadora de mel da Am\u00e9rica Latina, temos feito parcerias com as fam\u00edlias apicultoras em todas as regi\u00f5es do pa\u00eds. \u00c9 necess\u00e1rio muito trabalho para fazer tudo isso com qualidade, e n\u00f3s conseguimos mais uma vez. O Brasil tem o Melhor Mel do Mundo por conta dos nossos parceiros apicultores, daqueles que produzem mel org\u00e2nico, preservam o meio ambiente para garantir a vida das abelhas e dos funcion\u00e1rios da Prodapys. Este pr\u00eamio \u00e9 de todos n\u00f3s, pois todos contribuem fazendo a sua parte com muita qualidade. Parab\u00e9ns para todos n\u00f3s! \u201d, falou Tarciano Santos da Silva, Diretor de Exporta\u00e7\u00e3o da Prodapys.<\/span><\/p>\n<p><span style=\"font-size: large;\">O estande da ABEMEL ainda recebeu a visita do C\u00f4nsul-Geral do Brasil em Istambul, Embaixador Paulo Fran\u00e7a. O objetivo da visita foi conhecer o setor ap\u00edcola exportador brasileiro, entender as necessidades das empresas e oferecer apoio da Embaixada Brasileira aos empres\u00e1rios.<\/span><\/p>\n<p><span style=\"font-size: large;\">Saiba mais sobre o projeto Brazil Let\u2019s Bee em <a href=\"http:\/\/www.brazilletsbee.com.br\" target=\"_blank\" rel=\"noopener\">www.brazilletsbee.com.br<\/a>.<\/span><\/p>\n","protected":false},"excerpt":{"rendered":"<p>Participa\u00e7\u00e3o Apex-Brasil na 45\u00ba APIMONDIA A participa\u00e7\u00e3o brasileira na APIMONDIA 2017 foi marcada por premia\u00e7\u00f5es e deve gerar US$ 10 milh\u00f5es em neg\u00f3cios para o setor ap\u00edcola nacional nos pr\u00f3ximos [&hellip;]<\/p>\n","protected":false},"author":1,"featured_media":0,"parent":2188,"menu_order":0,"comment_status":"open","ping_status":"open","template":"","meta":{"pmpro_default_level":"","_price":"","_stock":"","_tribe_ticket_header":"","_tribe_default_ticket_provider":"","_tribe_ticket_capacity":"0","_ticket_start_date":"","_ticket_end_date":"","_tribe_ticket_show_description":"","_tribe_ticket_show_not_going":false,"_tribe_ticket_use_global_stock":"","_tribe_ticket_global_stock_level":"","_global_stock_mode":"","_global_stock_cap":"","_tribe_rsvp_for_event":"","_tribe_ticket_going_count":"","_tribe_ticket_not_going_count":"","_tribe_tickets_list":"[]","_tribe_ticket_has_attendee_info_fields":false,"cybocfi_hide_featured_image":"","footnotes":""},"class_list":["post-2240","page","type-page","status-publish","hentry","pmpro-has-access"],"_links":{"self":[{"href":"https:\/\/apacame.org.br\/site\/wp-json\/wp\/v2\/pages\/2240"}],"collection":[{"href":"https:\/\/apacame.org.br\/site\/wp-json\/wp\/v2\/pages"}],"about":[{"href":"https:\/\/apacame.org.br\/site\/wp-json\/wp\/v2\/types\/page"}],"author":[{"embeddable":true,"href":"https:\/\/apacame.org.br\/site\/wp-json\/wp\/v2\/users\/1"}],"replies":[{"embeddable":true,"href":"https:\/\/apacame.org.br\/site\/wp-json\/wp\/v2\/comments?post=2240"}],"version-history":[{"count":3,"href":"https:\/\/apacame.org.br\/site\/wp-json\/wp\/v2\/pages\/2240\/revisions"}],"predecessor-version":[{"id":2295,"href":"https:\/\/apacame.org.br\/site\/wp-json\/wp\/v2\/pages\/2240\/revisions\/2295"}],"up":[{"embeddable":true,"href":"https:\/\/apacame.org.br\/site\/wp-json\/wp\/v2\/pages\/2188"}],"wp:attachment":[{"href":"https:\/\/apacame.org.br\/site\/wp-json\/wp\/v2\/media?parent=2240"}],"curies":[{"name":"wp","href":"https:\/\/api.w.org\/{rel}","templated":true}]}}